478
CDUS43 KTOP 190634
CLITOP


CLIMATE REPORT
NATIONAL WEATHER SERVICE TOPEKA KS
1232 AM CST SUN NOV 19 2017


...................................

...THE TOPEKA KS CLIMATE SUMMARY FOR NOVEMBER 18 2017...

CLIMATE NORMAL PERIOD 1981 TO 2010
CLIMATE RECORD PERIOD 1887 TO 2017


WEATHER ITEM   OBSERVED TIME   RECORD YEAR NORMAL DEPARTURE LAST
                VALUE   (LST)  VALUE       VALUE  FROM      YEAR
                                                  NORMAL
..................................................................
TEMPERATURE (F)
 YESTERDAY
  MAXIMUM         57    243 AM  79    1976  53      4       68
                                      1908
  MINIMUM         35   1159 PM   7    2014  32      3       31
  AVERAGE         46                        43      3       50

PRECIPITATION (IN)
  YESTERDAY        0.01          0.48 1992   0.05  -0.04     0.00
  MONTH TO DATE    0.10                      1.21  -1.11     0.06
  SINCE SEP 1      4.82                      7.90  -3.08     9.16
  SINCE JAN 1     38.29                     34.47   3.82    42.05

SNOWFALL (IN)
  YESTERDAY      0.0             2.0  1972   0.0    0        0.0
  MONTH TO DATE    T                         0.3   -0.3      0.0
  SINCE JAN 1      3.9                      11.9   -8.0      3.7
  SINCE JUL 1      0.4                       0.6   -0.2       T
  SNOW DEPTH       0

DEGREE DAYS
 HEATING
  YESTERDAY       19                        22     -3       15
  MONTH TO DATE  373                       327     46      178
  SINCE SEP 1    628                       681    -53      334
  SINCE JUL 1    628                       683    -55      334

 COOLING
  YESTERDAY        0                         0      0        0
  MONTH TO DATE    0                         0      0       13
  SINCE SEP 1    283                       192     91      310
  SINCE JAN 1   1473                      1420     53     1711
..................................................................


WIND (MPH)
  HIGHEST WIND SPEED    31   HIGHEST WIND DIRECTION    NW (330)
  HIGHEST GUST SPEED    43   HIGHEST GUST DIRECTION    NW (330)
  AVERAGE WIND SPEED    17.1


SKY COVER
  AVERAGE SKY COVER 0.6


WEATHER CONDITIONS
 THE FOLLOWING WEATHER WAS RECORDED YESTERDAY.
  LIGHT RAIN
  FOG


RELATIVE HUMIDITY (PERCENT)
 HIGHEST   100          1200 AM
 LOWEST     41           400 PM
 AVERAGE    71

..........................................................


THE TOPEKA KS CLIMATE NORMALS FOR TODAY
                         NORMAL    RECORD    YEAR
 MAXIMUM TEMPERATURE (F)   53        79      2007
                                             1942
 MINIMUM TEMPERATURE (F)   31         9      1914


SUNRISE AND SUNSET
NOVEMBER 19 2017......SUNRISE   710 AM CST   SUNSET   505 PM CST
NOVEMBER 20 2017......SUNRISE   711 AM CST   SUNSET   505 PM CST


-  INDICATES NEGATIVE NUMBERS.
R  INDICATES RECORD WAS SET OR TIED.
MM INDICATES DATA IS MISSING.
T  INDICATES TRACE AMOUNT.




$$
