000
CDUS43 KTOP 130653
CLITOP


CLIMATE REPORT
NATIONAL WEATHER SERVICE TOPEKA KS
152 AM CDT WED SEP 13 2017


...................................

...THE TOPEKA KS CLIMATE SUMMARY FOR SEPTEMBER 12 2017...

CLIMATE NORMAL PERIOD 1981 TO 2010
CLIMATE RECORD PERIOD 1887 TO 2017


WEATHER ITEM   OBSERVED TIME   RECORD YEAR NORMAL DEPARTURE LAST
                VALUE   (LST)  VALUE       VALUE  FROM      YEAR
                                                  NORMAL
..................................................................
TEMPERATURE (F)
 YESTERDAY
  MAXIMUM         81    241 PM 103    1956  82     -1       85
  MINIMUM         54    608 AM  41    1959  58     -4       62
  AVERAGE         68                        70     -2       74

PRECIPITATION (IN)
  YESTERDAY        0.00          2.58 1898   0.13  -0.13     0.00
  MONTH TO DATE    T                         1.48  -1.48     1.63
  SINCE SEP 1      T                         1.48  -1.48     1.63
  SINCE JAN 1     33.47                     28.05   5.42    34.52

SNOWFALL (IN)
  YESTERDAY        0.0           T    1930   0.0    0.0      0.0
  MONTH TO DATE    0.0                       0.0    0.0      0.0
  SINCE JAN 1      3.5                      11.3   -7.8      3.7
  SINCE JUL 1      T                         0.0    0.0       T
  SNOW DEPTH       0

DEGREE DAYS
 HEATING
  YESTERDAY        0                         1     -1        0
  MONTH TO DATE    5                         7     -2        0
  SINCE SEP 1      5                         7     -2        0
  SINCE JUL 1      5                         9     -4        0

 COOLING
  YESTERDAY        3                         6     -3        9
  MONTH TO DATE   66                        93    -27      113
  SINCE SEP 1     66                        93    -27      113
  SINCE JAN 1   1256                      1321    -65     1514
..................................................................


WIND (MPH)
  HIGHEST WIND SPEED    15   HIGHEST WIND DIRECTION    NE (30)
  HIGHEST GUST SPEED    20   HIGHEST GUST DIRECTION    NE (30)
  AVERAGE WIND SPEED     3.2


SKY COVER
  AVERAGE SKY COVER 0.0


WEATHER CONDITIONS
 THE FOLLOWING WEATHER WAS RECORDED YESTERDAY.
  FOG
  FOG W/VISIBILITY <= 1/4 MILE


RELATIVE HUMIDITY (PERCENT)
 HIGHEST   100           100 AM
 LOWEST     36           200 PM
 AVERAGE    68

..........................................................


THE TOPEKA KS CLIMATE NORMALS FOR TODAY
                         NORMAL    RECORD    YEAR
 MAXIMUM TEMPERATURE (F)   82       104      1893
 MINIMUM TEMPERATURE (F)   58        34      1890


SUNRISE AND SUNSET
SEPTEMBER 13 2017.....SUNRISE   702 AM CDT   SUNSET   734 PM CDT
SEPTEMBER 14 2017.....SUNRISE   703 AM CDT   SUNSET   732 PM CDT


-  INDICATES NEGATIVE NUMBERS.
R  INDICATES RECORD WAS SET OR TIED.
MM INDICATES DATA IS MISSING.
T  INDICATES TRACE AMOUNT.




$$
