000
CDUS43 KTOP 210633
CLITOP


CLIMATE REPORT
NATIONAL WEATHER SERVICE TOPEKA KS
133 AM CDT WED SEP 21 2016


...................................

...THE TOPEKA KS CLIMATE SUMMARY FOR SEPTEMBER 20 2016...

CLIMATE NORMAL PERIOD 1981 TO 2010
CLIMATE RECORD PERIOD 1887 TO 2016


WEATHER ITEM   OBSERVED TIME   RECORD YEAR NORMAL DEPARTURE LAST
                VALUE   (LST)  VALUE       VALUE  FROM      YEAR
                                                  NORMAL
..................................................................
TEMPERATURE (F)
 YESTERDAY
  MAXIMUM         93    307 PM  98    1980  79     14       77
                                      1944
  MINIMUM         67    512 AM  36    1991  54     13       51
                                      1918
  AVERAGE         80                        66     14       64

PRECIPITATION (IN)
  YESTERDAY        0.00          2.09 1965   0.13  -0.13     0.00
  MONTH TO DATE    5.40                      2.45   2.95     7.29
  SINCE SEP 1      5.40                      2.45   2.95     7.29
  SINCE JAN 1     38.29                     29.02   9.27    40.53

SNOWFALL (IN)
  YESTERDAY        0.0           0.0    MM   0.0    0.0      0.0
  MONTH TO DATE    0.0                       0.0    0.0      0.0
  SINCE JAN 1      3.7                      11.3   -7.6      7.9
  SINCE JUL 1      T                         0.0    0.0      0.0
  SNOW DEPTH       0

DEGREE DAYS
 HEATING
  YESTERDAY        0                         3     -3        1
  MONTH TO DATE    0                        24    -24       11
  SINCE SEP 1      0                        24    -24       11
  SINCE JUL 1      0                        26    -26       11

 COOLING
  YESTERDAY       15                         4     11        0
  MONTH TO DATE  184                       133     51      217
  SINCE SEP 1    184                       133     51      217
  SINCE JAN 1   1585                      1361    224     1435
..................................................................


WIND (MPH)
  HIGHEST WIND SPEED    14   HIGHEST WIND DIRECTION     S (160)
  HIGHEST GUST SPEED    16   HIGHEST GUST DIRECTION     S (160)
  AVERAGE WIND SPEED     4.6


SKY COVER
  AVERAGE SKY COVER 0.0


WEATHER CONDITIONS
 THE FOLLOWING WEATHER WAS RECORDED YESTERDAY.
  FOG


RELATIVE HUMIDITY (PERCENT)
 HIGHEST    97           100 AM
 LOWEST     52           200 PM
 AVERAGE    75

..........................................................


THE TOPEKA KS CLIMATE NORMALS FOR TODAY
                         NORMAL    RECORD    YEAR
 MAXIMUM TEMPERATURE (F)   78        98      1956
 MINIMUM TEMPERATURE (F)   54        36      1999
                                             1995
                                             1982


SUNRISE AND SUNSET
SEPTEMBER 21 2016.....SUNRISE   710 AM CDT   SUNSET   720 PM CDT
SEPTEMBER 22 2016.....SUNRISE   711 AM CDT   SUNSET   719 PM CDT


-  INDICATES NEGATIVE NUMBERS.
R  INDICATES RECORD WAS SET OR TIED.
MM INDICATES DATA IS MISSING.
T  INDICATES TRACE AMOUNT.




$$
