000
CDUS43 KTOP 082235
CLITOP


CLIMATE REPORT
NATIONAL WEATHER SERVICE TOPEKA KS
434 PM CST THU FEB 8 2018


...................................

...THE TOPEKA KS CLIMATE SUMMARY FOR FEBRUARY 8 2018...
VALID TODAY AS OF 430 PM LOCAL TIME.

CLIMATE NORMAL PERIOD 1981 TO 2010
CLIMATE RECORD PERIOD 1887 TO 2018


WEATHER ITEM   OBSERVED TIME   RECORD YEAR NORMAL DEPARTURE LAST
                VALUE   (LST)  VALUE       VALUE  FROM      YEAR
                                                  NORMAL
..................................................................
TEMPERATURE (F)
 TODAY
  MAXIMUM         56    433 PM  72    1938  43     13       29
  MINIMUM         18    144 AM -20    1971  22     -4       18
  AVERAGE         37                        32      5       24

PRECIPITATION (IN)
  TODAY            0.00          0.84 2001   0.04  -0.04      T
  MONTH TO DATE    0.11                      0.33  -0.22      T
  SINCE DEC 1      1.36                      2.54  -1.18     2.33
  SINCE JAN 1      1.05                      1.19  -0.14     1.28

SNOWFALL (IN)
  TODAY            0.0           6.0  1901   0.2   -0.2       T
  MONTH TO DATE    2.0                       1.5    0.5       T
  SINCE JAN 1      5.1                       6.4   -1.3      2.2
  SINCE JUL 1      7.2                      12.9   -5.7      5.3
  SNOW DEPTH       0

DEGREE DAYS
 HEATING
  TODAY           28                        33     -5       41
  MONTH TO DATE  322                       268     54      241
  SINCE DEC 1   2392                      2384      8     2275
  SINCE JUL 1   3215                      3378   -163     2848

 COOLING
  TODAY            0                         0      0        0
  MONTH TO DATE    0                         0      0        0
  SINCE DEC 1      0                         0      0        0
  SINCE JAN 1      0                         0      0        0
..................................................................


WIND (MPH)
  HIGHEST WIND SPEED    16   HIGHEST WIND DIRECTION     S (180)
  HIGHEST GUST SPEED    24   HIGHEST GUST DIRECTION     S (170)
  AVERAGE WIND SPEED     5.2



WEATHER CONDITIONS
 THE FOLLOWING WEATHER WAS RECORDED TODAY.
  NO SIGNIFICANT WEATHER WAS OBSERVED.


RELATIVE HUMIDITY (PERCENT)
 HIGHEST    92           700 AM
 LOWEST     30           400 PM
 AVERAGE    61

..........................................................


THE TOPEKA KS CLIMATE NORMALS FOR TOMORROW
                         NORMAL    RECORD    YEAR
 MAXIMUM TEMPERATURE (F)   43        72      1932
 MINIMUM TEMPERATURE (F)   22       -17      1979
                                             1899


SUNRISE AND SUNSET
FEBRUARY  8 2018......SUNRISE   722 AM CST   SUNSET   552 PM CST
FEBRUARY  9 2018......SUNRISE   721 AM CST   SUNSET   553 PM CST


-  INDICATES NEGATIVE NUMBERS.
R  INDICATES RECORD WAS SET OR TIED.
MM INDICATES DATA IS MISSING.
T  INDICATES TRACE AMOUNT.




$$
