000
CDUS43 KTOP 080632
CLITOP


CLIMATE REPORT
NATIONAL WEATHER SERVICE TOPEKA KS
1231 AM CST FRI DEC 8 2017


...................................

...THE TOPEKA KS CLIMATE SUMMARY FOR DECEMBER 7 2017...

CLIMATE NORMAL PERIOD 1981 TO 2010
CLIMATE RECORD PERIOD 1887 TO 2017


WEATHER ITEM   OBSERVED TIME   RECORD YEAR NORMAL DEPARTURE LAST
                VALUE   (LST)  VALUE       VALUE  FROM      YEAR
                                                  NORMAL
..................................................................
TEMPERATURE (F)
 YESTERDAY
  MAXIMUM         32    319 PM  70    1894  44    -12       31
  MINIMUM         17    730 AM  -1    1917  24     -7       19
  AVERAGE         25                        34     -9       25

PRECIPITATION (IN)
  YESTERDAY        0.00          2.55 1980   0.05  -0.05     0.04
  MONTH TO DATE    T                         0.36  -0.36     0.58
  SINCE DEC 1      T                         0.36  -0.36     0.58
  SINCE JAN 1     38.29                     35.47   2.82    42.76

SNOWFALL (IN)
  YESTERDAY        0.0           6.2  2005   0.2   -0.2      0.5
  MONTH TO DATE    T                         1.0   -1.0      0.5
  SINCE JAN 1      3.9                      13.6   -9.7      4.2
  SINCE JUL 1      0.4                       2.3   -1.9      0.5
  SNOW DEPTH       0

DEGREE DAYS
 HEATING
  YESTERDAY       40                        31      9       40
  MONTH TO DATE  163                       210    -47      213
  SINCE DEC 1    163                       210    -47      213
  SINCE JUL 1    986                      1204   -218      786

 COOLING
  YESTERDAY        0                         0      0        0
  MONTH TO DATE    0                         0      0        0
  SINCE DEC 1      0                         0      0        0
  SINCE JAN 1   1473                      1422     51     1711
..................................................................


WIND (MPH)
  HIGHEST WIND SPEED    16   HIGHEST WIND DIRECTION    NW (310)
  HIGHEST GUST SPEED    22   HIGHEST GUST DIRECTION    NW (310)
  AVERAGE WIND SPEED     7.9


SKY COVER
  AVERAGE SKY COVER 0.1


WEATHER CONDITIONS
 THE FOLLOWING WEATHER WAS RECORDED YESTERDAY.
  NO SIGNIFICANT WEATHER WAS OBSERVED.


RELATIVE HUMIDITY (PERCENT)
 HIGHEST    80           500 AM
 LOWEST     36           200 PM
 AVERAGE    58

..........................................................


THE TOPEKA KS CLIMATE NORMALS FOR TODAY
                         NORMAL    RECORD    YEAR
 MAXIMUM TEMPERATURE (F)   43        70      1946
 MINIMUM TEMPERATURE (F)   24        -6      2005
                                             1917


SUNRISE AND SUNSET
DECEMBER  8 2017......SUNRISE   729 AM CST   SUNSET   500 PM CST
DECEMBER  9 2017......SUNRISE   730 AM CST   SUNSET   500 PM CST


-  INDICATES NEGATIVE NUMBERS.
R  INDICATES RECORD WAS SET OR TIED.
MM INDICATES DATA IS MISSING.
T  INDICATES TRACE AMOUNT.




$$
