000
CDUS43 KTOP 240634
CLITOP


CLIMATE REPORT
NATIONAL WEATHER SERVICE TOPEKA KS
133 AM CDT WED SEP 24 2014


...................................

...THE TOPEKA KS CLIMATE SUMMARY FOR SEPTEMBER 23 2014...

CLIMATE NORMAL PERIOD 1981 TO 2010
CLIMATE RECORD PERIOD 1887 TO 2014


WEATHER ITEM   OBSERVED TIME   RECORD YEAR NORMAL DEPARTURE LAST
                VALUE   (LST)  VALUE       VALUE  FROM      YEAR
                                                  NORMAL
..................................................................
TEMPERATURE (F)
 YESTERDAY
  MAXIMUM         77    407 PM  97    1939  77      0       80
  MINIMUM         54    454 AM  29    1983  53      1       53
  AVERAGE         66                        65      1       67

PRECIPITATION (IN)
  YESTERDAY        0.04          5.61 2005   0.12  -0.08      T
  MONTH TO DATE    4.14                      2.82   1.32     3.09
  SINCE SEP 1      4.14                      2.82   1.32     3.09
  SINCE JAN 1     23.98                     29.39  -5.41    27.56

SNOWFALL (IN)
  YESTERDAY        0.0           0.0    MM   0.0    0.0      0.0
  MONTH TO DATE    0.0                       0.0    0.0      0.0
  SINCE JAN 1     23.1                      11.3   11.8     24.2
  SINCE JUL 1      T                         0.0    0.0      0.0
  SNOW DEPTH       0

DEGREE DAYS
 HEATING
  YESTERDAY        0                         3     -3        0
  MONTH TO DATE   49                        33     16        5
  SINCE SEP 1     49                        33     16        5
  SINCE JUL 1     49                        35     14        5

 COOLING
  YESTERDAY        1                         4     -3        2
  MONTH TO DATE  130                       145    -15      228
  SINCE SEP 1    130                       145    -15      228
  SINCE JAN 1   1540                      1373    167     1522
..................................................................


WIND (MPH)
  HIGHEST WIND SPEED    20   HIGHEST WIND DIRECTION     S (160)
  HIGHEST GUST SPEED    25   HIGHEST GUST DIRECTION     S (160)
  AVERAGE WIND SPEED     7.4


SKY COVER
  AVERAGE SKY COVER 0.3


WEATHER CONDITIONS
 THE FOLLOWING WEATHER WAS RECORDED YESTERDAY.
  THUNDERSTORM
  LIGHT RAIN


RELATIVE HUMIDITY (PERCENT)
 HIGHEST    93           500 AM
 LOWEST     40           300 PM
 AVERAGE    67

..........................................................


THE TOPEKA KS CLIMATE NORMALS FOR TODAY
                         NORMAL    RECORD    YEAR
 MAXIMUM TEMPERATURE (F)   77        93      1984
 MINIMUM TEMPERATURE (F)   53        31      1989


SUNRISE AND SUNSET
SEPTEMBER 24 2014.....SUNRISE   712 AM CDT   SUNSET   716 PM CDT
SEPTEMBER 25 2014.....SUNRISE   713 AM CDT   SUNSET   715 PM CDT


-  INDICATES NEGATIVE NUMBERS.
R  INDICATES RECORD WAS SET OR TIED.
MM INDICATES DATA IS MISSING.
T  INDICATES TRACE AMOUNT.




$$
