000
CDUS43 KTOP 100631
CLITOP


CLIMATE REPORT
NATIONAL WEATHER SERVICE TOPEKA KS
131 AM CDT WED MAY 10 2017


...................................

...THE TOPEKA KS CLIMATE SUMMARY FOR MAY 9 2017...

CLIMATE NORMAL PERIOD 1981 TO 2010
CLIMATE RECORD PERIOD 1887 TO 2017


WEATHER ITEM   OBSERVED TIME   RECORD YEAR NORMAL DEPARTURE LAST
                VALUE   (LST)  VALUE       VALUE  FROM      YEAR
                                                  NORMAL
..................................................................
TEMPERATURE (F)
 YESTERDAY
  MAXIMUM         86    349 PM  95    2011  74     12       77
  MINIMUM         58    540 AM  30    1980  52      6       58
  AVERAGE         72                        63      9       68

PRECIPITATION (IN)
  YESTERDAY        0.00          1.20 1921   0.15  -0.15     0.09
  MONTH TO DATE    0.25                      1.38  -1.13     0.50
  SINCE MAR 1     10.32                      7.40   2.92     9.72
  SINCE JAN 1     11.71                      9.58   2.13    10.99

SNOWFALL (IN)
  YESTERDAY        0.0           T    1951   0.0    0.0      0.0
  MONTH TO DATE    0.0                       0.0    0.0      0.0
  SINCE JAN 1      3.5                      11.3   -7.8      3.7
  SINCE JUL 1      6.6                      17.8  -11.2      4.9
  SNOW DEPTH       0

DEGREE DAYS
 HEATING
  YESTERDAY        0                         4     -4        0
  MONTH TO DATE   49                        46      3       42
  SINCE MAR 1    794                       996   -202      679
  SINCE JUL 1   3975                      4963   -988     3931

 COOLING
  YESTERDAY        7                         2      5        3
  MONTH TO DATE   17                        16      1       15
  SINCE MAR 1     54                        44     10       33
  SINCE JAN 1     54                        44     10       33
..................................................................


WIND (MPH)
  HIGHEST WIND SPEED    14   HIGHEST WIND DIRECTION    SW (210)
  HIGHEST GUST SPEED    20   HIGHEST GUST DIRECTION     S (200)
  AVERAGE WIND SPEED     6.2


SKY COVER
  AVERAGE SKY COVER 0.3


WEATHER CONDITIONS
 THE FOLLOWING WEATHER WAS RECORDED YESTERDAY.
  NO SIGNIFICANT WEATHER WAS OBSERVED.


RELATIVE HUMIDITY (PERCENT)
 HIGHEST    90           600 AM
 LOWEST     44           400 PM
 AVERAGE    67

..........................................................


THE TOPEKA KS CLIMATE NORMALS FOR TODAY
                         NORMAL    RECORD    YEAR
 MAXIMUM TEMPERATURE (F)   74        92      2011
 MINIMUM TEMPERATURE (F)   52        35      1981


SUNRISE AND SUNSET
MAY 10 2017...........SUNRISE   614 AM CDT   SUNSET   824 PM CDT
MAY 11 2017...........SUNRISE   613 AM CDT   SUNSET   825 PM CDT


-  INDICATES NEGATIVE NUMBERS.
R  INDICATES RECORD WAS SET OR TIED.
MM INDICATES DATA IS MISSING.
T  INDICATES TRACE AMOUNT.




$$
