000
CDUS43 KTOP 160650
CLITOP


CLIMATE REPORT
NATIONAL WEATHER SERVICE TOPEKA KS
150 AM CDT TUE AUG 16 2016


...................................

...THE TOPEKA KS CLIMATE SUMMARY FOR AUGUST 15 2016...

CLIMATE NORMAL PERIOD 1981 TO 2010
CLIMATE RECORD PERIOD 1887 TO 2016


WEATHER ITEM   OBSERVED TIME   RECORD YEAR NORMAL DEPARTURE LAST
                VALUE   (LST)  VALUE       VALUE  FROM      YEAR
                                                  NORMAL
..................................................................
TEMPERATURE (F)
 YESTERDAY
  MAXIMUM         85    406 PM 112    1936  89     -4       88
  MINIMUM         65    516 AM  50    1994  67     -2       63
  AVERAGE         75                        78     -3       76

PRECIPITATION (IN)
  YESTERDAY        0.00          1.80 1990   0.14  -0.14     0.00
  MONTH TO DATE    0.57                      2.03  -1.46     1.82
  SINCE JUN 1      8.32                     11.25  -2.93    17.37
  SINCE JAN 1     27.63                     24.36   3.27    31.96

SNOWFALL (IN)
  YESTERDAY        0.0           0.0    MM   0.0    0.0      0.0
  MONTH TO DATE    0.0                       0.0    0.0      0.0
  SINCE JAN 1      3.7                      11.3   -7.6      7.9
  SINCE JUL 1      T                         0.0    0.0      0.0
  SNOW DEPTH       0

DEGREE DAYS
 HEATING
  YESTERDAY        0                         0      0        0
  MONTH TO DATE    0                         0      0        0
  SINCE JUN 1      0                         8     -8        0
  SINCE JUL 1      0                         0      0        0

 COOLING
  YESTERDAY       10                        13     -3       11
  MONTH TO DATE  220                       204     16      209
  SINCE JUN 1   1133                       920    213     1023
  SINCE JAN 1   1225                      1046    179     1105
..................................................................


WIND (MPH)
  HIGHEST WIND SPEED     8   HIGHEST WIND DIRECTION    SE (120)
  HIGHEST GUST SPEED     9   HIGHEST GUST DIRECTION    SE (120)
  AVERAGE WIND SPEED     0.9


SKY COVER
  AVERAGE SKY COVER 0.0


WEATHER CONDITIONS
 THE FOLLOWING WEATHER WAS RECORDED YESTERDAY.
  NO SIGNIFICANT WEATHER WAS OBSERVED.


RELATIVE HUMIDITY (PERCENT)
 HIGHEST    87           300 AM
 LOWEST     51           400 PM
 AVERAGE    69

..........................................................


THE TOPEKA KS CLIMATE NORMALS FOR TODAY
                         NORMAL    RECORD    YEAR
 MAXIMUM TEMPERATURE (F)   89       109      1936
 MINIMUM TEMPERATURE (F)   67        52      1992


SUNRISE AND SUNSET
AUGUST 16 2016........SUNRISE   637 AM CDT   SUNSET   815 PM CDT
AUGUST 17 2016........SUNRISE   638 AM CDT   SUNSET   814 PM CDT


-  INDICATES NEGATIVE NUMBERS.
R  INDICATES RECORD WAS SET OR TIED.
MM INDICATES DATA IS MISSING.
T  INDICATES TRACE AMOUNT.




$$
