000
CDUS43 KTOP 090639
CLITOP


CLIMATE REPORT
NATIONAL WEATHER SERVICE TOPEKA KS
137 AM CDT SAT JUL 9 2016


...................................

...THE TOPEKA KS CLIMATE SUMMARY FOR JULY 8 2016...

CLIMATE NORMAL PERIOD 1981 TO 2010
CLIMATE RECORD PERIOD 1887 TO 2016


WEATHER ITEM   OBSERVED TIME   RECORD YEAR NORMAL DEPARTURE LAST
                VALUE   (LST)  VALUE       VALUE  FROM      YEAR
                                                  NORMAL
..................................................................
TEMPERATURE (F)
 YESTERDAY
  MAXIMUM         90    328 PM 104    1913  89      1       71
                                      1901
  MINIMUM         71    534 AM  53    1891  68      3       63
  AVERAGE         81                        79      2       67

PRECIPITATION (IN)
  YESTERDAY        0.00          1.72 1933   0.13  -0.13      T
  MONTH TO DATE    2.95                      1.11   1.84     4.55
  SINCE JUN 1      5.34                      6.51  -1.17    10.77
  SINCE JAN 1     24.65                     19.62   5.03    25.36

SNOWFALL (IN)
  YESTERDAY        0.0           T    1917   0.0    0.0      0.0
  MONTH TO DATE    0.0                       0.0    0.0      0.0
  SINCE JAN 1      3.7                      11.3   -7.6      7.9
  SINCE JUL 1      0.0                       0.0    0.0      0.0
  SNOW DEPTH       0

DEGREE DAYS
 HEATING
  YESTERDAY        0                         0      0        0
  MONTH TO DATE    0                         0      0        0
  SINCE JUN 1      0                         8     -8        0
  SINCE JUL 1      0                         0      0        0

 COOLING
  YESTERDAY       16                        14      2        2
  MONTH TO DATE   99                       107     -8       74
  SINCE JUN 1    538                       391    147      442
  SINCE JAN 1    630                       517    113      524
..................................................................


WIND (MPH)
  HIGHEST WIND SPEED    12   HIGHEST WIND DIRECTION    SE (120)
  HIGHEST GUST SPEED    14   HIGHEST GUST DIRECTION     E (80)
  AVERAGE WIND SPEED     4.7


SKY COVER
  AVERAGE SKY COVER 0.2


WEATHER CONDITIONS
 THE FOLLOWING WEATHER WAS RECORDED YESTERDAY.
  NO SIGNIFICANT WEATHER WAS OBSERVED.


RELATIVE HUMIDITY (PERCENT)
 HIGHEST    93           400 AM
 LOWEST     46           200 PM
 AVERAGE    70

..........................................................


THE TOPEKA KS CLIMATE NORMALS FOR TODAY
                         NORMAL    RECORD    YEAR
 MAXIMUM TEMPERATURE (F)   89       105      2013
 MINIMUM TEMPERATURE (F)   68        50      1891


SUNRISE AND SUNSET
JULY  9 2016..........SUNRISE   605 AM CDT   SUNSET   850 PM CDT
JULY 10 2016..........SUNRISE   606 AM CDT   SUNSET   850 PM CDT


-  INDICATES NEGATIVE NUMBERS.
R  INDICATES RECORD WAS SET OR TIED.
MM INDICATES DATA IS MISSING.
T  INDICATES TRACE AMOUNT.




$$
