000
CDUS43 KTOP 190633
CLITOP


CLIMATE REPORT
NATIONAL WEATHER SERVICE TOPEKA KS
132 AM CDT THU MAR 19 2015


...................................

...THE TOPEKA KS CLIMATE SUMMARY FOR MARCH 18 2015...

CLIMATE NORMAL PERIOD 1981 TO 2010
CLIMATE RECORD PERIOD 1887 TO 2015


WEATHER ITEM   OBSERVED TIME   RECORD YEAR NORMAL DEPARTURE LAST
                VALUE   (LST)  VALUE       VALUE  FROM      YEAR
                                                  NORMAL
..................................................................
TEMPERATURE (F)
 YESTERDAY
  MAXIMUM         45   1216 AM  86    1921  57    -12       65
  MINIMUM         38   1159 PM  -2    1923  34      4       40
  AVERAGE         42                        46     -4       53

PRECIPITATION (IN)
  YESTERDAY        0.36          2.47 1992   0.09   0.27     0.00
  MONTH TO DATE    0.36                      1.28  -0.92     0.45
  SINCE MAR 1      0.36                      1.28  -0.92     0.45
  SINCE JAN 1      2.35                      3.46  -1.11     2.11

SNOWFALL (IN)
  YESTERDAY        0.0           4.5  1906   0.0    0.0      0.0
  MONTH TO DATE    T                         1.1   -1.1      2.4
  SINCE JAN 1      7.9                      10.5   -2.6     21.3
  SINCE JUL 1     10.3                      17.0   -6.7     25.6
  SNOW DEPTH       0

DEGREE DAYS
 HEATING
  YESTERDAY       23                        19      4       12
  MONTH TO DATE  349                       404    -55      457
  SINCE MAR 1    349                       404    -55      457
  SINCE JUL 1   4350                      4371    -21     4779

 COOLING
  YESTERDAY        0                         0      0        0
  MONTH TO DATE    0                         0      0        0
  SINCE MAR 1      0                         0      0        0
  SINCE JAN 1      0                         0      0        0
..................................................................


WIND (MPH)
  HIGHEST WIND SPEED    16   HIGHEST WIND DIRECTION     E (80)
  HIGHEST GUST SPEED    21   HIGHEST GUST DIRECTION    NE (60)
  AVERAGE WIND SPEED     9.7


SKY COVER
  AVERAGE SKY COVER 0.7


WEATHER CONDITIONS
 THE FOLLOWING WEATHER WAS RECORDED YESTERDAY.
  RAIN
  LIGHT RAIN
  FOG
  HAZE


RELATIVE HUMIDITY (PERCENT)
 HIGHEST    76           100 PM
 LOWEST     33          1200 AM
 AVERAGE    55

..........................................................


THE TOPEKA KS CLIMATE NORMALS FOR TODAY
                         NORMAL    RECORD    YEAR
 MAXIMUM TEMPERATURE (F)   58        82      1907
 MINIMUM TEMPERATURE (F)   34         0      1923


SUNRISE AND SUNSET
MARCH 19 2015.........SUNRISE   728 AM CDT   SUNSET   733 PM CDT
MARCH 20 2015.........SUNRISE   726 AM CDT   SUNSET   734 PM CDT


-  INDICATES NEGATIVE NUMBERS.
R  INDICATES RECORD WAS SET OR TIED.
MM INDICATES DATA IS MISSING.
T  INDICATES TRACE AMOUNT.

$$
