000
CDUS43 KTOP 130634
CLITOP


CLIMATE REPORT
NATIONAL WEATHER SERVICE TOPEKA KS
134 AM CDT MON MAR 13 2017


...................................

...THE TOPEKA KS CLIMATE SUMMARY FOR MARCH 12 2017...

CLIMATE NORMAL PERIOD 1981 TO 2010
CLIMATE RECORD PERIOD 1887 TO 2017


WEATHER ITEM   OBSERVED TIME   RECORD YEAR NORMAL DEPARTURE LAST
                VALUE   (LST)  VALUE       VALUE  FROM      YEAR
                                                  NORMAL
..................................................................
TEMPERATURE (F)
 YESTERDAY
  MAXIMUM         44    737 PM  87    1916  55    -11       59
  MINIMUM         21    603 AM  -6    1998  32    -11       50
                                      1948
  AVERAGE         33                        44    -11       55

PRECIPITATION (IN)
  YESTERDAY        0.00          2.28 1947   0.07  -0.07     0.15
  MONTH TO DATE    0.26                      0.80  -0.54     0.64
  SINCE MAR 1      0.26                      0.80  -0.54     0.64
  SINCE JAN 1      1.65                      2.98  -1.33     1.91

SNOWFALL (IN)
  YESTERDAY        0.0           3.0  1984   0.0    0.0      0.0
  MONTH TO DATE    0.7                       0.8   -0.1       T
  SINCE JAN 1      2.9                      10.2   -7.3      2.3
  SINCE JUL 1      6.0                      16.7  -10.7      3.5
  SNOW DEPTH       T

DEGREE DAYS
 HEATING
  YESTERDAY       32                        21     11       10
  MONTH TO DATE  226                       283    -57      154
  SINCE MAR 1    226                       283    -57      154
  SINCE JUL 1   3407                      4250   -843     3406

 COOLING
  YESTERDAY        0                         0      0        0
  MONTH TO DATE    0                         0      0        3
  SINCE MAR 1      0                         0      0        3
  SINCE JAN 1      0                         0      0        3
..................................................................


WIND (MPH)
  HIGHEST WIND SPEED    21   HIGHEST WIND DIRECTION    SE (150)
  HIGHEST GUST SPEED    25   HIGHEST GUST DIRECTION     S (180)
  AVERAGE WIND SPEED     7.7


SKY COVER
  AVERAGE SKY COVER 0.7


WEATHER CONDITIONS
 THE FOLLOWING WEATHER WAS RECORDED YESTERDAY.
  FOG
  FOG W/VISIBILITY <= 1/4 MILE


RELATIVE HUMIDITY (PERCENT)
 HIGHEST   100           200 AM
 LOWEST     58           700 PM
 AVERAGE    79

..........................................................


THE TOPEKA KS CLIMATE NORMALS FOR TODAY
                         NORMAL    RECORD    YEAR
 MAXIMUM TEMPERATURE (F)   55        83      1918
 MINIMUM TEMPERATURE (F)   32         6      1950


SUNRISE AND SUNSET
MARCH 13 2017.........SUNRISE   737 AM CDT   SUNSET   728 PM CDT
MARCH 14 2017.........SUNRISE   735 AM CDT   SUNSET   729 PM CDT


-  INDICATES NEGATIVE NUMBERS.
R  INDICATES RECORD WAS SET OR TIED.
MM INDICATES DATA IS MISSING.
T  INDICATES TRACE AMOUNT.




$$
