000
CDUS43 KTOP 290643
CLITOP


CLIMATE REPORT
NATIONAL WEATHER SERVICE TOPEKA KS
143 AM CDT FRI SEP 29 2017


...................................

...THE TOPEKA KS CLIMATE SUMMARY FOR SEPTEMBER 28 2017...

CLIMATE NORMAL PERIOD 1981 TO 2010
CLIMATE RECORD PERIOD 1887 TO 2017


WEATHER ITEM   OBSERVED TIME   RECORD YEAR NORMAL DEPARTURE LAST
                VALUE   (LST)  VALUE       VALUE  FROM      YEAR
                                                  NORMAL
..................................................................
TEMPERATURE (F)
 YESTERDAY
  MAXIMUM         78    342 PM 104    1953  75      3       69
  MINIMUM         47    550 AM  33    1888  51     -4       51
  AVERAGE         63                        63      0       60

PRECIPITATION (IN)
  YESTERDAY        0.00          1.11 1950   0.12  -0.12     0.00
  MONTH TO DATE    1.78                      3.43  -1.65     7.78
  SINCE SEP 1      1.78                      3.43  -1.65     7.78
  SINCE JAN 1     35.25                     30.00   5.25    40.67

SNOWFALL (IN)
  YESTERDAY       MM             T    1988   0.0   MM        0.0
  MONTH TO DATE    0.0                       0.0    0.0      0.0
  SINCE JAN 1      3.5                      11.3   -7.8      3.7
  SINCE JUL 1      T                         0.0    0.0       T
  SNOW DEPTH       0

DEGREE DAYS
 HEATING
  YESTERDAY        2                         5     -3        5
  MONTH TO DATE   13                        54    -41       11
  SINCE SEP 1     13                        54    -41       11
  SINCE JUL 1     13                        56    -43       11

 COOLING
  YESTERDAY        0                         3     -3        0
  MONTH TO DATE  223                       160     63      244
  SINCE SEP 1    223                       160     63      244
  SINCE JAN 1   1413                      1388     25     1645
..................................................................


WIND (MPH)
  HIGHEST WIND SPEED     8   HIGHEST WIND DIRECTION     N (340)
  HIGHEST GUST SPEED    12   HIGHEST GUST DIRECTION     N (20)
  AVERAGE WIND SPEED     0.9


SKY COVER
  AVERAGE SKY COVER 0.0


WEATHER CONDITIONS
 THE FOLLOWING WEATHER WAS RECORDED YESTERDAY.
  FOG
  FOG W/VISIBILITY <= 1/4 MILE


RELATIVE HUMIDITY (PERCENT)
 HIGHEST   100          1200 AM
 LOWEST     40           300 PM
 AVERAGE    70

..........................................................


THE TOPEKA KS CLIMATE NORMALS FOR TODAY
                         NORMAL    RECORD    YEAR
 MAXIMUM TEMPERATURE (F)   75        95      1952
 MINIMUM TEMPERATURE (F)   50        32      1984


SUNRISE AND SUNSET
SEPTEMBER 29 2017.....SUNRISE   717 AM CDT   SUNSET   708 PM CDT
SEPTEMBER 30 2017.....SUNRISE   718 AM CDT   SUNSET   706 PM CDT


-  INDICATES NEGATIVE NUMBERS.
R  INDICATES RECORD WAS SET OR TIED.
MM INDICATES DATA IS MISSING.
T  INDICATES TRACE AMOUNT.




$$
