000
CDUS43 KTOP 052236
CLITOP


CLIMATE REPORT
NATIONAL WEATHER SERVICE TOPEKA KS
435 PM CST MON FEB 5 2018


...................................

...THE TOPEKA KS CLIMATE SUMMARY FOR FEBRUARY 5 2018...
VALID TODAY AS OF 430 PM LOCAL TIME.

CLIMATE NORMAL PERIOD 1981 TO 2010
CLIMATE RECORD PERIOD 1887 TO 2018


WEATHER ITEM   OBSERVED TIME   RECORD YEAR NORMAL DEPARTURE LAST
                VALUE   (LST)  VALUE       VALUE  FROM      YEAR
                                                  NORMAL
..................................................................
TEMPERATURE (F)
 TODAY
  MAXIMUM         24    359 PM  72    1938  42    -18       51
  MINIMUM          0    157 AM -17    1979  21    -21       28
  AVERAGE         12                        32    -20       40

PRECIPITATION (IN)
  TODAY            T             0.90 2008   0.04  -0.04     0.00
  MONTH TO DATE    0.11                      0.20  -0.09      T
  SINCE DEC 1      1.36                      2.41  -1.05     2.33
  SINCE JAN 1      1.05                      1.06  -0.01     1.28

SNOWFALL (IN)
  TODAY            T             6.1  2004   0.2   -0.2      0.0
  MONTH TO DATE    2.0                       0.9    1.1       T
  SINCE JAN 1      5.1                       5.8   -0.7      2.2
  SINCE JUL 1      7.2                      12.3   -5.1      5.3
  SNOW DEPTH       1

DEGREE DAYS
 HEATING
  TODAY           53                        33     20       25
  MONTH TO DATE  199                       169     30      152
  SINCE DEC 1   2269                      2285    -16     2186
  SINCE JUL 1   3092                      3279   -187     2759

 COOLING
  TODAY            0                         0      0        0
  MONTH TO DATE    0                         0      0        0
  SINCE DEC 1      0                         0      0        0
  SINCE JAN 1      0                         0      0        0
..................................................................


WIND (MPH)
  HIGHEST WIND SPEED    14   HIGHEST WIND DIRECTION    SE (140)
  HIGHEST GUST SPEED    17   HIGHEST GUST DIRECTION    SE (140)
  AVERAGE WIND SPEED     4.9



WEATHER CONDITIONS
 THE FOLLOWING WEATHER WAS RECORDED TODAY.
  NO SIGNIFICANT WEATHER WAS OBSERVED.


RELATIVE HUMIDITY (PERCENT)
 HIGHEST    87           100 AM
 LOWEST     60           400 PM
 AVERAGE    74

..........................................................


THE TOPEKA KS CLIMATE NORMALS FOR TOMORROW
                         NORMAL    RECORD    YEAR
 MAXIMUM TEMPERATURE (F)   42        71      2009
                                             1904
 MINIMUM TEMPERATURE (F)   21       -21      1982


SUNRISE AND SUNSET
FEBRUARY  5 2018......SUNRISE   725 AM CST   SUNSET   548 PM CST
FEBRUARY  6 2018......SUNRISE   724 AM CST   SUNSET   550 PM CST


-  INDICATES NEGATIVE NUMBERS.
R  INDICATES RECORD WAS SET OR TIED.
MM INDICATES DATA IS MISSING.
T  INDICATES TRACE AMOUNT.




$$
