000
CDUS43 KTOP 150642
CLITOP


CLIMATE REPORT
NATIONAL WEATHER SERVICE TOPEKA KS
141 AM CDT THU JUN 15 2017


...................................

...THE TOPEKA KS CLIMATE SUMMARY FOR JUNE 14 2017...

CLIMATE NORMAL PERIOD 1981 TO 2010
CLIMATE RECORD PERIOD 1887 TO 2017


WEATHER ITEM   OBSERVED TIME   RECORD YEAR NORMAL DEPARTURE LAST
                VALUE   (LST)  VALUE       VALUE  FROM      YEAR
                                                  NORMAL
..................................................................
TEMPERATURE (F)
 YESTERDAY
  MAXIMUM         92    459 PM 100    1936  85      7       94
  MINIMUM         68   1159 PM  47    1942  64      4       70
  AVERAGE         80                        74      6       82

PRECIPITATION (IN)
  YESTERDAY        0.54          1.22 1958   0.18   0.36     0.31
  MONTH TO DATE    0.85                      2.53  -1.68     1.16
  SINCE JUN 1      0.85                      2.53  -1.68     1.16
  SINCE JAN 1     16.00                     15.64   0.36    20.47

SNOWFALL (IN)
  YESTERDAY        0.0           0.0    MM   0.0    0.0      0.0
  MONTH TO DATE    0.0                       0.0    0.0      0.0
  SINCE JAN 1      3.5                      11.3   -7.8      3.7
  SINCE JUL 1      6.6                      17.8  -11.2      4.9
  SNOW DEPTH       0

DEGREE DAYS
 HEATING
  YESTERDAY        0                         0      0        0
  MONTH TO DATE    0                         6     -6        0
  SINCE JUN 1      0                         6     -6        0
  SINCE JUL 1   4007                      5019  -1012     4002

 COOLING
  YESTERDAY       15                         9      6       17
  MONTH TO DATE  158                       105     53      159
  SINCE JUN 1    158                       105     53      159
  SINCE JAN 1    287                       231     56      251
..................................................................


WIND (MPH)
  HIGHEST WIND SPEED    23   HIGHEST WIND DIRECTION    SW (210)
  HIGHEST GUST SPEED    37   HIGHEST GUST DIRECTION     S (200)
  AVERAGE WIND SPEED    10.2


SKY COVER
  AVERAGE SKY COVER 0.4


WEATHER CONDITIONS
 THE FOLLOWING WEATHER WAS RECORDED YESTERDAY.
  THUNDERSTORM
  HEAVY RAIN
  RAIN
  LIGHT RAIN
  FOG


RELATIVE HUMIDITY (PERCENT)
 HIGHEST    93           700 AM
 LOWEST     56           500 PM
 AVERAGE    75

..........................................................


THE TOPEKA KS CLIMATE NORMALS FOR TODAY
                         NORMAL    RECORD    YEAR
 MAXIMUM TEMPERATURE (F)   85       104      1946
 MINIMUM TEMPERATURE (F)   64        48      1917


SUNRISE AND SUNSET
JUNE 15 2017..........SUNRISE   556 AM CDT   SUNSET   850 PM CDT
JUNE 16 2017..........SUNRISE   556 AM CDT   SUNSET   851 PM CDT


-  INDICATES NEGATIVE NUMBERS.
R  INDICATES RECORD WAS SET OR TIED.
MM INDICATES DATA IS MISSING.
T  INDICATES TRACE AMOUNT.




$$
