000
CDUS43 KTOP 132136
CLITOP


CLIMATE REPORT
NATIONAL WEATHER SERVICE TOPEKA KS
435 PM CDT WED APR 13 2016


...................................

...THE TOPEKA KS CLIMATE SUMMARY FOR APRIL 13 2016...
VALID TODAY AS OF 430 PM LOCAL TIME.

CLIMATE NORMAL PERIOD 1981 TO 2010
CLIMATE RECORD PERIOD 1887 TO 2016


WEATHER ITEM   OBSERVED TIME   RECORD YEAR NORMAL DEPARTURE LAST
                VALUE   (LST)  VALUE       VALUE  FROM      YEAR
                                                  NORMAL
..................................................................
TEMPERATURE (F)
 TODAY
  MAXIMUM         74    255 PM  95    2006  66      8       65
  MINIMUM         37    635 AM  21    1950  43     -6       50
  AVERAGE         56                        54      2       58

PRECIPITATION (IN)
  TODAY            0.00          1.79 1967   0.11  -0.11     0.04
  MONTH TO DATE    0.16                      1.37  -1.21     1.03
  SINCE MAR 1      2.46                      3.86  -1.40     1.80
  SINCE JAN 1      3.73                      6.04  -2.31     3.79

SNOWFALL (IN)
  TODAY            0.0           0.1  1993   0.0    0.0      0.0
  MONTH TO DATE    0.0                       0.2   -0.2      0.0
  SINCE JAN 1      3.7                      11.2   -7.5      7.9
  SINCE JUL 1      4.9                      17.7  -12.8     10.3
  SNOW DEPTH       0

DEGREE DAYS
 HEATING
  TODAY            9                        11     -2        7
  MONTH TO DATE  141                       172    -31       94
  SINCE MAR 1    569                       800   -231      647
  SINCE JUL 1   3821                      4767   -946     4648

 COOLING
  TODAY            0                         1     -1        0
  MONTH TO DATE    0                         6     -6        5
  SINCE MAR 1      3                         9     -6        5
  SINCE JAN 1      3                         9     -6        5
..................................................................


WIND (MPH)
  HIGHEST WIND SPEED    14   HIGHEST WIND DIRECTION     S (180)
  HIGHEST GUST SPEED    20   HIGHEST GUST DIRECTION     S (170)
  AVERAGE WIND SPEED     4.2



WEATHER CONDITIONS
 THE FOLLOWING WEATHER WAS RECORDED TODAY.
  NO SIGNIFICANT WEATHER WAS OBSERVED.


RELATIVE HUMIDITY (PERCENT)
 HIGHEST    76           700 AM
 LOWEST     23          1200 PM
 AVERAGE    50

..........................................................


THE TOPEKA KS CLIMATE NORMALS FOR TOMORROW
                         NORMAL    RECORD    YEAR
 MAXIMUM TEMPERATURE (F)   66        92      2006
 MINIMUM TEMPERATURE (F)   43        21      1950


SUNRISE AND SUNSET
APRIL 13 2016.........SUNRISE   648 AM CDT   SUNSET   758 PM CDT
APRIL 14 2016.........SUNRISE   647 AM CDT   SUNSET   759 PM CDT


-  INDICATES NEGATIVE NUMBERS.
R  INDICATES RECORD WAS SET OR TIED.
MM INDICATES DATA IS MISSING.
T  INDICATES TRACE AMOUNT.




$$
