000
CDUS43 KTOP 300643
CLITOP


CLIMATE REPORT
NATIONAL WEATHER SERVICE TOPEKA KS
142 AM CDT SUN MAR 30 2014


...................................

...THE TOPEKA KS CLIMATE SUMMARY FOR MARCH 29 2014...

CLIMATE NORMAL PERIOD 1981 TO 2010
CLIMATE RECORD PERIOD 1887 TO 2014


WEATHER ITEM   OBSERVED TIME   RECORD YEAR NORMAL DEPARTURE LAST
                VALUE   (LST)  VALUE       VALUE  FROM      YEAR
                                                  NORMAL
..................................................................
TEMPERATURE (F)
 YESTERDAY
  MAXIMUM         60    444 PM  89    1986  61     -1       72
  MINIMUM         29    444 AM  16    1894  37     -8       40
  AVERAGE         45                        49     -4       56

PRECIPITATION (IN)
  YESTERDAY        0.00          1.84 1980   0.10  -0.10     0.00
  MONTH TO DATE    0.73                      2.28  -1.55     1.98
  SINCE MAR 1      0.73                      2.28  -1.55     1.98
  SINCE JAN 1      2.39                      4.46  -2.07     4.42

SNOWFALL (IN)
  YESTERDAY        0.0           2.0  1926   0.0    0.0      0.0
  MONTH TO DATE    4.1                       1.5    2.6      7.9
  SINCE JAN 1     23.0                      10.9   12.1     23.9
  SINCE JUL 1     27.3                      17.4    9.9     29.3
  SNOW DEPTH       0

DEGREE DAYS
 HEATING
  YESTERDAY       20                        16      4        9
  MONTH TO DATE  697                       597    100      750
  SINCE MAR 1    697                       597    100      750
  SINCE JUL 1   5019                      4564    455     4307

 COOLING
  YESTERDAY        0                         0      0        0
  MONTH TO DATE    0                         0      0        0
  SINCE MAR 1      0                         0      0        0
  SINCE JAN 1      0                         0      0        0
..................................................................


WIND (MPH)
  HIGHEST WIND SPEED    12   HIGHEST WIND DIRECTION    SE (140)
  HIGHEST GUST SPEED    15   HIGHEST GUST DIRECTION    NW (300)
  AVERAGE WIND SPEED     4.9


SKY COVER
  AVERAGE SKY COVER 0.1


WEATHER CONDITIONS
 THE FOLLOWING WEATHER WAS RECORDED YESTERDAY.
  FOG
  HAZE


RELATIVE HUMIDITY (PERCENT)
 HIGHEST    92           500 AM
 LOWEST     31           500 PM
 AVERAGE    62

..........................................................


THE TOPEKA KS CLIMATE NORMALS FOR TODAY
                         NORMAL    RECORD    YEAR
 MAXIMUM TEMPERATURE (F)   62        85      1943
 MINIMUM TEMPERATURE (F)   38        14      1964


SUNRISE AND SUNSET
MARCH 30 2014.........SUNRISE   710 AM CDT   SUNSET   744 PM CDT
MARCH 31 2014.........SUNRISE   709 AM CDT   SUNSET   745 PM CDT


-  INDICATES NEGATIVE NUMBERS.
R  INDICATES RECORD WAS SET OR TIED.
MM INDICATES DATA IS MISSING.
T  INDICATES TRACE AMOUNT.




$$
