000
CDUS43 KTOP 070635
CLITOP


CLIMATE REPORT
NATIONAL WEATHER SERVICE TOPEKA KS
1235 AM CST TUE MAR 7 2017


...................................

...THE TOPEKA KS CLIMATE SUMMARY FOR MARCH 6 2017...

CLIMATE NORMAL PERIOD 1981 TO 2010
CLIMATE RECORD PERIOD 1887 TO 2017


WEATHER ITEM   OBSERVED TIME   RECORD YEAR NORMAL DEPARTURE LAST
                VALUE   (LST)  VALUE       VALUE  FROM      YEAR
                                                  NORMAL
..................................................................
TEMPERATURE (F)
 YESTERDAY
  MAXIMUM         80R   333 PM  79    1925  52     28       74
  MINIMUM         45   1159 PM  -5    1960  30     15       44
  AVERAGE         63                        41     22       59

PRECIPITATION (IN)
  YESTERDAY        0.15          1.06 1973   0.07   0.08     0.00
  MONTH TO DATE    0.15                      0.39  -0.24     0.01
  SINCE MAR 1      0.15                      0.39  -0.24     0.01
  SINCE JAN 1      1.54                      2.57  -1.03     1.28

SNOWFALL (IN)
  YESTERDAY       MM             5.0  1941   0.0   MM        0.0
  MONTH TO DATE    0.0                       0.4   -0.4       T
  SINCE JAN 1      2.2                       9.8   -7.6      2.3
  SINCE JUL 1      5.3                      16.3  -11.0      3.5
  SNOW DEPTH       0

DEGREE DAYS
 HEATING
  YESTERDAY        2                        24    -22        6
  MONTH TO DATE   85                       149    -64      104
  SINCE MAR 1     85                       149    -64      104
  SINCE JUL 1   3266                      4116   -850     3356

 COOLING
  YESTERDAY        0                         0      0        0
  MONTH TO DATE    0                         0      0        0
  SINCE MAR 1      0                         0      0        0
  SINCE JAN 1      0                         0      0        0
..................................................................


WIND (MPH)
  HIGHEST WIND SPEED    37   HIGHEST WIND DIRECTION     W (270)
  HIGHEST GUST SPEED    53   HIGHEST GUST DIRECTION     W (270)
  AVERAGE WIND SPEED    22.8


SKY COVER
  AVERAGE SKY COVER 0.7


WEATHER CONDITIONS
 THE FOLLOWING WEATHER WAS RECORDED YESTERDAY.
  THUNDERSTORM
  HEAVY RAIN
  RAIN
  LIGHT RAIN


RELATIVE HUMIDITY (PERCENT)
 HIGHEST    93          1200 AM
 LOWEST     24           900 PM
 AVERAGE    59

..........................................................


THE TOPEKA KS CLIMATE NORMALS FOR TODAY
                         NORMAL    RECORD    YEAR
 MAXIMUM TEMPERATURE (F)   53        84      1974
 MINIMUM TEMPERATURE (F)   30         1      1996
                                             1943


SUNRISE AND SUNSET
MARCH  7 2017.........SUNRISE   646 AM CST   SUNSET   622 PM CST
MARCH  8 2017.........SUNRISE   644 AM CST   SUNSET   623 PM CST


-  INDICATES NEGATIVE NUMBERS.
R  INDICATES RECORD WAS SET OR TIED.
MM INDICATES DATA IS MISSING.
T  INDICATES TRACE AMOUNT.




$$
