000
CDUS43 KTOP 050632
CLITOP


CLIMATE REPORT
NATIONAL WEATHER SERVICE TOPEKA KS
1232 AM CST SUN MAR 5 2017


...................................

...THE TOPEKA KS CLIMATE SUMMARY FOR MARCH 4 2017...

CLIMATE NORMAL PERIOD 1981 TO 2010
CLIMATE RECORD PERIOD 1887 TO 2017


WEATHER ITEM   OBSERVED TIME   RECORD YEAR NORMAL DEPARTURE LAST
                VALUE   (LST)  VALUE       VALUE  FROM      YEAR
                                                  NORMAL
..................................................................
TEMPERATURE (F)
 YESTERDAY
  MAXIMUM         72    332 PM  81    1910  52     20       71
  MINIMUM         46    622 AM  -7    1978  29     17       26
  AVERAGE         59                        40     19       49

PRECIPITATION (IN)
  YESTERDAY        0.00          2.04 1963   0.07  -0.07     0.00
  MONTH TO DATE    0.00                      0.25  -0.25     0.01
  SINCE MAR 1      0.00                      0.25  -0.25     0.01
  SINCE JAN 1      1.39                      2.43  -1.04     1.28

SNOWFALL (IN)
  YESTERDAY        0.0           4.5  1915   0.1   -0.1      0.0
  MONTH TO DATE    0.0                       0.3   -0.3       T
  SINCE JAN 1      2.2                       9.7   -7.5      2.3
  SINCE JUL 1      5.3                      16.2  -10.9      3.5
  SNOW DEPTH       0

DEGREE DAYS
 HEATING
  YESTERDAY        6                        25    -19       16
  MONTH TO DATE   77                       101    -24       83
  SINCE MAR 1     77                       101    -24       83
  SINCE JUL 1   3258                      4068   -810     3335

 COOLING
  YESTERDAY        0                         0      0        0
  MONTH TO DATE    0                         0      0        0
  SINCE MAR 1      0                         0      0        0
  SINCE JAN 1      0                         0      0        0
..................................................................


WIND (MPH)
  HIGHEST WIND SPEED    26   HIGHEST WIND DIRECTION     S (190)
  HIGHEST GUST SPEED    37   HIGHEST GUST DIRECTION    SW (210)
  AVERAGE WIND SPEED    14.2


SKY COVER
  AVERAGE SKY COVER 0.2


WEATHER CONDITIONS
 THE FOLLOWING WEATHER WAS RECORDED YESTERDAY.
  NO SIGNIFICANT WEATHER WAS OBSERVED.


RELATIVE HUMIDITY (PERCENT)
 HIGHEST    46           800 AM
 LOWEST     22          1100 AM
 AVERAGE    34

..........................................................


THE TOPEKA KS CLIMATE NORMALS FOR TODAY
                         NORMAL    RECORD    YEAR
 MAXIMUM TEMPERATURE (F)   52        86      2009
 MINIMUM TEMPERATURE (F)   30        -1      1960


SUNRISE AND SUNSET
MARCH  5 2017.........SUNRISE   649 AM CST   SUNSET   620 PM CST
MARCH  6 2017.........SUNRISE   647 AM CST   SUNSET   621 PM CST


-  INDICATES NEGATIVE NUMBERS.
R  INDICATES RECORD WAS SET OR TIED.
MM INDICATES DATA IS MISSING.
T  INDICATES TRACE AMOUNT.




$$
