000
CDUS43 KTOP 102132
CLITOP


CLIMATE REPORT
NATIONAL WEATHER SERVICE TOPEKA KS
431 PM CDT SUN SEP 10 2017


...................................

...THE TOPEKA KS CLIMATE SUMMARY FOR SEPTEMBER 10 2017...
VALID TODAY AS OF 430 PM LOCAL TIME.

CLIMATE NORMAL PERIOD 1981 TO 2010
CLIMATE RECORD PERIOD 1887 TO 2017


WEATHER ITEM   OBSERVED TIME   RECORD YEAR NORMAL DEPARTURE LAST
                VALUE   (LST)  VALUE       VALUE  FROM      YEAR
                                                  NORMAL
..................................................................
TEMPERATURE (F)
 TODAY
  MAXIMUM         85    258 PM 103    1936  83      2       76
  MINIMUM         59    548 AM  36    1976  59      0       57
  AVERAGE         72                        71      1       67

PRECIPITATION (IN)
  TODAY            0.00          4.38 2015   0.13  -0.13     0.00
  MONTH TO DATE    T                         1.23  -1.23     1.63
  SINCE SEP 1      T                         1.23  -1.23     1.63
  SINCE JAN 1     33.47                     27.80   5.67    34.52

SNOWFALL (IN)
  TODAY            0.0           0.0    MM   0.0    0.0      0.0
  MONTH TO DATE    0.0                       0.0    0.0      0.0
  SINCE JAN 1      3.5                      11.3   -7.8      3.7
  SINCE JUL 1      T                         0.0    0.0       T
  SNOW DEPTH       0

DEGREE DAYS
 HEATING
  TODAY            0                         1     -1        0
  MONTH TO DATE    5                         5      0        0
  SINCE SEP 1      5                         5      0        0
  SINCE JUL 1      5                         7     -2        0

 COOLING
  TODAY            7                         7      0        2
  MONTH TO DATE   58                        81    -23      103
  SINCE SEP 1     58                        81    -23      103
  SINCE JAN 1   1248                      1309    -61     1504
..................................................................


WIND (MPH)
  HIGHEST WIND SPEED    15   HIGHEST WIND DIRECTION     S (160)
  HIGHEST GUST SPEED    20   HIGHEST GUST DIRECTION    SE (150)
  AVERAGE WIND SPEED     3.9



WEATHER CONDITIONS
 THE FOLLOWING WEATHER WAS RECORDED TODAY.
  LIGHT RAIN
  FOG


RELATIVE HUMIDITY (PERCENT)
 HIGHEST   100           300 AM
 LOWEST     44           200 PM
 AVERAGE    72

..........................................................


THE TOPEKA KS CLIMATE NORMALS FOR TOMORROW
                         NORMAL    RECORD    YEAR
 MAXIMUM TEMPERATURE (F)   82       104      2000
 MINIMUM TEMPERATURE (F)   58        39      1959


SUNRISE AND SUNSET
SEPTEMBER 10 2017.....SUNRISE   700 AM CDT   SUNSET   738 PM CDT
SEPTEMBER 11 2017.....SUNRISE   701 AM CDT   SUNSET   737 PM CDT


-  INDICATES NEGATIVE NUMBERS.
R  INDICATES RECORD WAS SET OR TIED.
MM INDICATES DATA IS MISSING.
T  INDICATES TRACE AMOUNT.




$$
