000
CDUS43 KTOP 052238
CLITOP


CLIMATE REPORT
NATIONAL WEATHER SERVICE TOPEKA KS
438 PM CST WED NOV 5 2014


...................................

...THE TOPEKA KS CLIMATE SUMMARY FOR NOVEMBER 5 2014...
VALID TODAY AS OF 0400 PM LOCAL TIME.

CLIMATE NORMAL PERIOD 1981 TO 2010
CLIMATE RECORD PERIOD 1887 TO 2014


WEATHER ITEM   OBSERVED TIME   RECORD YEAR NORMAL DEPARTURE LAST
                VALUE   (LST)  VALUE       VALUE  FROM      YEAR
                                                  NORMAL
..................................................................
TEMPERATURE (F)
 TODAY
  MAXIMUM         72    253 PM  82    1924  60     12       61
  MINIMUM         32    646 AM  17    1959  38     -6       42
  AVERAGE         52                        49      3       52

PRECIPITATION (IN)
  TODAY            0.00          1.78 1912   0.08  -0.08     0.48
  MONTH TO DATE    0.04                      0.38  -0.34     0.52
  SINCE SEP 1      8.64                      7.07   1.57     8.62
  SINCE JAN 1     28.48                     33.64  -5.16    33.09

SNOWFALL (IN)
  TODAY            0.0           1.0  1959   0.0    0.0      0.0
  MONTH TO DATE    0.0                       0.1   -0.1      0.0
  SINCE JAN 1     23.1                      11.7   11.4     24.2
  SINCE JUL 1      T                         0.4   -0.4       T
  SNOW DEPTH       0

DEGREE DAYS
 HEATING
  TODAY           13                        16     -3       13
  MONTH TO DATE   71                        76     -5       69
  SINCE SEP 1    325                       430   -105      386
  SINCE JUL 1    325                       432   -107      386

 COOLING
  TODAY            0                         0      0        0
  MONTH TO DATE    0                         0      0        0
  SINCE SEP 1    201                       192      9      292
  SINCE JAN 1   1611                      1420    191     1586
..................................................................


WIND (MPH)
  HIGHEST WIND SPEED    20   HIGHEST WIND DIRECTION    SW (210)
  HIGHEST GUST SPEED    27   HIGHEST GUST DIRECTION     S (200)
  AVERAGE WIND SPEED     5.3



WEATHER CONDITIONS
 THE FOLLOWING WEATHER WAS RECORDED TODAY.
  NO SIGNIFICANT WEATHER WAS OBSERVED.


RELATIVE HUMIDITY (PERCENT)
 HIGHEST   100           800 AM
 LOWEST     22           100 PM
 AVERAGE    61

..........................................................


THE TOPEKA KS CLIMATE NORMALS FOR TOMORROW
                         NORMAL    RECORD    YEAR
 MAXIMUM TEMPERATURE (F)   60        83      1980
                                             1915
                                             1891
 MINIMUM TEMPERATURE (F)   37        13      1959


SUNRISE AND SUNSET
NOVEMBER  5 2014......SUNRISE   654 AM CST   SUNSET   517 PM CST
NOVEMBER  6 2014......SUNRISE   656 AM CST   SUNSET   516 PM CST


-  INDICATES NEGATIVE NUMBERS.
R  INDICATES RECORD WAS SET OR TIED.
MM INDICATES DATA IS MISSING.
T  INDICATES TRACE AMOUNT.




$$
