000
CDUS43 KTOP 020634
CLITOP


CLIMATE REPORT
NATIONAL WEATHER SERVICE TOPEKA KS
133 AM CDT SUN APR 2 2017


...................................

...THE TOPEKA KS CLIMATE SUMMARY FOR APRIL 1 2017...

CLIMATE NORMAL PERIOD 1981 TO 2010
CLIMATE RECORD PERIOD 1887 TO 2017


WEATHER ITEM   OBSERVED TIME   RECORD YEAR NORMAL DEPARTURE LAST
                VALUE   (LST)  VALUE       VALUE  FROM      YEAR
                                                  NORMAL
..................................................................
TEMPERATURE (F)
 YESTERDAY
  MAXIMUM         53    430 PM  91    1940  62     -9       55
  MINIMUM         44    742 AM  20    1936  38      6       34
  AVERAGE         49                        50     -1       45

PRECIPITATION (IN)
  YESTERDAY        0.05          2.95 1967   0.10  -0.05      T
  MONTH TO DATE    0.05                      0.10  -0.05      T
  SINCE MAR 1      4.08                      2.59   1.49     2.30
  SINCE JAN 1      5.47                      4.77   0.70     3.57

SNOWFALL (IN)
  YESTERDAY        0.0           6.8  1970   0.0    0.0      0.0
  MONTH TO DATE    0.0                       0.0    0.0      0.0
  SINCE JAN 1      3.5                      11.0   -7.5      3.7
  SINCE JUL 1      6.6                      17.5  -10.9      4.9
  SNOW DEPTH       0

DEGREE DAYS
 HEATING
  YESTERDAY       16                        15      1       20
  MONTH TO DATE   16                        15      1       20
  SINCE MAR 1    516                       643   -127      448
  SINCE JUL 1   3697                      4610   -913     3700

 COOLING
  YESTERDAY        0                         0      0        0
  MONTH TO DATE    0                         0      0        0
  SINCE MAR 1      9                         3      6        3
  SINCE JAN 1      9                         3      6        3
..................................................................


WIND (MPH)
  HIGHEST WIND SPEED    17   HIGHEST WIND DIRECTION    NE (50)
  HIGHEST GUST SPEED    21   HIGHEST GUST DIRECTION     E (80)
  AVERAGE WIND SPEED     9.7


SKY COVER
  AVERAGE SKY COVER 1.0


WEATHER CONDITIONS
 THE FOLLOWING WEATHER WAS RECORDED YESTERDAY.
  LIGHT RAIN
  FOG
  HAZE


RELATIVE HUMIDITY (PERCENT)
 HIGHEST    93          1000 PM
 LOWEST     71           200 PM
 AVERAGE    82

..........................................................


THE TOPEKA KS CLIMATE NORMALS FOR TODAY
                         NORMAL    RECORD    YEAR
 MAXIMUM TEMPERATURE (F)   63        90      1889
 MINIMUM TEMPERATURE (F)   39        14      1970


SUNRISE AND SUNSET
APRIL  2 2017.........SUNRISE   705 AM CDT   SUNSET   748 PM CDT
APRIL  3 2017.........SUNRISE   704 AM CDT   SUNSET   748 PM CDT


-  INDICATES NEGATIVE NUMBERS.
R  INDICATES RECORD WAS SET OR TIED.
MM INDICATES DATA IS MISSING.
T  INDICATES TRACE AMOUNT.




$$
