000
CDUS43 KTOP 110633
CLITOP


CLIMATE REPORT
NATIONAL WEATHER SERVICE TOPEKA KS
132 AM CDT MON APR 11 2016


...................................

...THE TOPEKA KS CLIMATE SUMMARY FOR APRIL 10 2016...

CLIMATE NORMAL PERIOD 1981 TO 2010
CLIMATE RECORD PERIOD 1887 TO 2016


WEATHER ITEM   OBSERVED TIME   RECORD YEAR NORMAL DEPARTURE LAST
                VALUE   (LST)  VALUE       VALUE  FROM      YEAR
                                                  NORMAL
..................................................................
TEMPERATURE (F)
 YESTERDAY
  MAXIMUM         75    252 PM  92    1930  65     10       70
  MINIMUM         52   1153 PM  25    1989  41     11       39
  AVERAGE         64                        53     11       55

PRECIPITATION (IN)
  YESTERDAY        0.01          1.85 1944   0.11  -0.10     0.00
  MONTH TO DATE    0.16                      1.04  -0.88     0.20
  SINCE MAR 1      2.46                      3.53  -1.07     0.97
  SINCE JAN 1      3.73                      5.71  -1.98     2.96

SNOWFALL (IN)
  YESTERDAY        0.0           0.8  1997   0.0    0.0      0.0
  MONTH TO DATE    0.0                       0.2   -0.2      0.0
  SINCE JAN 1      3.7                      11.2   -7.5      7.9
  SINCE JUL 1      4.9                      17.7  -12.8     10.3
  SNOW DEPTH       0

DEGREE DAYS
 HEATING
  YESTERDAY        1                        12    -11       10
  MONTH TO DATE   99                       137    -38       77
  SINCE MAR 1    527                       765   -238      630
  SINCE JUL 1   3779                      4732   -953     4631

 COOLING
  YESTERDAY        0                         1     -1        0
  MONTH TO DATE    0                         3     -3        5
  SINCE MAR 1      3                         6     -3        5
  SINCE JAN 1      3                         6     -3        5
..................................................................


WIND (MPH)
  HIGHEST WIND SPEED    21   HIGHEST WIND DIRECTION     N (360)
  HIGHEST GUST SPEED    31   HIGHEST GUST DIRECTION     S (180)
  AVERAGE WIND SPEED    10.1


SKY COVER
  AVERAGE SKY COVER 0.5


WEATHER CONDITIONS
 THE FOLLOWING WEATHER WAS RECORDED YESTERDAY.
  THUNDERSTORM
  LIGHT RAIN


RELATIVE HUMIDITY (PERCENT)
 HIGHEST    77           500 AM
 LOWEST     46          1200 AM
 AVERAGE    62

..........................................................


THE TOPEKA KS CLIMATE NORMALS FOR TODAY
                         NORMAL    RECORD    YEAR
 MAXIMUM TEMPERATURE (F)   65        90      1996
 MINIMUM TEMPERATURE (F)   42        25      1940


SUNRISE AND SUNSET
APRIL 11 2016.........SUNRISE   651 AM CDT   SUNSET   756 PM CDT
APRIL 12 2016.........SUNRISE   649 AM CDT   SUNSET   757 PM CDT


-  INDICATES NEGATIVE NUMBERS.
R  INDICATES RECORD WAS SET OR TIED.
MM INDICATES DATA IS MISSING.
T  INDICATES TRACE AMOUNT.




$$
