000
CDUS43 KTOP 200634
CLITOP


CLIMATE REPORT
NATIONAL WEATHER SERVICE TOPEKA KS
134 AM CDT SAT SEP 20 2014


...................................

...THE TOPEKA KS CLIMATE SUMMARY FOR SEPTEMBER 19 2014...

CLIMATE NORMAL PERIOD 1981 TO 2010
CLIMATE RECORD PERIOD 1887 TO 2014


WEATHER ITEM   OBSERVED TIME   RECORD YEAR NORMAL DEPARTURE LAST
                VALUE   (LST)  VALUE       VALUE  FROM      YEAR
                                                  NORMAL
..................................................................
TEMPERATURE (F)
 YESTERDAY
  MAXIMUM         82    456 PM  97    1954  79      3       94
  MINIMUM         62    330 AM  35    1991  55      7       67
  AVERAGE         72                        67      5       81

PRECIPITATION (IN)
  YESTERDAY        0.00          2.54 1993   0.12  -0.12     0.54
  MONTH TO DATE    4.07                      2.32   1.75     3.09
  SINCE SEP 1      4.07                      2.32   1.75     3.09
  SINCE JAN 1     23.91                     28.89  -4.98    27.56

SNOWFALL (IN)
  YESTERDAY        0.0           T    1901   0.0    0.0      0.0
  MONTH TO DATE    0.0                       0.0    0.0      0.0
  SINCE JAN 1     23.1                      11.3   11.8     24.2
  SINCE JUL 1      T                         0.0    0.0      0.0
  SNOW DEPTH       0

DEGREE DAYS
 HEATING
  YESTERDAY        0                         3     -3        0
  MONTH TO DATE   46                        21     25        3
  SINCE SEP 1     46                        21     25        3
  SINCE JUL 1     46                        23     23        3

 COOLING
  YESTERDAY        7                         4      3       16
  MONTH TO DATE  115                       129    -14      225
  SINCE SEP 1    115                       129    -14      225
  SINCE JAN 1   1525                      1357    168     1519
..................................................................


WIND (MPH)
  HIGHEST WIND SPEED    16   HIGHEST WIND DIRECTION     S (160)
  HIGHEST GUST SPEED    21   HIGHEST GUST DIRECTION     S (170)
  AVERAGE WIND SPEED     8.7


SKY COVER
  AVERAGE SKY COVER 0.4


WEATHER CONDITIONS
 THE FOLLOWING WEATHER WAS RECORDED YESTERDAY.
  FOG


RELATIVE HUMIDITY (PERCENT)
 HIGHEST   100          1200 AM
 LOWEST     65           400 PM
 AVERAGE    83

..........................................................


THE TOPEKA KS CLIMATE NORMALS FOR TODAY
                         NORMAL    RECORD    YEAR
 MAXIMUM TEMPERATURE (F)   79        98      1980
                                             1944
 MINIMUM TEMPERATURE (F)   54        36      1991
                                             1918


SUNRISE AND SUNSET
SEPTEMBER 20 2014.....SUNRISE   708 AM CDT   SUNSET   723 PM CDT
SEPTEMBER 21 2014.....SUNRISE   709 AM CDT   SUNSET   721 PM CDT


-  INDICATES NEGATIVE NUMBERS.
R  INDICATES RECORD WAS SET OR TIED.
MM INDICATES DATA IS MISSING.
T  INDICATES TRACE AMOUNT.




$$
