000
CDUS43 KTOP 102132
CLITOP


CLIMATE REPORT
NATIONAL WEATHER SERVICE TOPEKA KS
432 PM CDT THU AUG 10 2017


...................................

...THE TOPEKA KS CLIMATE SUMMARY FOR AUGUST 10 2017...
VALID TODAY AS OF 0400 PM LOCAL TIME.

CLIMATE NORMAL PERIOD 1981 TO 2010
CLIMATE RECORD PERIOD 1887 TO 2017


WEATHER ITEM   OBSERVED TIME   RECORD YEAR NORMAL DEPARTURE LAST
                VALUE   (LST)  VALUE       VALUE  FROM      YEAR
                                                  NORMAL
..................................................................
TEMPERATURE (F)
 TODAY
  MAXIMUM         87    259 PM 112    1934  89     -2       96
  MINIMUM         65    547 AM  51    1989  67     -2       73
  AVERAGE         76                        78     -2       85

PRECIPITATION (IN)
  TODAY            0.00          4.92 1921   0.14  -0.14     0.00
  MONTH TO DATE    0.85                      1.34  -0.49     0.12
  SINCE JUN 1     12.24                     10.56   1.68     7.87
  SINCE JAN 1     27.39                     23.67   3.72    27.18

SNOWFALL (IN)
  TODAY            0.0           T    1921   0.0    0.0      0.0
  MONTH TO DATE    0.0                       0.0    0.0      0.0
  SINCE JAN 1      3.5                      11.3   -7.8      3.7
  SINCE JUL 1      T                         0.0    0.0       T
  SNOW DEPTH       0

DEGREE DAYS
 HEATING
  TODAY            0                         0      0        0
  MONTH TO DATE    0                         0      0        0
  SINCE JUN 1      0                         8     -8        0
  SINCE JUL 1      0                         0      0        0

 COOLING
  TODAY           11                        13     -2       20
  MONTH TO DATE   66                       139    -73      157
  SINCE JUN 1    874                       855     19     1070
  SINCE JAN 1   1003                       981     22     1162
..................................................................


WIND (MPH)
  HIGHEST WIND SPEED     9   HIGHEST WIND DIRECTION     S (180)
  HIGHEST GUST SPEED    11   HIGHEST GUST DIRECTION     S (180)
  AVERAGE WIND SPEED     0.7



WEATHER CONDITIONS
 THE FOLLOWING WEATHER WAS RECORDED TODAY.
  FOG


RELATIVE HUMIDITY (PERCENT)
 HIGHEST   100           200 AM
 LOWEST     55           300 PM
 AVERAGE    78

..........................................................


THE TOPEKA KS CLIMATE NORMALS FOR TOMORROW
                         NORMAL    RECORD    YEAR
 MAXIMUM TEMPERATURE (F)   89       110      1934
 MINIMUM TEMPERATURE (F)   67        51      2004


SUNRISE AND SUNSET
AUGUST 10 2017........SUNRISE   632 AM CDT   SUNSET   823 PM CDT
AUGUST 11 2017........SUNRISE   632 AM CDT   SUNSET   822 PM CDT


-  INDICATES NEGATIVE NUMBERS.
R  INDICATES RECORD WAS SET OR TIED.
MM INDICATES DATA IS MISSING.
T  INDICATES TRACE AMOUNT.




$$
