679
CDUS43 KTOP 150631
CLITOP


CLIMATE REPORT
NATIONAL WEATHER SERVICE TOPEKA KS
131 AM CDT FRI JUL 15 2016


...................................

...THE TOPEKA KS CLIMATE SUMMARY FOR JULY 14 2016...

CLIMATE NORMAL PERIOD 1981 TO 2010
CLIMATE RECORD PERIOD 1887 TO 2016


WEATHER ITEM   OBSERVED TIME   RECORD YEAR NORMAL DEPARTURE LAST
                VALUE   (LST)  VALUE       VALUE  FROM      YEAR
                                                  NORMAL
..................................................................
TEMPERATURE (F)
 YESTERDAY
  MAXIMUM         85    616 PM 110    1980  90     -5       96
  MINIMUM         69    529 AM  51    1990  69      0       75
                                      1975
  AVERAGE         77                        79     -2       86

PRECIPITATION (IN)
  YESTERDAY        0.00          1.34 1959   0.13  -0.13     0.00
                                      1947
  MONTH TO DATE    4.50                      1.88   2.62     5.34
  SINCE JUN 1      6.89                      7.28  -0.39    11.56
  SINCE JAN 1     26.20                     20.39   5.81    26.15

SNOWFALL (IN)
  YESTERDAY        0.0           0.0    MM   0.0    0.0      0.0
  MONTH TO DATE    0.0                       0.0    0.0      0.0
  SINCE JAN 1      3.7                      11.3   -7.6      7.9
  SINCE JUL 1      0.0                       0.0    0.0      0.0
  SNOW DEPTH       0

DEGREE DAYS
 HEATING
  YESTERDAY        0                         0      0        0
  MONTH TO DATE    0                         0      0        0
  SINCE JUN 1      0                         8     -8        0
  SINCE JUL 1      0                         0      0        0

 COOLING
  YESTERDAY       12                        14     -2       21
  MONTH TO DATE  189                       191     -2      164
  SINCE JUN 1    628                       475    153      532
  SINCE JAN 1    720                       601    119      614
..................................................................


WIND (MPH)
  HIGHEST WIND SPEED    14   HIGHEST WIND DIRECTION     S (190)
  HIGHEST GUST SPEED    20   HIGHEST GUST DIRECTION     S (200)
  AVERAGE WIND SPEED     2.9


SKY COVER
  AVERAGE SKY COVER 0.3


WEATHER CONDITIONS
 THE FOLLOWING WEATHER WAS RECORDED YESTERDAY.
  FOG
  FOG W/VISIBILITY <= 1/4 MILE


RELATIVE HUMIDITY (PERCENT)
 HIGHEST   100           100 AM
 LOWEST     47           200 PM
 AVERAGE    74

..........................................................


THE TOPEKA KS CLIMATE NORMALS FOR TODAY
                         NORMAL    RECORD    YEAR
 MAXIMUM TEMPERATURE (F)   90       111      1934
 MINIMUM TEMPERATURE (F)   69        52      1967


SUNRISE AND SUNSET
JULY 15 2016..........SUNRISE   609 AM CDT   SUNSET   847 PM CDT
JULY 16 2016..........SUNRISE   610 AM CDT   SUNSET   847 PM CDT


-  INDICATES NEGATIVE NUMBERS.
R  INDICATES RECORD WAS SET OR TIED.
MM INDICATES DATA IS MISSING.
T  INDICATES TRACE AMOUNT.




$$
