000
CDUS43 KTOP 010632
CLITOP


CLIMATE REPORT
NATIONAL WEATHER SERVICE TOPEKA KS
131 AM CDT FRI JUL 1 2016


...................................

...THE TOPEKA KS CLIMATE SUMMARY FOR JUNE 30 2016...

CLIMATE NORMAL PERIOD 1981 TO 2010
CLIMATE RECORD PERIOD 1887 TO 2016


WEATHER ITEM   OBSERVED TIME   RECORD YEAR NORMAL DEPARTURE LAST
                VALUE   (LST)  VALUE       VALUE  FROM      YEAR
                                                  NORMAL
..................................................................
TEMPERATURE (F)
 YESTERDAY
  MAXIMUM         91    137 PM 105    1933  88      3       92
  MINIMUM         70    525 AM  52    1924  67      3       65
  AVERAGE         81                        78      3       79

PRECIPITATION (IN)
  YESTERDAY        0.04          2.03 1893   0.16  -0.12     0.01
  MONTH TO DATE    2.39                      5.40  -3.01     6.22
  SINCE JUN 1      2.39                      5.40  -3.01     6.22
  SINCE JAN 1     21.70                     18.51   3.19    20.81

SNOWFALL (IN)
  YESTERDAY        0.0           T    1989   0.0    0.0      0.0
  MONTH TO DATE    0.0                       0.0    0.0      0.0
  SINCE JAN 1      3.7                      11.3   -7.6      7.9
  SINCE JUL 1      4.9                      17.8  -12.9     10.3
  SNOW DEPTH       0

DEGREE DAYS
 HEATING
  YESTERDAY        0                         0      0        0
  MONTH TO DATE    0                         6     -6        0
  SINCE JUN 1      0                         8     -8        0
  SINCE JUL 1   4002                      5021  -1019     4874

 COOLING
  YESTERDAY       16                        13      3       14
  MONTH TO DATE  439                       284    155      368
  SINCE JUN 1    439                       284    155      368
  SINCE JAN 1    531                       410    121      450
..................................................................


WIND (MPH)
  HIGHEST WIND SPEED    25   HIGHEST WIND DIRECTION    NE (60)
  HIGHEST GUST SPEED    31   HIGHEST GUST DIRECTION    NE (60)
  AVERAGE WIND SPEED     4.1


SKY COVER
  AVERAGE SKY COVER 0.2


WEATHER CONDITIONS
 THE FOLLOWING WEATHER WAS RECORDED YESTERDAY.
  LIGHT RAIN


RELATIVE HUMIDITY (PERCENT)
 HIGHEST    90           200 AM
 LOWEST     48           500 PM
 AVERAGE    69

..........................................................


THE TOPEKA KS CLIMATE NORMALS FOR TODAY
                         NORMAL    RECORD    YEAR
 MAXIMUM TEMPERATURE (F)   88       106      1933
 MINIMUM TEMPERATURE (F)   68        52      1968
                                             1924


SUNRISE AND SUNSET
JULY  1 2016..........SUNRISE   601 AM CDT   SUNSET   852 PM CDT
JULY  2 2016..........SUNRISE   601 AM CDT   SUNSET   852 PM CDT


-  INDICATES NEGATIVE NUMBERS.
R  INDICATES RECORD WAS SET OR TIED.
MM INDICATES DATA IS MISSING.
T  INDICATES TRACE AMOUNT.




$$
