000
CDUS43 KTOP 130633
CLITOP


CLIMATE REPORT
NATIONAL WEATHER SERVICE TOPEKA KS
133 AM CDT TUE JUN 13 2017


...................................

...THE TOPEKA KS CLIMATE SUMMARY FOR JUNE 12 2017...

CLIMATE NORMAL PERIOD 1981 TO 2010
CLIMATE RECORD PERIOD 1887 TO 2017


WEATHER ITEM   OBSERVED TIME   RECORD YEAR NORMAL DEPARTURE LAST
                VALUE   (LST)  VALUE       VALUE  FROM      YEAR
                                                  NORMAL
..................................................................
TEMPERATURE (F)
 YESTERDAY
  MAXIMUM         93    420 PM 102    1953  84      9       93
  MINIMUM         70    521 AM  48    1896  63      7       70
  AVERAGE         82                        73      9       82

PRECIPITATION (IN)
  YESTERDAY        0.00          2.86 1966   0.18  -0.18     0.00
  MONTH TO DATE    0.31                      2.16  -1.85     0.75
  SINCE JUN 1      0.31                      2.16  -1.85     0.75
  SINCE JAN 1     15.46                     15.27   0.19    20.06

SNOWFALL (IN)
  YESTERDAY        0.0           T    2008   0.0    0.0      0.0
  MONTH TO DATE    0.0                       0.0    0.0      0.0
  SINCE JAN 1      3.5                      11.3   -7.8      3.7
  SINCE JUL 1      6.6                      17.8  -11.2      4.9
  SNOW DEPTH       0

DEGREE DAYS
 HEATING
  YESTERDAY        0                         0      0        0
  MONTH TO DATE    0                         6     -6        0
  SINCE JUN 1      0                         6     -6        0
  SINCE JUL 1   4007                      5019  -1012     4002

 COOLING
  YESTERDAY       17                         9      8       17
  MONTH TO DATE  125                        87     38      129
  SINCE JUN 1    125                        87     38      129
  SINCE JAN 1    254                       213     41      221
..................................................................


WIND (MPH)
  HIGHEST WIND SPEED    21   HIGHEST WIND DIRECTION     S (170)
  HIGHEST GUST SPEED    29   HIGHEST GUST DIRECTION    SE (150)
  AVERAGE WIND SPEED    12.1


SKY COVER
  AVERAGE SKY COVER 0.1


WEATHER CONDITIONS
 THE FOLLOWING WEATHER WAS RECORDED YESTERDAY.
  NO SIGNIFICANT WEATHER WAS OBSERVED.


RELATIVE HUMIDITY (PERCENT)
 HIGHEST    90           500 AM
 LOWEST     52           500 PM
 AVERAGE    71

..........................................................


THE TOPEKA KS CLIMATE NORMALS FOR TODAY
                         NORMAL    RECORD    YEAR
 MAXIMUM TEMPERATURE (F)   84       107      1953
 MINIMUM TEMPERATURE (F)   63        44      1985


SUNRISE AND SUNSET
JUNE 13 2017..........SUNRISE   556 AM CDT   SUNSET   849 PM CDT
JUNE 14 2017..........SUNRISE   556 AM CDT   SUNSET   850 PM CDT


-  INDICATES NEGATIVE NUMBERS.
R  INDICATES RECORD WAS SET OR TIED.
MM INDICATES DATA IS MISSING.
T  INDICATES TRACE AMOUNT.




$$
