000
CDUS43 KTOP 292243
CLITOP


CLIMATE REPORT
NATIONAL WEATHER SERVICE TOPEKA KS
442 PM CST WED NOV 29 2017


...................................

...THE TOPEKA KS CLIMATE SUMMARY FOR NOVEMBER 29 2017...
VALID TODAY AS OF 0400 PM LOCAL TIME.

CLIMATE NORMAL PERIOD 1981 TO 2010
CLIMATE RECORD PERIOD 1887 TO 2017


WEATHER ITEM   OBSERVED TIME   RECORD YEAR NORMAL DEPARTURE LAST
                VALUE   (LST)  VALUE       VALUE  FROM      YEAR
                                                  NORMAL
..................................................................
TEMPERATURE (F)
 TODAY
  MAXIMUM         58    222 PM  76    1933  47     11       51
  MINIMUM         46    755 AM   2    1976  27     19       28
  AVERAGE         52                        37     15       40

PRECIPITATION (IN)
  TODAY            0.00          1.59 1975   0.05  -0.05     0.00
  MONTH TO DATE    0.10                      1.79  -1.69     0.19
  SINCE SEP 1      4.82                      8.48  -3.66     9.29
  SINCE JAN 1     38.29                     35.05   3.24    42.18

SNOWFALL (IN)
  TODAY            0.0           2.4  1919   0.1   -0.1      0.0
  MONTH TO DATE    T                         0.9   -0.9      0.0
  SINCE JAN 1      3.9                      12.5   -8.6      3.7
  SINCE JUL 1      0.4                       1.2   -0.8       T
  SNOW DEPTH       0

DEGREE DAYS
 HEATING
  TODAY           13                        28    -15       25
  MONTH TO DATE  545                       608    -63      388
  SINCE SEP 1    800                       962   -162      544
  SINCE JUL 1    800                       964   -164      544

 COOLING
  TODAY            0                         0      0        0
  MONTH TO DATE    0                         0      0       13
  SINCE SEP 1    283                       192     91      310
  SINCE JAN 1   1473                      1420     53     1711
..................................................................


WIND (MPH)
  HIGHEST WIND SPEED    18   HIGHEST WIND DIRECTION     E (90)
  HIGHEST GUST SPEED    23   HIGHEST GUST DIRECTION     E (80)
  AVERAGE WIND SPEED     9.2



WEATHER CONDITIONS
 THE FOLLOWING WEATHER WAS RECORDED TODAY.
  NO SIGNIFICANT WEATHER WAS OBSERVED.


RELATIVE HUMIDITY (PERCENT)
 HIGHEST    49           100 AM
 LOWEST     26          1200 PM
 AVERAGE    38

..........................................................


THE TOPEKA KS CLIMATE NORMALS FOR TOMORROW
                         NORMAL    RECORD    YEAR
 MAXIMUM TEMPERATURE (F)   47        74      1995
 MINIMUM TEMPERATURE (F)   27         4      1976
                                             1896


SUNRISE AND SUNSET
NOVEMBER 29 2017......SUNRISE   721 AM CST   SUNSET   501 PM CST
NOVEMBER 30 2017......SUNRISE   722 AM CST   SUNSET   501 PM CST


-  INDICATES NEGATIVE NUMBERS.
R  INDICATES RECORD WAS SET OR TIED.
MM INDICATES DATA IS MISSING.
T  INDICATES TRACE AMOUNT.




$$
