000
CDUS43 KTOP 122139
CLITOP


CLIMATE REPORT
NATIONAL WEATHER SERVICE TOPEKA KS
437 PM CDT TUE APR 12 2016


...................................

...THE TOPEKA KS CLIMATE SUMMARY FOR APRIL 12 2016...
VALID TODAY AS OF 430 PM LOCAL TIME.

CLIMATE NORMAL PERIOD 1981 TO 2010
CLIMATE RECORD PERIOD 1887 TO 2016


WEATHER ITEM   OBSERVED TIME   RECORD YEAR NORMAL DEPARTURE LAST
                VALUE   (LST)  VALUE       VALUE  FROM      YEAR
                                                  NORMAL
..................................................................
TEMPERATURE (F)
 TODAY
  MAXIMUM         65    250 PM  87    1972  66     -1       69
  MINIMUM         30    613 AM  20    1957  42    -12       52
  AVERAGE         48                        54     -6       61

PRECIPITATION (IN)
  TODAY            0.00          1.41 1993   0.11  -0.11     0.79
  MONTH TO DATE    0.16                      1.26  -1.10     0.99
  SINCE MAR 1      2.46                      3.75  -1.29     1.76
  SINCE JAN 1      3.73                      5.93  -2.20     3.75

SNOWFALL (IN)
  TODAY            0.0           2.4  1959   0.0    0.0      0.0
  MONTH TO DATE    0.0                       0.2   -0.2      0.0
  SINCE JAN 1      3.7                      11.2   -7.5      7.9
  SINCE JUL 1      4.9                      17.7  -12.8     10.3
  SNOW DEPTH       0

DEGREE DAYS
 HEATING
  TODAY           17                        12      5        4
  MONTH TO DATE  132                       161    -29       87
  SINCE MAR 1    560                       789   -229      640
  SINCE JUL 1   3812                      4756   -944     4641

 COOLING
  TODAY            0                         1     -1        0
  MONTH TO DATE    0                         5     -5        5
  SINCE MAR 1      3                         8     -5        5
  SINCE JAN 1      3                         8     -5        5
..................................................................


WIND (MPH)
  HIGHEST WIND SPEED    14   HIGHEST WIND DIRECTION    SE (140)
  HIGHEST GUST SPEED    22   HIGHEST GUST DIRECTION    SE (130)
  AVERAGE WIND SPEED     5.3



WEATHER CONDITIONS
 THE FOLLOWING WEATHER WAS RECORDED TODAY.
  NO SIGNIFICANT WEATHER WAS OBSERVED.


RELATIVE HUMIDITY (PERCENT)
 HIGHEST    75           700 AM
 LOWEST     19           200 PM
 AVERAGE    47

..........................................................


THE TOPEKA KS CLIMATE NORMALS FOR TOMORROW
                         NORMAL    RECORD    YEAR
 MAXIMUM TEMPERATURE (F)   66        95      2006
 MINIMUM TEMPERATURE (F)   43        21      1950


SUNRISE AND SUNSET
APRIL 12 2016.........SUNRISE   649 AM CDT   SUNSET   757 PM CDT
APRIL 13 2016.........SUNRISE   648 AM CDT   SUNSET   758 PM CDT


-  INDICATES NEGATIVE NUMBERS.
R  INDICATES RECORD WAS SET OR TIED.
MM INDICATES DATA IS MISSING.
T  INDICATES TRACE AMOUNT.




$$
