000
CDUS43 KTOP 200634
CLITOP


CLIMATE REPORT
NATIONAL WEATHER SERVICE TOPEKA KS
133 AM CDT MON JUL 20 2015


...................................

...THE TOPEKA KS CLIMATE SUMMARY FOR JULY 19 2015...

CLIMATE NORMAL PERIOD 1981 TO 2010
CLIMATE RECORD PERIOD 1887 TO 2015


WEATHER ITEM   OBSERVED TIME   RECORD YEAR NORMAL DEPARTURE LAST
                VALUE   (LST)  VALUE       VALUE  FROM      YEAR
                                                  NORMAL
..................................................................
TEMPERATURE (F)
 YESTERDAY
  MAXIMUM         89    512 PM 110    1934  90     -1       84
  MINIMUM         72    823 AM  57    2009  69      3       59
                                      1971
                                      1947
  AVERAGE         81                        79      2       72

PRECIPITATION (IN)
  YESTERDAY        0.16          2.85 1995   0.12   0.04     0.00
  MONTH TO DATE    6.72                      2.47   4.25     0.95
  SINCE JUN 1     12.94                      7.87   5.07     7.18
  SINCE JAN 1     27.53                     20.98   6.55    14.65

SNOWFALL (IN)
  YESTERDAY        0.0           0.0    MM   0.0    0.0      0.0
  MONTH TO DATE    0.0                       0.0    0.0      0.0
  SINCE JAN 1      7.9                      11.3   -3.4     23.1
  SINCE JUL 1      0.0                       0.0    0.0      0.0
  SNOW DEPTH       0

DEGREE DAYS
 HEATING
  YESTERDAY        0                         0      0        0
  MONTH TO DATE    0                         0      0        0
  SINCE JUN 1      0                         8     -8        0
  SINCE JUL 1      0                         0      0        0

 COOLING
  YESTERDAY       16                        14      2        7
  MONTH TO DATE  256                       261     -5      190
  SINCE JUN 1    624                       545     79      526
  SINCE JAN 1    706                       671     35      743
..................................................................


WIND (MPH)
  HIGHEST WIND SPEED    17   HIGHEST WIND DIRECTION     W (270)
  HIGHEST GUST SPEED    23   HIGHEST GUST DIRECTION     W (270)
  AVERAGE WIND SPEED     5.5


SKY COVER
  AVERAGE SKY COVER 0.3


WEATHER CONDITIONS
 THE FOLLOWING WEATHER WAS RECORDED YESTERDAY.
  THUNDERSTORM
  RAIN
  LIGHT RAIN
  FOG


RELATIVE HUMIDITY (PERCENT)
 HIGHEST    93           500 AM
 LOWEST     64           500 PM
 AVERAGE    79

..........................................................


THE TOPEKA KS CLIMATE NORMALS FOR TODAY
                         NORMAL    RECORD    YEAR
 MAXIMUM TEMPERATURE (F)   90       109      1934
 MINIMUM TEMPERATURE (F)   69        52      1971


SUNRISE AND SUNSET
JULY 20 2015..........SUNRISE   613 AM CDT   SUNSET   845 PM CDT
JULY 21 2015..........SUNRISE   614 AM CDT   SUNSET   844 PM CDT


-  INDICATES NEGATIVE NUMBERS.
R  INDICATES RECORD WAS SET OR TIED.
MM INDICATES DATA IS MISSING.
T  INDICATES TRACE AMOUNT.




$$
