468
CDUS43 KTOP 270633
CLITOP


CLIMATE REPORT
NATIONAL WEATHER SERVICE TOPEKA KS
1231 AM CST WED JAN 27 2016


...................................

...THE TOPEKA KS CLIMATE SUMMARY FOR JANUARY 26 2016...

CLIMATE NORMAL PERIOD 1981 TO 2010
CLIMATE RECORD PERIOD 1887 TO 2016


WEATHER ITEM   OBSERVED TIME   RECORD YEAR NORMAL DEPARTURE LAST
                VALUE   (LST)  VALUE       VALUE  FROM      YEAR
                                                  NORMAL
..................................................................
TEMPERATURE (F)
 YESTERDAY
  MAXIMUM         42    344 PM  67    1944  41      1       66
  MINIMUM         23   1159 PM -10    1904  20      3       23
  AVERAGE         33                        30      3       45

PRECIPITATION (IN)
  YESTERDAY        0.00          0.99 1916   0.03  -0.03     0.00
  MONTH TO DATE    0.90                      0.68   0.22     0.08
  SINCE DEC 1      3.61                      2.03   1.58     2.35
  SINCE JAN 1      0.90                      0.68   0.22     0.08

SNOWFALL (IN)
  YESTERDAY        0.0           4.4  1969   0.2   -0.2      0.0
  MONTH TO DATE    2.1                       4.1   -2.0      1.2
  SINCE JAN 1      2.1                       4.1   -2.0      1.2
  SINCE JUL 1      3.3                      10.6   -7.3      3.6
  SNOW DEPTH       0

DEGREE DAYS
 HEATING
  YESTERDAY       32                        35     -3       20
  MONTH TO DATE  939                       917     22      904
  SINCE DEC 1   1710                      1940   -230     1787
  SINCE JUL 1   2446                      2934   -488     2818

 COOLING
  YESTERDAY        0                         0      0        0
  MONTH TO DATE    0                         0      0        0
  SINCE DEC 1      0                         0      0        0
  SINCE JAN 1      0                         0      0        0
..................................................................


WIND (MPH)
  HIGHEST WIND SPEED    22   HIGHEST WIND DIRECTION    NW (310)
  HIGHEST GUST SPEED    26   HIGHEST GUST DIRECTION    NW (300)
  AVERAGE WIND SPEED     7.4


SKY COVER
  AVERAGE SKY COVER 0.5


WEATHER CONDITIONS
 THE FOLLOWING WEATHER WAS RECORDED YESTERDAY.
  NO SIGNIFICANT WEATHER WAS OBSERVED.


RELATIVE HUMIDITY (PERCENT)
 HIGHEST    81          1000 PM
 LOWEST     50           100 PM
 AVERAGE    66

..........................................................


THE TOPEKA KS CLIMATE NORMALS FOR TODAY
                         NORMAL    RECORD    YEAR
 MAXIMUM TEMPERATURE (F)   41        67      2002
                                             1934
 MINIMUM TEMPERATURE (F)   20       -10      1902


SUNRISE AND SUNSET
JANUARY 27 2016.......SUNRISE   734 AM CST   SUNSET   537 PM CST
JANUARY 28 2016.......SUNRISE   733 AM CST   SUNSET   538 PM CST


-  INDICATES NEGATIVE NUMBERS.
R  INDICATES RECORD WAS SET OR TIED.
MM INDICATES DATA IS MISSING.
T  INDICATES TRACE AMOUNT.




$$
