000
CDUS43 KTOP 010636
CLITOP


CLIMATE REPORT
NATIONAL WEATHER SERVICE TOPEKA KS
1232 AM CST WED MAR 1 2017


...................................

...THE TOPEKA KS CLIMATE SUMMARY FOR FEBRUARY 28 2017...

CLIMATE NORMAL PERIOD 1981 TO 2010
CLIMATE RECORD PERIOD 1887 TO 2017


WEATHER ITEM   OBSERVED TIME   RECORD YEAR NORMAL DEPARTURE LAST
                VALUE   (LST)  VALUE       VALUE  FROM      YEAR
                                                  NORMAL
..................................................................
TEMPERATURE (F)
 YESTERDAY
  MAXIMUM         73    355 PM  81    2006  50     23       68
  MINIMUM         42   1159 PM  -5    1890  28     14       35
  AVERAGE         58                        39     19       52

PRECIPITATION (IN)
  YESTERDAY        0.00          1.65 1987   0.05  -0.05     0.00
  MONTH TO DATE    0.11                      1.32  -1.21     0.37
  SINCE DEC 1      2.44                      3.53  -1.09     3.98
  SINCE JAN 1      1.39                      2.18  -0.79     1.27

SNOWFALL (IN)
  YESTERDAY        0.0           3.7  1919   0.1   -0.1      0.0
  MONTH TO DATE    T                         4.5   -4.5      0.2
  SINCE JAN 1      2.2                       9.4   -7.2      2.3
  SINCE JUL 1      5.3                      15.9  -10.6      3.5
  SNOW DEPTH       0

DEGREE DAYS
 HEATING
  YESTERDAY        7                        26    -19       13
  MONTH TO DATE  574                       856   -282      682
  SINCE DEC 1   2608                      2973   -365     2502
  SINCE JUL 1   3181                      3967   -786     3238

 COOLING
  YESTERDAY        0                         0      0        0
  MONTH TO DATE    0                         0      0        0
  SINCE DEC 1      0                         0      0        0
  SINCE JAN 1      0                         0      0        0
..................................................................


WIND (MPH)
  HIGHEST WIND SPEED    31   HIGHEST WIND DIRECTION    NW (320)
  HIGHEST GUST SPEED    40   HIGHEST GUST DIRECTION    NW (320)
  AVERAGE WIND SPEED    14.1


SKY COVER
  AVERAGE SKY COVER 0.4


WEATHER CONDITIONS
 THE FOLLOWING WEATHER WAS RECORDED YESTERDAY.
  NO SIGNIFICANT WEATHER WAS OBSERVED.


RELATIVE HUMIDITY (PERCENT)
 HIGHEST    93           700 AM
 LOWEST     28           300 PM
 AVERAGE    61

..........................................................


THE TOPEKA KS CLIMATE NORMALS FOR TODAY
                         NORMAL    RECORD    YEAR
 MAXIMUM TEMPERATURE (F)   50        82      1992
 MINIMUM TEMPERATURE (F)   28        -1      1962


SUNRISE AND SUNSET
MARCH  1 2017.........SUNRISE   655 AM CST   SUNSET   615 PM CST
MARCH  2 2017.........SUNRISE   653 AM CST   SUNSET   617 PM CST


-  INDICATES NEGATIVE NUMBERS.
R  INDICATES RECORD WAS SET OR TIED.
MM INDICATES DATA IS MISSING.
T  INDICATES TRACE AMOUNT.

$$
