000
CDUS43 KTOP 132233
CLITOP


CLIMATE REPORT
NATIONAL WEATHER SERVICE TOPEKA KS
432 PM CST SAT DEC 13 2014


...................................

...THE TOPEKA KS CLIMATE SUMMARY FOR DECEMBER 13 2014...
VALID TODAY AS OF 0400 PM LOCAL TIME.

CLIMATE NORMAL PERIOD 1981 TO 2010
CLIMATE RECORD PERIOD 1887 TO 2014


WEATHER ITEM   OBSERVED TIME   RECORD YEAR NORMAL DEPARTURE LAST
                VALUE   (LST)  VALUE       VALUE  FROM      YEAR
                                                  NORMAL
..................................................................
TEMPERATURE (F)
 TODAY
  MAXIMUM         56    304 PM  70    1921  42     14       40
  MINIMUM         49    425 AM -12    1961  23     26       30
  AVERAGE         53                        32     21       35

PRECIPITATION (IN)
  TODAY            0.00          1.16 1992   0.05  -0.05     0.01
  MONTH TO DATE    1.09                      0.66   0.43     0.09
  SINCE DEC 1      1.09                      0.66   0.43     0.09
  SINCE JAN 1     29.97                     35.77  -5.80    33.54

SNOWFALL (IN)
  TODAY            0.0           5.0  1920   0.1   -0.1      0.0
  MONTH TO DATE    0.0                       1.9   -1.9      1.0
  SINCE JAN 1     23.5                      14.5    9.0     25.2
  SINCE JUL 1      0.4                       3.2   -2.8      1.0
  SNOW DEPTH       0

DEGREE DAYS
 HEATING
  TODAY           12                        33    -21       30
  MONTH TO DATE  344                       403    -59      493
  SINCE DEC 1    344                       403    -59      493
  SINCE JUL 1   1375                      1397    -22     1489

 COOLING
  TODAY            0                         0      0        0
  MONTH TO DATE    0                         0      0        0
  SINCE DEC 1      0                         0      0        0
  SINCE JAN 1   1611                      1422    189     1586
..................................................................


WIND (MPH)
  HIGHEST WIND SPEED    15   HIGHEST WIND DIRECTION     S (160)
  HIGHEST GUST SPEED    19   HIGHEST GUST DIRECTION    SE (150)
  AVERAGE WIND SPEED     7.6



WEATHER CONDITIONS
 THE FOLLOWING WEATHER WAS RECORDED TODAY.
  FOG


RELATIVE HUMIDITY (PERCENT)
 HIGHEST    96          1000 AM
 LOWEST     86           300 PM
 AVERAGE    91

..........................................................


THE TOPEKA KS CLIMATE NORMALS FOR TOMORROW
                         NORMAL    RECORD    YEAR
 MAXIMUM TEMPERATURE (F)   42        70      1933
 MINIMUM TEMPERATURE (F)   22        -8      1901


SUNRISE AND SUNSET
DECEMBER 13 2014......SUNRISE   733 AM CST   SUNSET   500 PM CST
DECEMBER 14 2014......SUNRISE   734 AM CST   SUNSET   501 PM CST


-  INDICATES NEGATIVE NUMBERS.
R  INDICATES RECORD WAS SET OR TIED.
MM INDICATES DATA IS MISSING.
T  INDICATES TRACE AMOUNT.




$$
