000
CDUS43 KTOP 150634
CLITOP


CLIMATE REPORT
NATIONAL WEATHER SERVICE TOPEKA KS
1233 AM CST TUE NOV 15 2016


...................................

...THE TOPEKA KS CLIMATE SUMMARY FOR NOVEMBER 14 2016...

CLIMATE NORMAL PERIOD 1981 TO 2010
CLIMATE RECORD PERIOD 1887 TO 2016


WEATHER ITEM   OBSERVED TIME   RECORD YEAR NORMAL DEPARTURE LAST
                VALUE   (LST)  VALUE       VALUE  FROM      YEAR
                                                  NORMAL
..................................................................
TEMPERATURE (F)
 YESTERDAY
  MAXIMUM         70    237 PM  77    1897  56     14       71
  MINIMUM         38    750 AM   6    1940  34      4       35
  AVERAGE         54                        45      9       53

PRECIPITATION (IN)
  YESTERDAY        0.00          1.90 1931   0.06  -0.06     0.00
  MONTH TO DATE    0.06                      0.99  -0.93      T
  SINCE SEP 1      9.16                      7.68   1.48     8.33
  SINCE JAN 1     42.05                     34.25   7.80    41.57

SNOWFALL (IN)
  YESTERDAY        0.0           0.5  1969   0.0    0.0      0.0
  MONTH TO DATE    0.0                       0.2   -0.2      0.0
  SINCE JAN 1      3.7                      11.8   -8.1      7.9
  SINCE JUL 1      T                         0.5   -0.5      0.0
  SNOW DEPTH       0

DEGREE DAYS
 HEATING
  YESTERDAY       11                        20     -9       12
  MONTH TO DATE  147                       241    -94      157
  SINCE SEP 1    303                       595   -292      404
  SINCE JUL 1    303                       597   -294      404

 COOLING
  YESTERDAY        0                         0      0        0
  MONTH TO DATE    7                         0      7        0
  SINCE SEP 1    304                       192    112      318
  SINCE JAN 1   1705                      1420    285     1536
..................................................................


WIND (MPH)
  HIGHEST WIND SPEED    12   HIGHEST WIND DIRECTION     N (10)
  HIGHEST GUST SPEED    16   HIGHEST GUST DIRECTION    NE (30)
  AVERAGE WIND SPEED     3.2


SKY COVER
  AVERAGE SKY COVER 0.0


WEATHER CONDITIONS
 THE FOLLOWING WEATHER WAS RECORDED YESTERDAY.
  FOG


RELATIVE HUMIDITY (PERCENT)
 HIGHEST    92           700 AM
 LOWEST     37           200 PM
 AVERAGE    65

..........................................................


THE TOPEKA KS CLIMATE NORMALS FOR TODAY
                         NORMAL    RECORD    YEAR
 MAXIMUM TEMPERATURE (F)   55        78      1950
                                             1899
                                             1887
 MINIMUM TEMPERATURE (F)   33         9      1940


SUNRISE AND SUNSET
NOVEMBER 15 2016......SUNRISE   706 AM CST   SUNSET   508 PM CST
NOVEMBER 16 2016......SUNRISE   707 AM CST   SUNSET   507 PM CST


-  INDICATES NEGATIVE NUMBERS.
R  INDICATES RECORD WAS SET OR TIED.
MM INDICATES DATA IS MISSING.
T  INDICATES TRACE AMOUNT.




$$
