000
CDUS43 KTOP 170643
CLITOP


CLIMATE REPORT
NATIONAL WEATHER SERVICE TOPEKA KS
1242 AM CST SAT JAN 17 2015


...................................

...THE TOPEKA KS CLIMATE SUMMARY FOR JANUARY 16 2015...

CLIMATE NORMAL PERIOD 1981 TO 2010
CLIMATE RECORD PERIOD 1887 TO 2015


WEATHER ITEM   OBSERVED TIME   RECORD YEAR NORMAL DEPARTURE LAST
                VALUE   (LST)  VALUE       VALUE  FROM      YEAR
                                                  NORMAL
..................................................................
TEMPERATURE (F)
 YESTERDAY
  MAXIMUM         65    251 PM  70    1894  40     25       51
  MINIMUM         18    628 AM -11    1888  19     -1       26
  AVERAGE         42                        30     12       39

PRECIPITATION (IN)
  YESTERDAY        0.00          0.81 1941   0.02  -0.02      T
  MONTH TO DATE    0.08                      0.38  -0.30     0.34
  SINCE DEC 1      2.35                      1.73   0.62     0.90
  SINCE JAN 1      0.08                      0.38  -0.30     0.34

SNOWFALL (IN)
  YESTERDAY        0.0           5.2  1915   0.2   -0.2       T
  MONTH TO DATE    1.2                       2.5   -1.3      3.8
  SINCE JAN 1      1.2                       2.5   -1.3      3.8
  SINCE JUL 1      3.6                       9.0   -5.4      8.1
  SNOW DEPTH       0

DEGREE DAYS
 HEATING
  YESTERDAY       23                        35    -12       26
  MONTH TO DATE  658                       567     91      607
  SINCE DEC 1   1541                      1590    -49     1715
  SINCE JUL 1   2572                      2584    -12     2711

 COOLING
  YESTERDAY        0                         0      0        0
  MONTH TO DATE    0                         0      0        0
  SINCE DEC 1      0                         0      0        0
  SINCE JAN 1      0                         0      0        0
..................................................................


WIND (MPH)
  HIGHEST WIND SPEED    23   HIGHEST WIND DIRECTION    SW (210)
  HIGHEST GUST SPEED    32   HIGHEST GUST DIRECTION    SW (210)
  AVERAGE WIND SPEED     7.6


SKY COVER
  AVERAGE SKY COVER 0.0


WEATHER CONDITIONS
 THE FOLLOWING WEATHER WAS RECORDED YESTERDAY.
  NO SIGNIFICANT WEATHER WAS OBSERVED.


RELATIVE HUMIDITY (PERCENT)
 HIGHEST    92           200 AM
 LOWEST     19           300 PM
 AVERAGE    56

..........................................................


THE TOPEKA KS CLIMATE NORMALS FOR TODAY
                         NORMAL    RECORD    YEAR
 MAXIMUM TEMPERATURE (F)   40        66      1923
 MINIMUM TEMPERATURE (F)   19       -12      1930


SUNRISE AND SUNSET
JANUARY 17 2015.......SUNRISE   739 AM CST   SUNSET   526 PM CST
JANUARY 18 2015.......SUNRISE   739 AM CST   SUNSET   527 PM CST


-  INDICATES NEGATIVE NUMBERS.
R  INDICATES RECORD WAS SET OR TIED.
MM INDICATES DATA IS MISSING.
T  INDICATES TRACE AMOUNT.




$$
