000
CDUS43 KTOP 312140
CLITOP


CLIMATE REPORT
NATIONAL WEATHER SERVICE TOPEKA KS
440 PM CDT WED AUG 31 2016


...................................

...THE TOPEKA KS CLIMATE SUMMARY FOR AUGUST 31 2016...
VALID TODAY AS OF 0400 PM LOCAL TIME.

CLIMATE NORMAL PERIOD 1981 TO 2010
CLIMATE RECORD PERIOD 1887 TO 2016


WEATHER ITEM   OBSERVED TIME   RECORD YEAR NORMAL DEPARTURE LAST
                VALUE   (LST)  VALUE       VALUE  FROM      YEAR
                                                  NORMAL
..................................................................
TEMPERATURE (F)
 TODAY
  MAXIMUM         81    259 PM 107    2000  86     -5       91
                                      1947
  MINIMUM         69    504 AM  47    1967  63      6       64
                                      1915
  AVERAGE         75                        74      1       78

PRECIPITATION (IN)
  TODAY            1.32          3.88 1977   0.13   1.19     0.00
  MONTH TO DATE    5.83                      4.24   1.59     3.10
  SINCE JUN 1     13.58                     13.46   0.12    18.65
  SINCE JAN 1     32.89                     26.57   6.32    33.24

SNOWFALL (IN)
  TODAY            0.0           T    1974   0.0    0.0      0.0
  MONTH TO DATE    0.0                       0.0    0.0      0.0
  SINCE JAN 1      3.7                      11.3   -7.6      7.9
  SINCE JUL 1      T                         0.0    0.0      0.0
  SNOW DEPTH       0

DEGREE DAYS
 HEATING
  TODAY            0                         0      0        0
  MONTH TO DATE    0                         0      0        0
  SINCE JUN 1      0                        10    -10        0
  SINCE JUL 1      0                         2     -2        0

 COOLING
  TODAY           10                        10      0       13
  MONTH TO DATE  399                       386     13      322
  SINCE JUN 1   1312                      1102    210     1136
  SINCE JAN 1   1404                      1228    176     1218
..................................................................


WIND (MPH)
  HIGHEST WIND SPEED    16   HIGHEST WIND DIRECTION    SW (210)
  HIGHEST GUST SPEED    21   HIGHEST GUST DIRECTION    SW (220)
  AVERAGE WIND SPEED     3.0



WEATHER CONDITIONS
 THE FOLLOWING WEATHER WAS RECORDED TODAY.
  THUNDERSTORM
  HEAVY RAIN
  RAIN
  LIGHT RAIN
  FOG


RELATIVE HUMIDITY (PERCENT)
 HIGHEST   100           700 AM
 LOWEST     69           300 PM
 AVERAGE    85

..........................................................


THE TOPEKA KS CLIMATE NORMALS FOR TOMORROW
                         NORMAL    RECORD    YEAR
 MAXIMUM TEMPERATURE (F)   86       106      2011
 MINIMUM TEMPERATURE (F)   62        44      1949


SUNRISE AND SUNSET
AUGUST 31 2016........SUNRISE   651 AM CDT   SUNSET   754 PM CDT
SEPTEMBER  1 2016.....SUNRISE   652 AM CDT   SUNSET   752 PM CDT


-  INDICATES NEGATIVE NUMBERS.
R  INDICATES RECORD WAS SET OR TIED.
MM INDICATES DATA IS MISSING.
T  INDICATES TRACE AMOUNT.




$$
