000
CDUS43 KTOP 240635
CLITOP


CLIMATE REPORT
NATIONAL WEATHER SERVICE TOPEKA KS
1233 AM CST WED DEC 24 2014


...................................

...THE TOPEKA KS CLIMATE SUMMARY FOR DECEMBER 23 2014...

CLIMATE NORMAL PERIOD 1981 TO 2010
CLIMATE RECORD PERIOD 1887 TO 2014


WEATHER ITEM   OBSERVED TIME   RECORD YEAR NORMAL DEPARTURE LAST
                VALUE   (LST)  VALUE       VALUE  FROM      YEAR
                                                  NORMAL
..................................................................
TEMPERATURE (F)
 YESTERDAY
  MAXIMUM         44    136 AM  70    1933  40      4       16
  MINIMUM         34    808 AM -26    1989  21     13        4
  AVERAGE         39                        30      9       10

PRECIPITATION (IN)
  YESTERDAY        0.01          1.32 1965   0.04  -0.03      T
  MONTH TO DATE    2.24                      1.09   1.15     0.56
  SINCE DEC 1      2.24                      1.09   1.15     0.56
  SINCE JAN 1     31.12                     36.20  -5.08    34.01

SNOWFALL (IN)
  YESTERDAY        0.0           4.6  1918   0.2   -0.2      0.2
  MONTH TO DATE    2.0                       3.7   -1.7      4.3
  SINCE JAN 1     25.5                      16.3    9.2     28.5
  SINCE JUL 1      2.4                       5.0   -2.6      4.3
  SNOW DEPTH       0

DEGREE DAYS
 HEATING
  YESTERDAY       26                        35     -9       55
  MONTH TO DATE  603                       743   -140      834
  SINCE DEC 1    603                       743   -140      834
  SINCE JUL 1   1634                      1737   -103     1830

 COOLING
  YESTERDAY        0                         0      0        0
  MONTH TO DATE    0                         0      0        0
  SINCE DEC 1      0                         0      0        0
  SINCE JAN 1   1611                      1422    189     1586
..................................................................


WIND (MPH)
  HIGHEST WIND SPEED    20   HIGHEST WIND DIRECTION     N (340)
  HIGHEST GUST SPEED    27   HIGHEST GUST DIRECTION    NW (320)
  AVERAGE WIND SPEED     9.4


SKY COVER
  AVERAGE SKY COVER 0.7


WEATHER CONDITIONS
 THE FOLLOWING WEATHER WAS RECORDED YESTERDAY.
  LIGHT RAIN


RELATIVE HUMIDITY (PERCENT)
 HIGHEST    89           800 AM
 LOWEST     70          1200 AM
 AVERAGE    80

..........................................................


THE TOPEKA KS CLIMATE NORMALS FOR TODAY
                         NORMAL    RECORD    YEAR
 MAXIMUM TEMPERATURE (F)   40        68      1889
 MINIMUM TEMPERATURE (F)   21       -14      1983


SUNRISE AND SUNSET
DECEMBER 24 2014......SUNRISE   739 AM CST   SUNSET   505 PM CST
DECEMBER 25 2014......SUNRISE   740 AM CST   SUNSET   506 PM CST


-  INDICATES NEGATIVE NUMBERS.
R  INDICATES RECORD WAS SET OR TIED.
MM INDICATES DATA IS MISSING.
T  INDICATES TRACE AMOUNT.




$$
