000
CDUS43 KTOP 260634
CLITOP


CLIMATE REPORT
NATIONAL WEATHER SERVICE TOPEKA KS
133 AM CDT WED MAR 26 2014


...................................

...THE TOPEKA KS CLIMATE SUMMARY FOR MARCH 25 2014...

CLIMATE NORMAL PERIOD 1981 TO 2010
CLIMATE RECORD PERIOD 1887 TO 2014


WEATHER ITEM   OBSERVED TIME   RECORD YEAR NORMAL DEPARTURE LAST
                VALUE   (LST)  VALUE       VALUE  FROM      YEAR
                                                  NORMAL
..................................................................
TEMPERATURE (F)
 YESTERDAY
  MAXIMUM         45    329 PM  91    1907  60    -15       34
  MINIMUM         25    137 AM   6    1955  36    -11       23
  AVERAGE         35                        48    -13       29

PRECIPITATION (IN)
  YESTERDAY        0.00          1.08 1959   0.09  -0.09      T
  MONTH TO DATE    0.63                      1.89  -1.26     1.98
  SINCE MAR 1      0.63                      1.89  -1.26     1.98
  SINCE JAN 1      2.29                      4.07  -1.78     4.42

SNOWFALL (IN)
  YESTERDAY        0.0           5.4  1957   0.0    0.0       T
  MONTH TO DATE    4.1                       1.4    2.7      7.9
  SINCE JAN 1     23.0                      10.8   12.2     23.9
  SINCE JUL 1     27.3                      17.3   10.0     29.3
  SNOW DEPTH       0

DEGREE DAYS
 HEATING
  YESTERDAY       30                        17     13       36
  MONTH TO DATE  624                       531     93      664
  SINCE MAR 1    624                       531     93      664
  SINCE JUL 1   4946                      4498    448     4221

 COOLING
  YESTERDAY        0                         0      0        0
  MONTH TO DATE    0                         0      0        0
  SINCE MAR 1      0                         0      0        0
  SINCE JAN 1      0                         0      0        0
..................................................................


WIND (MPH)
  HIGHEST WIND SPEED    22   HIGHEST WIND DIRECTION     N (350)
  HIGHEST GUST SPEED    29   HIGHEST GUST DIRECTION     N (350)
  AVERAGE WIND SPEED     7.9


SKY COVER
  AVERAGE SKY COVER 0.2


WEATHER CONDITIONS
 THE FOLLOWING WEATHER WAS RECORDED YESTERDAY.
  FOG
  HAZE


RELATIVE HUMIDITY (PERCENT)
 HIGHEST    92          1200 AM
 LOWEST     24           500 PM
 AVERAGE    58

..........................................................


THE TOPEKA KS CLIMATE NORMALS FOR TODAY
                         NORMAL    RECORD    YEAR
 MAXIMUM TEMPERATURE (F)   60        85      1991
                                             1910
 MINIMUM TEMPERATURE (F)   37         5      1955


SUNRISE AND SUNSET
MARCH 26 2014.........SUNRISE   716 AM CDT   SUNSET   740 PM CDT
MARCH 27 2014.........SUNRISE   715 AM CDT   SUNSET   741 PM CDT


-  INDICATES NEGATIVE NUMBERS.
R  INDICATES RECORD WAS SET OR TIED.
MM INDICATES DATA IS MISSING.
T  INDICATES TRACE AMOUNT.




$$
