000
CDUS43 KTOP 240631
CLITOP


CLIMATE REPORT
NATIONAL WEATHER SERVICE TOPEKA KS
131 AM CDT THU JUL 24 2014


...................................

...THE TOPEKA KS CLIMATE SUMMARY FOR JULY 23 2014...

CLIMATE NORMAL PERIOD 1981 TO 2010
CLIMATE RECORD PERIOD 1887 TO 2014


WEATHER ITEM   OBSERVED TIME   RECORD YEAR NORMAL DEPARTURE LAST
                VALUE   (LST)  VALUE       VALUE  FROM      YEAR
                                                  NORMAL
..................................................................
TEMPERATURE (F)
 YESTERDAY
  MAXIMUM         91    411 PM 106    2012  90      1       89
                                      2011
                                      1941
  MINIMUM         71   1105 PM  54    1970  69      2       69
  AVERAGE         81                        79      2       79

PRECIPITATION (IN)
  YESTERDAY        0.00          2.83 1911   0.11  -0.11     0.01
  MONTH TO DATE    0.95                      2.93  -1.98     0.25
  SINCE JUN 1      7.18                      8.33  -1.15     3.40
  SINCE JAN 1     14.65                     21.44  -6.79    17.73

SNOWFALL (IN)
  YESTERDAY        0.0           T    1937   0.0    0.0      0.0
  MONTH TO DATE    0.0                       0.0    0.0      0.0
  SINCE JAN 1     23.1                      11.3   11.8     24.2
  SINCE JUL 1      0.0                       0.0    0.0      0.0
  SNOW DEPTH       0

DEGREE DAYS
 HEATING
  YESTERDAY        0                         0      0        0
  MONTH TO DATE    0                         0      0        0
  SINCE JUN 1      0                         8     -8        5
  SINCE JUL 1      0                         0      0        0

 COOLING
  YESTERDAY       16                        14      2       14
  MONTH TO DATE  264                       317    -53      361
  SINCE JUN 1    600                       601     -1      698
  SINCE JAN 1    817                       727     90      843
..................................................................


WIND (MPH)
  HIGHEST WIND SPEED    18   HIGHEST WIND DIRECTION    NE (30)
  HIGHEST GUST SPEED    23   HIGHEST GUST DIRECTION    NE (30)
  AVERAGE WIND SPEED     8.1


SKY COVER
  AVERAGE SKY COVER 0.2


WEATHER CONDITIONS
 THE FOLLOWING WEATHER WAS RECORDED YESTERDAY.
  NO SIGNIFICANT WEATHER WAS OBSERVED.


RELATIVE HUMIDITY (PERCENT)
 HIGHEST    84           600 AM
 LOWEST     38           300 PM
 AVERAGE    61

..........................................................


THE TOPEKA KS CLIMATE NORMALS FOR TODAY
                         NORMAL    RECORD    YEAR
 MAXIMUM TEMPERATURE (F)   90       114      1936
 MINIMUM TEMPERATURE (F)   69        52      1978


SUNRISE AND SUNSET
JULY 24 2014..........SUNRISE   616 AM CDT   SUNSET   841 PM CDT
JULY 25 2014..........SUNRISE   617 AM CDT   SUNSET   841 PM CDT


-  INDICATES NEGATIVE NUMBERS.
R  INDICATES RECORD WAS SET OR TIED.
MM INDICATES DATA IS MISSING.
T  INDICATES TRACE AMOUNT.




$$
