000
CDUS43 KTOP 262134
CLITOP


CLIMATE REPORT
NATIONAL WEATHER SERVICE TOPEKA KS
431 PM CDT TUE APR 26 2016


...................................

...THE TOPEKA KS CLIMATE SUMMARY FOR APRIL 26 2016...
VALID TODAY AS OF 430 PM LOCAL TIME.

CLIMATE NORMAL PERIOD 1981 TO 2010
CLIMATE RECORD PERIOD 1887 TO 2016


WEATHER ITEM   OBSERVED TIME   RECORD YEAR NORMAL DEPARTURE LAST
                VALUE   (LST)  VALUE       VALUE  FROM      YEAR
                                                  NORMAL
..................................................................
TEMPERATURE (F)
 TODAY
  MAXIMUM         74    147 PM  94    1989  70      4       62
  MINIMUM         59    826 AM  31    1950  47     12       45
  AVERAGE         67                        59      8       54

PRECIPITATION (IN)
  TODAY            0.15          3.24 1969   0.14   0.01     0.00
  MONTH TO DATE    3.52                      2.96   0.56     2.40
  SINCE MAR 1      5.82                      5.45   0.37     3.17
  SINCE JAN 1      7.09                      7.63  -0.54     5.16

SNOWFALL (IN)
  TODAY            0.0           T    1937   0.0    0.0      0.0
  MONTH TO DATE    0.0                       0.3   -0.3      0.0
  SINCE JAN 1      3.7                      11.3   -7.6      7.9
  SINCE JUL 1      4.9                      17.8  -12.9     10.3
  SNOW DEPTH       0

DEGREE DAYS
 HEATING
  TODAY            0                         8     -8       11
  MONTH TO DATE  175                       295   -120      196
  SINCE MAR 1    603                       923   -320      749
  SINCE JUL 1   3855                      4890  -1035     4750

 COOLING
  TODAY            2                         1      1        0
  MONTH TO DATE   15                        19     -4        5
  SINCE MAR 1     18                        22     -4        5
  SINCE JAN 1     18                        22     -4        5
..................................................................


WIND (MPH)
  HIGHEST WIND SPEED    26   HIGHEST WIND DIRECTION     N (10)
  HIGHEST GUST SPEED    36   HIGHEST GUST DIRECTION     N (10)
  AVERAGE WIND SPEED    10.6



WEATHER CONDITIONS
 THE FOLLOWING WEATHER WAS RECORDED TODAY.
  THUNDERSTORM
  LIGHT RAIN
  FOG


RELATIVE HUMIDITY (PERCENT)
 HIGHEST   100           400 AM
 LOWEST     61           200 PM
 AVERAGE    81

..........................................................


THE TOPEKA KS CLIMATE NORMALS FOR TOMORROW
                         NORMAL    RECORD    YEAR
 MAXIMUM TEMPERATURE (F)   70        93      1956
 MINIMUM TEMPERATURE (F)   48        30      1967


SUNRISE AND SUNSET
APRIL 26 2016.........SUNRISE   630 AM CDT   SUNSET   811 PM CDT
APRIL 27 2016.........SUNRISE   629 AM CDT   SUNSET   812 PM CDT


-  INDICATES NEGATIVE NUMBERS.
R  INDICATES RECORD WAS SET OR TIED.
MM INDICATES DATA IS MISSING.
T  INDICATES TRACE AMOUNT.




$$
