999
CDUS43 KTOP 230652
CLITOP


CLIMATE REPORT
NATIONAL WEATHER SERVICE TOPEKA KS
152 AM CDT SUN APR 23 2017


...................................

...THE TOPEKA KS CLIMATE SUMMARY FOR APRIL 22 2017...

CLIMATE NORMAL PERIOD 1981 TO 2010
CLIMATE RECORD PERIOD 1887 TO 2017


WEATHER ITEM   OBSERVED TIME   RECORD YEAR NORMAL DEPARTURE LAST
                VALUE   (LST)  VALUE       VALUE  FROM      YEAR
                                                  NORMAL
..................................................................
TEMPERATURE (F)
 YESTERDAY
  MAXIMUM         66    424 PM  94    1953  69     -3       71
  MINIMUM         44   1159 PM  26    1986  46     -2       48
  AVERAGE         55                        57     -2       60

PRECIPITATION (IN)
  YESTERDAY        T             2.36 1944   0.13  -0.13     0.00
  MONTH TO DATE    4.41                      2.42   1.99     2.55
  SINCE MAR 1      8.44                      4.91   3.53     4.85
  SINCE JAN 1      9.83                      7.09   2.74     6.12

SNOWFALL (IN)
  YESTERDAY        0.0           T    1930   0.0    0.0      0.0
  MONTH TO DATE    T                         0.3   -0.3      0.0
  SINCE JAN 1      3.5                      11.3   -7.8      3.7
  SINCE JUL 1      6.6                      17.8  -11.2      4.9
  SNOW DEPTH       0

DEGREE DAYS
 HEATING
  YESTERDAY       10                         9      1        5
  MONTH TO DATE  153                       262   -109      174
  SINCE MAR 1    653                       890   -237      602
  SINCE JUL 1   3834                      4857  -1023     3854

 COOLING
  YESTERDAY        0                         1     -1        0
  MONTH TO DATE   28                        15     13        3
  SINCE MAR 1     37                        18     19        6
  SINCE JAN 1     37                        18     19        6
..................................................................


WIND (MPH)
  HIGHEST WIND SPEED    24   HIGHEST WIND DIRECTION     N (20)
  HIGHEST GUST SPEED    32   HIGHEST GUST DIRECTION    NE (30)
  AVERAGE WIND SPEED    11.5


SKY COVER
  AVERAGE SKY COVER 0.3


WEATHER CONDITIONS
 THE FOLLOWING WEATHER WAS RECORDED YESTERDAY.
  LIGHT RAIN


RELATIVE HUMIDITY (PERCENT)
 HIGHEST    77           700 AM
 LOWEST     31           500 PM
 AVERAGE    54

..........................................................


THE TOPEKA KS CLIMATE NORMALS FOR TODAY
                         NORMAL    RECORD    YEAR
 MAXIMUM TEMPERATURE (F)   69        92      1939
 MINIMUM TEMPERATURE (F)   46        30      1982
                                             1956


SUNRISE AND SUNSET
APRIL 23 2017.........SUNRISE   634 AM CDT   SUNSET   808 PM CDT
APRIL 24 2017.........SUNRISE   633 AM CDT   SUNSET   809 PM CDT


-  INDICATES NEGATIVE NUMBERS.
R  INDICATES RECORD WAS SET OR TIED.
MM INDICATES DATA IS MISSING.
T  INDICATES TRACE AMOUNT.




$$
