000
CDUS43 KTOP 272132
CLITOP


CLIMATE REPORT
NATIONAL WEATHER SERVICE TOPEKA KS
431 PM CDT MON OCT 27 2014


...................................

...THE TOPEKA KS CLIMATE SUMMARY FOR OCTOBER 27 2014...
VALID TODAY AS OF 0400 PM LOCAL TIME.

CLIMATE NORMAL PERIOD 1981 TO 2010
CLIMATE RECORD PERIOD 1887 TO 2014


WEATHER ITEM   OBSERVED TIME   RECORD YEAR NORMAL DEPARTURE LAST
                VALUE   (LST)  VALUE       VALUE  FROM      YEAR
                                                  NORMAL
..................................................................
TEMPERATURE (F)
 TODAY
  MAXIMUM         76   1137 AM  88    1927  64     12       66
  MINIMUM         67    642 AM  19    1925  41     26       27
  AVERAGE         72                        53     19       47

PRECIPITATION (IN)
  TODAY            0.00          1.41 1989   0.08  -0.08     0.00
  MONTH TO DATE    4.46                      2.70   1.76     2.01
  SINCE SEP 1      8.60                      6.36   2.24     5.28
  SINCE JAN 1     28.44                     32.93  -4.49    29.75

SNOWFALL (IN)
  TODAY            0.0           T    1925   0.0    0.0      0.0
  MONTH TO DATE    0.0                       0.2   -0.2       T
  SINCE JAN 1     23.1                      11.5   11.6     24.2
  SINCE JUL 1      T                         0.2   -0.2       T
  SNOW DEPTH       0

DEGREE DAYS
 HEATING
  TODAY            0                        13    -13       18
  MONTH TO DATE  143                       236    -93      269
  SINCE SEP 1    192                       301   -109      283
  SINCE JUL 1    192                       303   -111      283

 COOLING
  TODAY            7                         0      7        0
  MONTH TO DATE   34                        25      9       37
  SINCE SEP 1    207                       190     17      292
  SINCE JAN 1   1617                      1418    199     1586
..................................................................


WIND (MPH)
  HIGHEST WIND SPEED    16   HIGHEST WIND DIRECTION    SW (240)
  HIGHEST GUST SPEED    23   HIGHEST GUST DIRECTION     S (190)
  AVERAGE WIND SPEED    10.9



WEATHER CONDITIONS
 THE FOLLOWING WEATHER WAS RECORDED TODAY.
  NO SIGNIFICANT WEATHER WAS OBSERVED.


RELATIVE HUMIDITY (PERCENT)
 HIGHEST    73           600 AM
 LOWEST     49          1200 PM
 AVERAGE    61

..........................................................


THE TOPEKA KS CLIMATE NORMALS FOR TOMORROW
                         NORMAL    RECORD    YEAR
 MAXIMUM TEMPERATURE (F)   64        85      1927
 MINIMUM TEMPERATURE (F)   41        16      1925


SUNRISE AND SUNSET
OCTOBER 27 2014.......SUNRISE   745 AM CDT   SUNSET   628 PM CDT
OCTOBER 28 2014.......SUNRISE   746 AM CDT   SUNSET   626 PM CDT


-  INDICATES NEGATIVE NUMBERS.
R  INDICATES RECORD WAS SET OR TIED.
MM INDICATES DATA IS MISSING.
T  INDICATES TRACE AMOUNT.




$$
