000
CDUS43 KTOP 190631
CLITOP


CLIMATE REPORT
NATIONAL WEATHER SERVICE TOPEKA KS
131 AM CDT SAT APR 19 2014


...................................

...THE TOPEKA KS CLIMATE SUMMARY FOR APRIL 18 2014...

CLIMATE NORMAL PERIOD 1981 TO 2010
CLIMATE RECORD PERIOD 1887 TO 2014


WEATHER ITEM   OBSERVED TIME   RECORD YEAR NORMAL DEPARTURE LAST
                VALUE   (LST)  VALUE       VALUE  FROM      YEAR
                                                  NORMAL
..................................................................
TEMPERATURE (F)
 YESTERDAY
  MAXIMUM         70    453 PM  92    1948  68      2       44
  MINIMUM         31    621 AM  30    1961  44    -13       36
  AVERAGE         51                        56     -5       40

PRECIPITATION (IN)
  YESTERDAY        0.00          2.10 1970   0.12  -0.12     0.17
  MONTH TO DATE    1.29                      1.95  -0.66     2.16
  SINCE MAR 1      2.02                      4.44  -2.42     4.17
  SINCE JAN 1      3.68                      6.62  -2.94     6.61

SNOWFALL (IN)
  YESTERDAY        0.0           T    2013   0.0    0.0       T
                                      1939
  MONTH TO DATE    0.1                       0.3   -0.2       T
  SINCE JAN 1     23.1                      11.3   11.8     23.9
  SINCE JUL 1     27.4                      17.8    9.6     29.3
  SNOW DEPTH       0

DEGREE DAYS
 HEATING
  YESTERDAY       14                        10      4       25
  MONTH TO DATE  256                       225     31      286
  SINCE MAR 1    966                       853    113     1050
  SINCE JUL 1   5288                      4820    468     4607

 COOLING
  YESTERDAY        0                         1     -1        0
  MONTH TO DATE    5                        11     -6        0
  SINCE MAR 1      5                        14     -9        0
  SINCE JAN 1      5                        14     -9        0
..................................................................


WIND (MPH)
  HIGHEST WIND SPEED    18   HIGHEST WIND DIRECTION    SE (130)
  HIGHEST GUST SPEED    23   HIGHEST GUST DIRECTION    SE (150)
  AVERAGE WIND SPEED     5.8


SKY COVER
  AVERAGE SKY COVER 0.0


WEATHER CONDITIONS
 THE FOLLOWING WEATHER WAS RECORDED YESTERDAY.
  FOG
  FOG W/VISIBILITY <= 1/4 MILE
  HAZE


RELATIVE HUMIDITY (PERCENT)
 HIGHEST    92           600 AM
 LOWEST     36           200 PM
 AVERAGE    64

..........................................................


THE TOPEKA KS CLIMATE NORMALS FOR TODAY
                         NORMAL    RECORD    YEAR
 MAXIMUM TEMPERATURE (F)   68        91      1987
 MINIMUM TEMPERATURE (F)   45        27      1953


SUNRISE AND SUNSET
APRIL 19 2014.........SUNRISE   640 AM CDT   SUNSET   804 PM CDT
APRIL 20 2014.........SUNRISE   639 AM CDT   SUNSET   805 PM CDT


-  INDICATES NEGATIVE NUMBERS.
R  INDICATES RECORD WAS SET OR TIED.
MM INDICATES DATA IS MISSING.
T  INDICATES TRACE AMOUNT.




$$
