000
CDUS43 KTOP 020633
CLITOP


CLIMATE REPORT
NATIONAL WEATHER SERVICE TOPEKA KS
1232 AM CST MON MAR 2 2015


...................................

...THE TOPEKA KS CLIMATE SUMMARY FOR MARCH 1 2015...

CLIMATE NORMAL PERIOD 1981 TO 2010
CLIMATE RECORD PERIOD 1887 TO 2015


WEATHER ITEM   OBSERVED TIME   RECORD YEAR NORMAL DEPARTURE LAST
                VALUE   (LST)  VALUE       VALUE  FROM      YEAR
                                                  NORMAL
..................................................................
TEMPERATURE (F)
 YESTERDAY
  MAXIMUM         35    520 PM  82    1992  50    -15       31
  MINIMUM         19    728 AM  -1    1962  28     -9        7
  AVERAGE         27                        39    -12       19

PRECIPITATION (IN)
  YESTERDAY        T             1.14 1953   0.06  -0.06     0.11
  MONTH TO DATE    T                         0.06  -0.06     0.11
  SINCE MAR 1      T                         0.06  -0.06     0.11
  SINCE JAN 1      1.99                      2.24  -0.25     1.77

SNOWFALL (IN)
  YESTERDAY        T             5.4  1953   0.1   -0.1      0.9
  MONTH TO DATE    T                         0.1   -0.1      0.9
  SINCE JAN 1      7.9                       9.5   -1.6     19.8
  SINCE JUL 1     10.3                      16.0   -5.7     24.1
  SNOW DEPTH       1

DEGREE DAYS
 HEATING
  YESTERDAY       38                        26     12       46
  MONTH TO DATE   38                        26     12       46
  SINCE MAR 1     38                        26     12       46
  SINCE JUL 1   4039                      3993     46     4368

 COOLING
  YESTERDAY        0                         0      0        0
  MONTH TO DATE    0                         0      0        0
  SINCE MAR 1      0                         0      0        0
  SINCE JAN 1      0                         0      0        0
..................................................................


WIND (MPH)
  HIGHEST WIND SPEED    10   HIGHEST WIND DIRECTION    NW (310)
  HIGHEST GUST SPEED    13   HIGHEST GUST DIRECTION     W (270)
  AVERAGE WIND SPEED     2.7


SKY COVER
  AVERAGE SKY COVER 0.7


WEATHER CONDITIONS
 THE FOLLOWING WEATHER WAS RECORDED YESTERDAY.
  LIGHT SNOW
  FOG


RELATIVE HUMIDITY (PERCENT)
 HIGHEST    92           500 AM
 LOWEST     56           400 PM
 AVERAGE    74

..........................................................


THE TOPEKA KS CLIMATE NORMALS FOR TODAY
                         NORMAL    RECORD    YEAR
 MAXIMUM TEMPERATURE (F)   51        83      1901
 MINIMUM TEMPERATURE (F)   29        -3      1980


SUNRISE AND SUNSET
MARCH  2 2015.........SUNRISE   654 AM CST   SUNSET   616 PM CST
MARCH  3 2015.........SUNRISE   652 AM CST   SUNSET   617 PM CST


-  INDICATES NEGATIVE NUMBERS.
R  INDICATES RECORD WAS SET OR TIED.
MM INDICATES DATA IS MISSING.
T  INDICATES TRACE AMOUNT.




$$
