000
CDUS43 KTOP 312135
CLITOP


CLIMATE REPORT
NATIONAL WEATHER SERVICE TOPEKA KS
434 PM CDT FRI OCT 31 2014


...................................

...THE TOPEKA KS CLIMATE SUMMARY FOR OCTOBER 31 2014...
VALID TODAY AS OF 0400 PM LOCAL TIME.

CLIMATE NORMAL PERIOD 1981 TO 2010
CLIMATE RECORD PERIOD 1887 TO 2014


WEATHER ITEM   OBSERVED TIME   RECORD YEAR NORMAL DEPARTURE LAST
                VALUE   (LST)  VALUE       VALUE  FROM      YEAR
                                                  NORMAL
..................................................................
TEMPERATURE (F)
 TODAY
  MAXIMUM         50    146 AM  88    1950  63    -13       61
  MINIMUM         34    739 AM  19    1993  40     -6       41
  AVERAGE         42                        51     -9       51

PRECIPITATION (IN)
  TODAY            0.00          1.92 1998   0.08  -0.08     0.52
  MONTH TO DATE    4.46                      3.03   1.43     4.83
  SINCE SEP 1      8.60                      6.69   1.91     8.10
  SINCE JAN 1     28.44                     33.26  -4.82    32.57

SNOWFALL (IN)
  TODAY            0.0           4.5  1912   0.0    0.0      0.0
  MONTH TO DATE    0.0                       0.3   -0.3       T
  SINCE JAN 1     23.1                      11.6   11.5     24.2
  SINCE JUL 1      T                         0.3   -0.3       T
  SNOW DEPTH       0

DEGREE DAYS
 HEATING
  TODAY           23                        14      9       14
  MONTH TO DATE  203                       290    -87      303
  SINCE SEP 1    252                       354   -102      317
  SINCE JUL 1    252                       356   -104      317

 COOLING
  TODAY            0                         0      0        0
  MONTH TO DATE   28                        27      1       37
  SINCE SEP 1    201                       192      9      292
  SINCE JAN 1   1611                      1420    191     1586
..................................................................


WIND (MPH)
  HIGHEST WIND SPEED    26   HIGHEST WIND DIRECTION     N (360)
  HIGHEST GUST SPEED    35   HIGHEST GUST DIRECTION     N (360)
  AVERAGE WIND SPEED    14.6



WEATHER CONDITIONS
 THE FOLLOWING WEATHER WAS RECORDED TODAY.
  NO SIGNIFICANT WEATHER WAS OBSERVED.


RELATIVE HUMIDITY (PERCENT)
 HIGHEST    77          1200 AM
 LOWEST     34           100 PM
 AVERAGE    56

..........................................................


THE TOPEKA KS CLIMATE NORMALS FOR TOMORROW
                         NORMAL    RECORD    YEAR
 MAXIMUM TEMPERATURE (F)   62        82      1990
 MINIMUM TEMPERATURE (F)   39        20      1991


SUNRISE AND SUNSET
OCTOBER 31 2014.......SUNRISE   749 AM CDT   SUNSET   623 PM CDT
NOVEMBER  1 2014......SUNRISE   750 AM CDT   SUNSET   622 PM CDT


-  INDICATES NEGATIVE NUMBERS.
R  INDICATES RECORD WAS SET OR TIED.
MM INDICATES DATA IS MISSING.
T  INDICATES TRACE AMOUNT.




$$
