000
CDUS43 KTOP 230635
CLITOP


CLIMATE REPORT
NATIONAL WEATHER SERVICE TOPEKA KS
134 AM CDT THU OCT 23 2014


...................................

...THE TOPEKA KS CLIMATE SUMMARY FOR OCTOBER 22 2014...

CLIMATE NORMAL PERIOD 1981 TO 2010
CLIMATE RECORD PERIOD 1887 TO 2014


WEATHER ITEM   OBSERVED TIME   RECORD YEAR NORMAL DEPARTURE LAST
                VALUE   (LST)  VALUE       VALUE  FROM      YEAR
                                                  NORMAL
..................................................................
TEMPERATURE (F)
 YESTERDAY
  MAXIMUM         80    303 PM  88    1927  66     14       64
  MINIMUM         52    648 AM  24    1982  43      9       38
  AVERAGE         66                        55     11       51

PRECIPITATION (IN)
  YESTERDAY        0.04          1.34 1996   0.09  -0.05     0.00
  MONTH TO DATE    3.25                      2.26   0.99     2.01
  SINCE SEP 1      7.39                      5.92   1.47     5.28
  SINCE JAN 1     27.23                     32.49  -5.26    29.75

SNOWFALL (IN)
  YESTERDAY        0.0           8.0  1996   0.1   -0.1      0.0
  MONTH TO DATE    0.0                       0.2   -0.2       T
  SINCE JAN 1     23.1                      11.5   11.6     24.2
  SINCE JUL 1      T                         0.2   -0.2       T
  SNOW DEPTH       0

DEGREE DAYS
 HEATING
  YESTERDAY        0                        11    -11       14
  MONTH TO DATE  143                       177    -34      168
  SINCE SEP 1    192                       242    -50      182
  SINCE JUL 1    192                       244    -52      182

 COOLING
  YESTERDAY        1                         0      1        0
  MONTH TO DATE   13                        25    -12       37
  SINCE SEP 1    186                       190     -4      292
  SINCE JAN 1   1596                      1418    178     1586
..................................................................


WIND (MPH)
  HIGHEST WIND SPEED    18   HIGHEST WIND DIRECTION     S (170)
  HIGHEST GUST SPEED    24   HIGHEST GUST DIRECTION     S (160)
  AVERAGE WIND SPEED     8.8


SKY COVER
  AVERAGE SKY COVER 0.3


WEATHER CONDITIONS
 THE FOLLOWING WEATHER WAS RECORDED YESTERDAY.
  RAIN
  FOG


RELATIVE HUMIDITY (PERCENT)
 HIGHEST    83           700 AM
 LOWEST     45           300 PM
 AVERAGE    64

..........................................................


THE TOPEKA KS CLIMATE NORMALS FOR TODAY
                         NORMAL    RECORD    YEAR
 MAXIMUM TEMPERATURE (F)   66        92      1939
 MINIMUM TEMPERATURE (F)   43        25      1966
                                             1937


SUNRISE AND SUNSET
OCTOBER 23 2014.......SUNRISE   740 AM CDT   SUNSET   633 PM CDT
OCTOBER 24 2014.......SUNRISE   741 AM CDT   SUNSET   631 PM CDT


-  INDICATES NEGATIVE NUMBERS.
R  INDICATES RECORD WAS SET OR TIED.
MM INDICATES DATA IS MISSING.
T  INDICATES TRACE AMOUNT.




$$
