000
CDUS43 KTOP 170631
CLITOP


CLIMATE REPORT
NATIONAL WEATHER SERVICE TOPEKA KS
130 AM CDT THU AUG 17 2017


...................................

...THE TOPEKA KS CLIMATE SUMMARY FOR AUGUST 16 2017...

CLIMATE NORMAL PERIOD 1981 TO 2010
CLIMATE RECORD PERIOD 1887 TO 2017


WEATHER ITEM   OBSERVED TIME   RECORD YEAR NORMAL DEPARTURE LAST
                VALUE   (LST)  VALUE       VALUE  FROM      YEAR
                                                  NORMAL
..................................................................
TEMPERATURE (F)
 YESTERDAY
  MAXIMUM         85    213 PM 109    1936  89     -4       90
  MINIMUM         69   1144 PM  52    1992  67      2       63
  AVERAGE         77                        78     -1       77

PRECIPITATION (IN)
  YESTERDAY        0.11          2.83 1996   0.15  -0.04     0.00
  MONTH TO DATE    1.03                      2.18  -1.15     0.57
  SINCE JUN 1     12.42                     11.40   1.02     8.32
  SINCE JAN 1     27.57                     24.51   3.06    27.63

SNOWFALL (IN)
  YESTERDAY        0.0           0.0    MM   0.0    0.0      0.0
  MONTH TO DATE    0.0                       0.0    0.0      0.0
  SINCE JAN 1      3.5                      11.3   -7.8      3.7
  SINCE JUL 1      T                         0.0    0.0       T
  SNOW DEPTH       0

DEGREE DAYS
 HEATING
  YESTERDAY        0                         0      0        0
  MONTH TO DATE    0                         0      0        0
  SINCE JUN 1      0                         8     -8        0
  SINCE JUL 1      0                         0      0        0

 COOLING
  YESTERDAY       12                        13     -1       12
  MONTH TO DATE  126                       217    -91      233
  SINCE JUN 1    934                       933      1     1146
  SINCE JAN 1   1063                      1059      4     1238
..................................................................


WIND (MPH)
  HIGHEST WIND SPEED    20   HIGHEST WIND DIRECTION     W (260)
  HIGHEST GUST SPEED    27   HIGHEST GUST DIRECTION     W (250)
  AVERAGE WIND SPEED     6.6


SKY COVER
  AVERAGE SKY COVER 0.6


WEATHER CONDITIONS
 THE FOLLOWING WEATHER WAS RECORDED YESTERDAY.
  THUNDERSTORM
  LIGHT RAIN
  FOG


RELATIVE HUMIDITY (PERCENT)
 HIGHEST    97          1000 AM
 LOWEST     65           100 PM
 AVERAGE    81

..........................................................


THE TOPEKA KS CLIMATE NORMALS FOR TODAY
                         NORMAL    RECORD    YEAR
 MAXIMUM TEMPERATURE (F)   89       109      1936
 MINIMUM TEMPERATURE (F)   66        51      2012


SUNRISE AND SUNSET
AUGUST 17 2017........SUNRISE   638 AM CDT   SUNSET   814 PM CDT
AUGUST 18 2017........SUNRISE   639 AM CDT   SUNSET   813 PM CDT


-  INDICATES NEGATIVE NUMBERS.
R  INDICATES RECORD WAS SET OR TIED.
MM INDICATES DATA IS MISSING.
T  INDICATES TRACE AMOUNT.




$$
