000
CDUS43 KTOP 032343
CLITOP


CLIMATE REPORT
NATIONAL WEATHER SERVICE TOPEKA KS
542 PM CST TUE MAR 3 2015


...................................

...THE TOPEKA KS CLIMATE SUMMARY FOR MARCH 3 2015...
VALID TODAY AS OF 0500 PM LOCAL TIME.

CLIMATE NORMAL PERIOD 1981 TO 2010
CLIMATE RECORD PERIOD 1887 TO 2015


WEATHER ITEM   OBSERVED TIME   RECORD YEAR NORMAL DEPARTURE LAST
                VALUE   (LST)  VALUE       VALUE  FROM      YEAR
                                                  NORMAL
..................................................................
TEMPERATURE (F)
 TODAY
  MAXIMUM         48   1128 AM  80    1910  51     -3       21
  MINIMUM         34    207 AM  -3    2014  29      5       -3
  AVERAGE         41                        40      1        9

PRECIPITATION (IN)
  TODAY            0.00          0.80 1944   0.06  -0.06     0.00
  MONTH TO DATE    T                         0.18  -0.18     0.17
  SINCE MAR 1      T                         0.18  -0.18     0.17
  SINCE JAN 1      1.99                      2.36  -0.37     1.83

SNOWFALL (IN)
  TODAY            0.0           5.9  1953   0.1   -0.1      0.0
  MONTH TO DATE    T                         0.2   -0.2      2.4
  SINCE JAN 1      7.9                       9.6   -1.7     21.3
  SINCE JUL 1     10.3                      16.1   -5.8     25.6
  SNOW DEPTH       0

DEGREE DAYS
 HEATING
  TODAY           24                        25     -1       56
  MONTH TO DATE   97                        76     21      161
  SINCE MAR 1     97                        76     21      161
  SINCE JUL 1   4098                      4043     55     4483

 COOLING
  TODAY            0                         0      0        0
  MONTH TO DATE    0                         0      0        0
  SINCE MAR 1      0                         0      0        0
  SINCE JAN 1      0                         0      0        0
..................................................................


WIND (MPH)
  HIGHEST WIND SPEED    21   HIGHEST WIND DIRECTION    NW (310)
  HIGHEST GUST SPEED    27   HIGHEST GUST DIRECTION     S (200)
  AVERAGE WIND SPEED    12.9



WEATHER CONDITIONS
 THE FOLLOWING WEATHER WAS RECORDED TODAY.
  FOG


RELATIVE HUMIDITY (PERCENT)
 HIGHEST    96           200 AM
 LOWEST     49           400 PM
 AVERAGE    73

..........................................................


THE TOPEKA KS CLIMATE NORMALS FOR TOMORROW
                         NORMAL    RECORD    YEAR
 MAXIMUM TEMPERATURE (F)   52        81      1910
 MINIMUM TEMPERATURE (F)   29        -7      1978


SUNRISE AND SUNSET
MARCH  3 2015.........SUNRISE   652 AM CST   SUNSET   617 PM CST
MARCH  4 2015.........SUNRISE   651 AM CST   SUNSET   618 PM CST


-  INDICATES NEGATIVE NUMBERS.
R  INDICATES RECORD WAS SET OR TIED.
MM INDICATES DATA IS MISSING.
T  INDICATES TRACE AMOUNT.




$$
