387
CDUS43 KTOP 200631
CLITOP


CLIMATE REPORT
NATIONAL WEATHER SERVICE TOPEKA KS
131 AM CDT SUN AUG 20 2017


...................................

...THE TOPEKA KS CLIMATE SUMMARY FOR AUGUST 19 2017...

CLIMATE NORMAL PERIOD 1981 TO 2010
CLIMATE RECORD PERIOD 1887 TO 2017


WEATHER ITEM   OBSERVED TIME   RECORD YEAR NORMAL DEPARTURE LAST
                VALUE   (LST)  VALUE       VALUE  FROM      YEAR
                                                  NORMAL
..................................................................
TEMPERATURE (F)
 YESTERDAY
  MAXIMUM         93    330 PM 109    1936  89      4       89
  MINIMUM         63    605 AM  52    1950  66     -3       67
  AVERAGE         78                        77      1       78

PRECIPITATION (IN)
  YESTERDAY        0.00          3.50 2005   0.14  -0.14     0.49
  MONTH TO DATE    1.03                      2.59  -1.56     1.06
  SINCE JUN 1     12.42                     11.81   0.61     8.81
  SINCE JAN 1     27.57                     24.92   2.65    28.12

SNOWFALL (IN)
  YESTERDAY        0.0           T    1987   0.0    0.0      0.0
  MONTH TO DATE    0.0                       0.0    0.0      0.0
  SINCE JAN 1      3.5                      11.3   -7.8      3.7
  SINCE JUL 1      T                         0.0    0.0       T
  SNOW DEPTH       0

DEGREE DAYS
 HEATING
  YESTERDAY        0                         0      0        0
  MONTH TO DATE    0                         0      0        0
  SINCE JUN 1      0                         8     -8        0
  SINCE JUL 1      0                         0      0        0

 COOLING
  YESTERDAY       13                        12      1       13
  MONTH TO DATE  162                       254    -92      274
  SINCE JUN 1    970                       970      0     1187
  SINCE JAN 1   1099                      1096      3     1279
..................................................................


WIND (MPH)
  HIGHEST WIND SPEED    13   HIGHEST WIND DIRECTION     S (160)
  HIGHEST GUST SPEED    17   HIGHEST GUST DIRECTION     S (160)
  AVERAGE WIND SPEED     4.7


SKY COVER
  AVERAGE SKY COVER 0.0


WEATHER CONDITIONS
 THE FOLLOWING WEATHER WAS RECORDED YESTERDAY.
  FOG
  FOG W/VISIBILITY <= 1/4 MILE


RELATIVE HUMIDITY (PERCENT)
 HIGHEST   100          1200 AM
 LOWEST     46           300 PM
 AVERAGE    73

..........................................................


THE TOPEKA KS CLIMATE NORMALS FOR TODAY
                         NORMAL    RECORD    YEAR
 MAXIMUM TEMPERATURE (F)   88       104      1936
 MINIMUM TEMPERATURE (F)   66        45      1950


SUNRISE AND SUNSET
AUGUST 20 2017........SUNRISE   641 AM CDT   SUNSET   810 PM CDT
AUGUST 21 2017........SUNRISE   642 AM CDT   SUNSET   809 PM CDT


-  INDICATES NEGATIVE NUMBERS.
R  INDICATES RECORD WAS SET OR TIED.
MM INDICATES DATA IS MISSING.
T  INDICATES TRACE AMOUNT.




$$
