000
CDUS43 KTOP 160633
CLITOP


CLIMATE REPORT
NATIONAL WEATHER SERVICE TOPEKA KS
131 AM CDT WED APR 16 2014


...................................

...THE TOPEKA KS CLIMATE SUMMARY FOR APRIL 15 2014...

CLIMATE NORMAL PERIOD 1981 TO 2010
CLIMATE RECORD PERIOD 1887 TO 2014


WEATHER ITEM   OBSERVED TIME   RECORD YEAR NORMAL DEPARTURE LAST
                VALUE   (LST)  VALUE       VALUE  FROM      YEAR
                                                  NORMAL
..................................................................
TEMPERATURE (F)
 YESTERDAY
  MAXIMUM         59    514 PM  90    1924  67     -8       53
                                      1896
  MINIMUM         27    620 AM  25    1928  43    -16       43
  AVERAGE         43                        55    -12       48

PRECIPITATION (IN)
  YESTERDAY        0.00          4.12 1945   0.11  -0.11      T
  MONTH TO DATE    1.29                      1.60  -0.31     1.31
  SINCE MAR 1      2.02                      4.09  -2.07     3.32
  SINCE JAN 1      3.68                      6.27  -2.59     5.76

SNOWFALL (IN)
  YESTERDAY        0.0           T    2006   0.0    0.0      0.0
                                      1947
  MONTH TO DATE    0.1                       0.2   -0.1      0.0
  SINCE JAN 1     23.1                      11.2   11.9     23.9
  SINCE JUL 1     27.4                      17.7    9.7     29.3
  SNOW DEPTH       0

DEGREE DAYS
 HEATING
  YESTERDAY       22                        11     11       17
  MONTH TO DATE  214                       194     20      223
  SINCE MAR 1    924                       822    102      987
  SINCE JUL 1   5246                      4789    457     4544

 COOLING
  YESTERDAY        0                         1     -1        0
  MONTH TO DATE    5                         8     -3        0
  SINCE MAR 1      5                        11     -6        0
  SINCE JAN 1      5                        11     -6        0
..................................................................


WIND (MPH)
  HIGHEST WIND SPEED    20   HIGHEST WIND DIRECTION     S (160)
  HIGHEST GUST SPEED    29   HIGHEST GUST DIRECTION    SE (140)
  AVERAGE WIND SPEED     7.4


SKY COVER
  AVERAGE SKY COVER 0.0


WEATHER CONDITIONS
 THE FOLLOWING WEATHER WAS RECORDED YESTERDAY.
  FOG
  HAZE


RELATIVE HUMIDITY (PERCENT)
 HIGHEST    85           200 AM
 LOWEST     25           400 PM
 AVERAGE    55

..........................................................


THE TOPEKA KS CLIMATE NORMALS FOR TODAY
                         NORMAL    RECORD    YEAR
 MAXIMUM TEMPERATURE (F)   67        87      1964
 MINIMUM TEMPERATURE (F)   44        26      1953
                                             1921


SUNRISE AND SUNSET
APRIL 16 2014.........SUNRISE   644 AM CDT   SUNSET   801 PM CDT
APRIL 17 2014.........SUNRISE   643 AM CDT   SUNSET   802 PM CDT


-  INDICATES NEGATIVE NUMBERS.
R  INDICATES RECORD WAS SET OR TIED.
MM INDICATES DATA IS MISSING.
T  INDICATES TRACE AMOUNT.




$$
