000
CDUS43 KTOP 270637
CLITOP


CLIMATE REPORT
NATIONAL WEATHER SERVICE TOPEKA KS
135 AM CDT SAT SEP 27 2014


...................................

...THE TOPEKA KS CLIMATE SUMMARY FOR SEPTEMBER 26 2014...

CLIMATE NORMAL PERIOD 1981 TO 2010
CLIMATE RECORD PERIOD 1887 TO 2014


WEATHER ITEM   OBSERVED TIME   RECORD YEAR NORMAL DEPARTURE LAST
                VALUE   (LST)  VALUE       VALUE  FROM      YEAR
                                                  NORMAL
..................................................................
TEMPERATURE (F)
 YESTERDAY
  MAXIMUM         85    325 PM  96    1990  76      9       90
                                      1938
  MINIMUM         59    619 AM  32    1975  52      7       60
  AVERAGE         72                        64      8       75

PRECIPITATION (IN)
  YESTERDAY        0.00          3.86 1917   0.12  -0.12     0.00
  MONTH TO DATE    4.14                      3.19   0.95     3.09
  SINCE SEP 1      4.14                      3.19   0.95     3.09
  SINCE JAN 1     23.98                     29.76  -5.78    27.56

SNOWFALL (IN)
  YESTERDAY        0.0           T    1986   0.0    0.0      0.0
  MONTH TO DATE    0.0                       0.0    0.0      0.0
  SINCE JAN 1     23.1                      11.3   11.8     24.2
  SINCE JUL 1      T                         0.0    0.0      0.0
  SNOW DEPTH       0

DEGREE DAYS
 HEATING
  YESTERDAY        0                         4     -4        0
  MONTH TO DATE   49                        45      4        5
  SINCE SEP 1     49                        45      4        5
  SINCE JUL 1     49                        47      2        5

 COOLING
  YESTERDAY        7                         3      4       10
  MONTH TO DATE  149                       154     -5      241
  SINCE SEP 1    149                       154     -5      241
  SINCE JAN 1   1559                      1382    177     1535
..................................................................


WIND (MPH)
  HIGHEST WIND SPEED    17   HIGHEST WIND DIRECTION     S (160)
  HIGHEST GUST SPEED    24   HIGHEST GUST DIRECTION     S (160)
  AVERAGE WIND SPEED     4.7


SKY COVER
  AVERAGE SKY COVER 0.2


WEATHER CONDITIONS
 THE FOLLOWING WEATHER WAS RECORDED YESTERDAY.
  NO SIGNIFICANT WEATHER WAS OBSERVED.


RELATIVE HUMIDITY (PERCENT)
 HIGHEST   100           700 AM
 LOWEST     40           100 PM
 AVERAGE    70

..........................................................


THE TOPEKA KS CLIMATE NORMALS FOR TODAY
                         NORMAL    RECORD    YEAR
 MAXIMUM TEMPERATURE (F)   76        95      1911
 MINIMUM TEMPERATURE (F)   51        33      1942
                                             1889


SUNRISE AND SUNSET
SEPTEMBER 27 2014.....SUNRISE   715 AM CDT   SUNSET   711 PM CDT
SEPTEMBER 28 2014.....SUNRISE   716 AM CDT   SUNSET   710 PM CDT


-  INDICATES NEGATIVE NUMBERS.
R  INDICATES RECORD WAS SET OR TIED.
MM INDICATES DATA IS MISSING.
T  INDICATES TRACE AMOUNT.




$$
