000
CDUS43 KTOP 300632
CLITOP


CLIMATE REPORT
NATIONAL WEATHER SERVICE TOPEKA KS
131 AM CDT THU JUL 30 2015


...................................

...THE TOPEKA KS CLIMATE SUMMARY FOR JULY 29 2015...

CLIMATE NORMAL PERIOD 1981 TO 2010
CLIMATE RECORD PERIOD 1887 TO 2015


WEATHER ITEM   OBSERVED TIME   RECORD YEAR NORMAL DEPARTURE LAST
                VALUE   (LST)  VALUE       VALUE  FROM      YEAR
                                                  NORMAL
..................................................................
TEMPERATURE (F)
 YESTERDAY
  MAXIMUM         85    427 PM 107    2012  90     -5       87
                                      1947
                                      1940
  MINIMUM         68   1158 PM  55    1994  68      0       58
  AVERAGE         77                        79     -2       73

PRECIPITATION (IN)
  YESTERDAY        2.09R         1.34 2013   0.12   1.97     0.00
  MONTH TO DATE    9.33                      3.59   5.74     0.95
  SINCE JUN 1     15.55                      8.99   6.56     7.18
  SINCE JAN 1     30.14                     22.10   8.04    14.65

SNOWFALL (IN)
  YESTERDAY        0.0           0.0    MM   0.0    0.0      0.0
  MONTH TO DATE    0.0                       0.0    0.0      0.0
  SINCE JAN 1      7.9                      11.3   -3.4     23.1
  SINCE JUL 1      0.0                       0.0    0.0      0.0
  SNOW DEPTH       0

DEGREE DAYS
 HEATING
  YESTERDAY        0                         0      0        0
  MONTH TO DATE    0                         0      0        0
  SINCE JUN 1      0                         8     -8        0
  SINCE JUL 1      0                         0      0        0

 COOLING
  YESTERDAY       12                        14     -2        8
  MONTH TO DATE  423                       401     22      358
  SINCE JUN 1    791                       685    106      694
  SINCE JAN 1    873                       811     62      911
..................................................................


WIND (MPH)
  HIGHEST WIND SPEED    20   HIGHEST WIND DIRECTION     N (360)
  HIGHEST GUST SPEED    24   HIGHEST GUST DIRECTION     N (360)
  AVERAGE WIND SPEED     5.4


SKY COVER
  AVERAGE SKY COVER 0.5


WEATHER CONDITIONS
 THE FOLLOWING WEATHER WAS RECORDED YESTERDAY.
  THUNDERSTORM
  HEAVY RAIN
  LIGHT RAIN
  FOG


RELATIVE HUMIDITY (PERCENT)
 HIGHEST   100           400 AM
 LOWEST     59           500 PM
 AVERAGE    80

..........................................................


THE TOPEKA KS CLIMATE NORMALS FOR TODAY
                         NORMAL    RECORD    YEAR
 MAXIMUM TEMPERATURE (F)   90       110      1980
                                             1947
 MINIMUM TEMPERATURE (F)   68        50      1971


SUNRISE AND SUNSET
JULY 30 2015..........SUNRISE   621 AM CDT   SUNSET   836 PM CDT
JULY 31 2015..........SUNRISE   622 AM CDT   SUNSET   835 PM CDT


-  INDICATES NEGATIVE NUMBERS.
R  INDICATES RECORD WAS SET OR TIED.
MM INDICATES DATA IS MISSING.
T  INDICATES TRACE AMOUNT.




$$
