000
CDUS43 KTOP 090637
CLITOP


CLIMATE REPORT
NATIONAL WEATHER SERVICE TOPEKA KS
1236 AM CST FRI DEC 9 2016


...................................

...THE TOPEKA KS CLIMATE SUMMARY FOR DECEMBER 8 2016...

CLIMATE NORMAL PERIOD 1981 TO 2010
CLIMATE RECORD PERIOD 1887 TO 2016


WEATHER ITEM   OBSERVED TIME   RECORD YEAR NORMAL DEPARTURE LAST
                VALUE   (LST)  VALUE       VALUE  FROM      YEAR
                                                  NORMAL
..................................................................
TEMPERATURE (F)
 YESTERDAY
  MAXIMUM         28    244 PM  70    1946  43    -15       54
  MINIMUM         14   1117 PM  -6    2005  24    -10       32
                                      1917
  AVERAGE         21                        34    -13       43

PRECIPITATION (IN)
  YESTERDAY        0.00          0.42 1931   0.06  -0.06     0.00
  MONTH TO DATE    0.58                      0.42   0.16     0.00
  SINCE DEC 1      0.58                      0.42   0.16     0.00
  SINCE JAN 1     42.76                     35.53   7.23    46.68

SNOWFALL (IN)
  YESTERDAY        0.0           5.0  2009   0.1   -0.1      0.0
  MONTH TO DATE    0.5                       1.1   -0.6      0.0
  SINCE JAN 1      4.2                      13.7   -9.5      8.0
  SINCE JUL 1      0.5                       2.4   -1.9      0.1
  SNOW DEPTH       T

DEGREE DAYS
 HEATING
  YESTERDAY       44                        31     13       22
  MONTH TO DATE  257                       241     16      192
  SINCE DEC 1    257                       241     16      192
  SINCE JUL 1    830                      1235   -405      928

 COOLING
  YESTERDAY        0                         0      0        0
  MONTH TO DATE    0                         0      0        0
  SINCE DEC 1      0                         0      0        0
  SINCE JAN 1   1711                      1422    289     1536
..................................................................


WIND (MPH)
  HIGHEST WIND SPEED    20   HIGHEST WIND DIRECTION    NW (310)
  HIGHEST GUST SPEED    24   HIGHEST GUST DIRECTION    NW (300)
  AVERAGE WIND SPEED     8.8


SKY COVER
  AVERAGE SKY COVER 0.0


WEATHER CONDITIONS
 THE FOLLOWING WEATHER WAS RECORDED YESTERDAY.
  NO SIGNIFICANT WEATHER WAS OBSERVED.


RELATIVE HUMIDITY (PERCENT)
 HIGHEST    67           300 AM
 LOWEST     50           400 PM
 AVERAGE    59

..........................................................


THE TOPEKA KS CLIMATE NORMALS FOR TODAY
                         NORMAL    RECORD    YEAR
 MAXIMUM TEMPERATURE (F)   43        70      2015
 MINIMUM TEMPERATURE (F)   24        -7      2005


SUNRISE AND SUNSET
DECEMBER  9 2016......SUNRISE   730 AM CST   SUNSET   500 PM CST
DECEMBER 10 2016......SUNRISE   731 AM CST   SUNSET   500 PM CST


-  INDICATES NEGATIVE NUMBERS.
R  INDICATES RECORD WAS SET OR TIED.
MM INDICATES DATA IS MISSING.
T  INDICATES TRACE AMOUNT.




$$
