000
CDUS43 KTOP 120632
CLITOP


CLIMATE REPORT
NATIONAL WEATHER SERVICE TOPEKA KS
132 AM CDT THU OCT 12 2017


...................................

...THE TOPEKA KS CLIMATE SUMMARY FOR OCTOBER 11 2017...

CLIMATE NORMAL PERIOD 1981 TO 2010
CLIMATE RECORD PERIOD 1887 TO 2017


WEATHER ITEM   OBSERVED TIME   RECORD YEAR NORMAL DEPARTURE LAST
                VALUE   (LST)  VALUE       VALUE  FROM      YEAR
                                                  NORMAL
..................................................................
TEMPERATURE (F)
 YESTERDAY
  MAXIMUM         67    417 PM  94    1975  70     -3       79
  MINIMUM         44    745 AM  31    1987  46     -2       53
                                      1909
  AVERAGE         56                        58     -2       66

PRECIPITATION (IN)
  YESTERDAY        0.00          1.88 1912   0.09  -0.09     0.00
  MONTH TO DATE    0.98                      1.19  -0.21     0.89
  SINCE SEP 1      2.76                      4.85  -2.09     8.67
  SINCE JAN 1     36.23                     31.42   4.81    41.56

SNOWFALL (IN)
  YESTERDAY        0.0           T    1927   0.0    0.0      0.0
  MONTH TO DATE    0.0                       0.0    0.0      0.0
  SINCE JAN 1      3.5                      11.3   -7.8      3.7
  SINCE JUL 1      T                         0.0    0.0       T
  SNOW DEPTH       0

DEGREE DAYS
 HEATING
  YESTERDAY        9                         8      1        0
  MONTH TO DATE   31                        73    -42       36
  SINCE SEP 1     44                       138    -94       56
  SINCE JUL 1     44                       140    -96       56

 COOLING
  YESTERDAY        0                         1     -1        1
  MONTH TO DATE   46                        17     29       10
  SINCE SEP 1    274                       182     92      254
  SINCE JAN 1   1464                      1410     54     1655
..................................................................


WIND (MPH)
  HIGHEST WIND SPEED    10   HIGHEST WIND DIRECTION     E (100)
  HIGHEST GUST SPEED    14   HIGHEST GUST DIRECTION    SE (130)
  AVERAGE WIND SPEED     3.6


SKY COVER
  AVERAGE SKY COVER 0.4


WEATHER CONDITIONS
 THE FOLLOWING WEATHER WAS RECORDED YESTERDAY.
  NO SIGNIFICANT WEATHER WAS OBSERVED.


RELATIVE HUMIDITY (PERCENT)
 HIGHEST    93          1100 PM
 LOWEST     44           200 PM
 AVERAGE    69

..........................................................


THE TOPEKA KS CLIMATE NORMALS FOR TODAY
                         NORMAL    RECORD    YEAR
 MAXIMUM TEMPERATURE (F)   70        93      1899
 MINIMUM TEMPERATURE (F)   46        27      1909


SUNRISE AND SUNSET
OCTOBER 12 2017.......SUNRISE   729 AM CDT   SUNSET   648 PM CDT
OCTOBER 13 2017.......SUNRISE   730 AM CDT   SUNSET   646 PM CDT


-  INDICATES NEGATIVE NUMBERS.
R  INDICATES RECORD WAS SET OR TIED.
MM INDICATES DATA IS MISSING.
T  INDICATES TRACE AMOUNT.




$$
