000
CDUS43 KTOP 210639
CLITOP


CLIMATE REPORT
NATIONAL WEATHER SERVICE TOPEKA KS
1236 AM CST SUN DEC 21 2014


...................................

...THE TOPEKA KS CLIMATE SUMMARY FOR DECEMBER 20 2014...

CLIMATE NORMAL PERIOD 1981 TO 2010
CLIMATE RECORD PERIOD 1887 TO 2014


WEATHER ITEM   OBSERVED TIME   RECORD YEAR NORMAL DEPARTURE LAST
                VALUE   (LST)  VALUE       VALUE  FROM      YEAR
                                                  NORMAL
..................................................................
TEMPERATURE (F)
 YESTERDAY
  MAXIMUM         51    254 PM  67    1941  40     11       35
  MINIMUM         31    656 AM -16    1983  21     10       19
  AVERAGE         41                        31     10       27

PRECIPITATION (IN)
  YESTERDAY        0.00          0.99 2006   0.04  -0.04     0.01
  MONTH TO DATE    2.09                      0.97   1.12     0.11
  SINCE DEC 1      2.09                      0.97   1.12     0.11
  SINCE JAN 1     30.97                     36.08  -5.11    33.56

SNOWFALL (IN)
  YESTERDAY        0.0           5.4  1914   0.2   -0.2      0.0
  MONTH TO DATE    2.0                       3.2   -1.2      1.0
  SINCE JAN 1     25.5                      15.8    9.7     25.2
  SINCE JUL 1      2.4                       4.5   -2.1      1.0
  SNOW DEPTH       T

DEGREE DAYS
 HEATING
  YESTERDAY       24                        34    -10       38
  MONTH TO DATE  535                       639   -104      689
  SINCE DEC 1    535                       639   -104      689
  SINCE JUL 1   1566                      1633    -67     1685

 COOLING
  YESTERDAY        0                         0      0        0
  MONTH TO DATE    0                         0      0        0
  SINCE DEC 1      0                         0      0        0
  SINCE JAN 1   1611                      1422    189     1586
..................................................................


WIND (MPH)
  HIGHEST WIND SPEED    15   HIGHEST WIND DIRECTION    SW (230)
  HIGHEST GUST SPEED    19   HIGHEST GUST DIRECTION     S (200)
  AVERAGE WIND SPEED     7.5


SKY COVER
  AVERAGE SKY COVER 0.4


WEATHER CONDITIONS
 THE FOLLOWING WEATHER WAS RECORDED YESTERDAY.
  NO SIGNIFICANT WEATHER WAS OBSERVED.


RELATIVE HUMIDITY (PERCENT)
 HIGHEST    89           200 AM
 LOWEST     63           300 PM
 AVERAGE    76

..........................................................


THE TOPEKA KS CLIMATE NORMALS FOR TODAY
                         NORMAL    RECORD    YEAR
 MAXIMUM TEMPERATURE (F)   40        66      1893
 MINIMUM TEMPERATURE (F)   21       -16      1989


SUNRISE AND SUNSET
DECEMBER 21 2014......SUNRISE   738 AM CST   SUNSET   503 PM CST
DECEMBER 22 2014......SUNRISE   738 AM CST   SUNSET   504 PM CST


-  INDICATES NEGATIVE NUMBERS.
R  INDICATES RECORD WAS SET OR TIED.
MM INDICATES DATA IS MISSING.
T  INDICATES TRACE AMOUNT.




$$
