000
CDUS43 KTOP 250633
CLITOP


CLIMATE REPORT
NATIONAL WEATHER SERVICE TOPEKA KS
1233 AM CST SUN JAN 25 2015


...................................

...THE TOPEKA KS CLIMATE SUMMARY FOR JANUARY 24 2015...

CLIMATE NORMAL PERIOD 1981 TO 2010
CLIMATE RECORD PERIOD 1887 TO 2015


WEATHER ITEM   OBSERVED TIME   RECORD YEAR NORMAL DEPARTURE LAST
                VALUE   (LST)  VALUE       VALUE  FROM      YEAR
                                                  NORMAL
..................................................................
TEMPERATURE (F)
 YESTERDAY
  MAXIMUM         60    112 PM  72    1981  40     20       50
  MINIMUM         29    525 AM -14    1894  20      9       10
  AVERAGE         45                        30     15       30

PRECIPITATION (IN)
  YESTERDAY        T             0.66 1921   0.03  -0.03     0.00
  MONTH TO DATE    0.08                      0.61  -0.53     0.34
  SINCE DEC 1      2.35                      1.96   0.39     0.90
  SINCE JAN 1      0.08                      0.61  -0.53     0.34

SNOWFALL (IN)
  YESTERDAY        0.0           1.3  1956   0.2   -0.2      0.0
                                      2002
  MONTH TO DATE    1.2                       3.8   -2.6      3.8
  SINCE JAN 1      1.2                       3.8   -2.6      3.8
  SINCE JUL 1      3.6                      10.3   -6.7      8.1
  SNOW DEPTH       0

DEGREE DAYS
 HEATING
  YESTERDAY       20                        35    -15       35
  MONTH TO DATE  858                       847     11      904
  SINCE DEC 1   1741                      1870   -129     2012
  SINCE JUL 1   2772                      2864    -92     3008

 COOLING
  YESTERDAY        0                         0      0        0
  MONTH TO DATE    0                         0      0        0
  SINCE DEC 1      0                         0      0        0
  SINCE JAN 1      0                         0      0        0
..................................................................


WIND (MPH)
  HIGHEST WIND SPEED    18   HIGHEST WIND DIRECTION     W (270)
  HIGHEST GUST SPEED    26   HIGHEST GUST DIRECTION     W (260)
  AVERAGE WIND SPEED     8.2


SKY COVER
  AVERAGE SKY COVER 0.2


WEATHER CONDITIONS
 THE FOLLOWING WEATHER WAS RECORDED YESTERDAY.
  LIGHT RAIN


RELATIVE HUMIDITY (PERCENT)
 HIGHEST    85           600 AM
 LOWEST     33           200 PM
 AVERAGE    59

..........................................................


THE TOPEKA KS CLIMATE NORMALS FOR TODAY
                         NORMAL    RECORD    YEAR
 MAXIMUM TEMPERATURE (F)   40        64      1944
 MINIMUM TEMPERATURE (F)   20       -13      1905


SUNRISE AND SUNSET
JANUARY 25 2015.......SUNRISE   735 AM CST   SUNSET   535 PM CST
JANUARY 26 2015.......SUNRISE   734 AM CST   SUNSET   536 PM CST


-  INDICATES NEGATIVE NUMBERS.
R  INDICATES RECORD WAS SET OR TIED.
MM INDICATES DATA IS MISSING.
T  INDICATES TRACE AMOUNT.




$$
