000
CDUS43 KTOP 050639
CLITOP


CLIMATE REPORT
NATIONAL WEATHER SERVICE TOPEKA KS
138 AM CDT SAT APR 5 2014


...................................

...THE TOPEKA KS CLIMATE SUMMARY FOR APRIL 4 2014...

CLIMATE NORMAL PERIOD 1981 TO 2010
CLIMATE RECORD PERIOD 1887 TO 2014


WEATHER ITEM   OBSERVED TIME   RECORD YEAR NORMAL DEPARTURE LAST
                VALUE   (LST)  VALUE       VALUE  FROM      YEAR
                                                  NORMAL
..................................................................
TEMPERATURE (F)
 YESTERDAY
  MAXIMUM         52    251 PM  93    1942  63    -11       65
  MINIMUM         29   1149 PM  16    1920  39    -10       28
  AVERAGE         41                        51    -10       47

PRECIPITATION (IN)
  YESTERDAY        0.00          1.94 1969   0.10  -0.10     0.00
  MONTH TO DATE    0.27                      0.40  -0.13     0.00
  SINCE MAR 1      1.00                      2.89  -1.89     2.01
  SINCE JAN 1      2.66                      5.07  -2.41     4.45

SNOWFALL (IN)
  YESTERDAY        0.0           3.0  1983   0.0    0.0      0.0
  MONTH TO DATE    0.0                       0.1   -0.1      0.0
  SINCE JAN 1     23.0                      11.1   11.9     23.9
  SINCE JUL 1     27.3                      17.6    9.7     29.3
  SNOW DEPTH       0

DEGREE DAYS
 HEATING
  YESTERDAY       24                        14     10       18
  MONTH TO DATE   79                        58     21       91
  SINCE MAR 1    789                       686    103      855
  SINCE JUL 1   5111                      4653    458     4412

 COOLING
  YESTERDAY        0                         0      0        0
  MONTH TO DATE    0                         0      0        0
  SINCE MAR 1      0                         3     -3        0
  SINCE JAN 1      0                         3     -3        0
..................................................................


WIND (MPH)
  HIGHEST WIND SPEED    25   HIGHEST WIND DIRECTION    NW (310)
  HIGHEST GUST SPEED    33   HIGHEST GUST DIRECTION    NW (320)
  AVERAGE WIND SPEED    12.0


SKY COVER
  AVERAGE SKY COVER 0.7


WEATHER CONDITIONS
 THE FOLLOWING WEATHER WAS RECORDED YESTERDAY.
  NO SIGNIFICANT WEATHER WAS OBSERVED.


RELATIVE HUMIDITY (PERCENT)
 HIGHEST    82          1100 PM
 LOWEST     41           300 PM
 AVERAGE    62

..........................................................


THE TOPEKA KS CLIMATE NORMALS FOR TODAY
                         NORMAL    RECORD    YEAR
 MAXIMUM TEMPERATURE (F)   64        89      2000
 MINIMUM TEMPERATURE (F)   40        13      1920


SUNRISE AND SUNSET
APRIL  5 2014.........SUNRISE   701 AM CDT   SUNSET   750 PM CDT
APRIL  6 2014.........SUNRISE   659 AM CDT   SUNSET   751 PM CDT


-  INDICATES NEGATIVE NUMBERS.
R  INDICATES RECORD WAS SET OR TIED.
MM INDICATES DATA IS MISSING.
T  INDICATES TRACE AMOUNT.




$$
