000
CDUS43 KTOP 140632
CLITOP


CLIMATE REPORT
NATIONAL WEATHER SERVICE TOPEKA KS
131 AM CDT SUN SEP 14 2014


...................................

...THE TOPEKA KS CLIMATE SUMMARY FOR SEPTEMBER 13 2014...

CLIMATE NORMAL PERIOD 1981 TO 2010
CLIMATE RECORD PERIOD 1887 TO 2014


WEATHER ITEM   OBSERVED TIME   RECORD YEAR NORMAL DEPARTURE LAST
                VALUE   (LST)  VALUE       VALUE  FROM      YEAR
                                                  NORMAL
..................................................................
TEMPERATURE (F)
 YESTERDAY
  MAXIMUM         65    445 PM 104    1893  82    -17       79
  MINIMUM         38    609 AM  34    1890  58    -20       55
  AVERAGE         52                        70    -18       67

PRECIPITATION (IN)
  YESTERDAY        0.00          3.38 1901   0.12  -0.12     0.00
  MONTH TO DATE    3.97                      1.60   2.37     0.49
  SINCE SEP 1      3.97                      1.60   2.37     0.49
  SINCE JAN 1     23.81                     28.17  -4.36    24.96

SNOWFALL (IN)
  YESTERDAY        0.0           T    1909   0.0    0.0      0.0
  MONTH TO DATE    0.0                       0.0    0.0      0.0
  SINCE JAN 1     23.1                      11.3   11.8     24.2
  SINCE JUL 1      T                         0.0    0.0      0.0
  SNOW DEPTH       0

DEGREE DAYS
 HEATING
  YESTERDAY       13                         1     12        0
  MONTH TO DATE   35                         8     27        0
  SINCE SEP 1     35                         8     27        0
  SINCE JUL 1     35                        10     25        0

 COOLING
  YESTERDAY        0                         6     -6        2
  MONTH TO DATE  101                        99      2      176
  SINCE SEP 1    101                        99      2      176
  SINCE JAN 1   1511                      1327    184     1470
..................................................................


WIND (MPH)
  HIGHEST WIND SPEED    14   HIGHEST WIND DIRECTION    SE (150)
  HIGHEST GUST SPEED    21   HIGHEST GUST DIRECTION    SE (120)
  AVERAGE WIND SPEED     4.2


SKY COVER
  AVERAGE SKY COVER 0.4


WEATHER CONDITIONS
 THE FOLLOWING WEATHER WAS RECORDED YESTERDAY.
  FOG
  FOG W/VISIBILITY <= 1/4 MILE


RELATIVE HUMIDITY (PERCENT)
 HIGHEST   100           500 AM
 LOWEST     43           400 PM
 AVERAGE    72

..........................................................


THE TOPEKA KS CLIMATE NORMALS FOR TODAY
                         NORMAL    RECORD    YEAR
 MAXIMUM TEMPERATURE (F)   81       100      1939
 MINIMUM TEMPERATURE (F)   57        37      1974


SUNRISE AND SUNSET
SEPTEMBER 14 2014.....SUNRISE   703 AM CDT   SUNSET   732 PM CDT
SEPTEMBER 15 2014.....SUNRISE   704 AM CDT   SUNSET   731 PM CDT


-  INDICATES NEGATIVE NUMBERS.
R  INDICATES RECORD WAS SET OR TIED.
MM INDICATES DATA IS MISSING.
T  INDICATES TRACE AMOUNT.




$$
