000
CDUS43 KTOP 052131
CLITOP


CLIMATE REPORT
NATIONAL WEATHER SERVICE TOPEKA KS
430 PM CDT THU OCT 5 2017


...................................

...THE TOPEKA KS CLIMATE SUMMARY FOR OCTOBER 5 2017...
VALID TODAY AS OF 0400 PM LOCAL TIME.

CLIMATE NORMAL PERIOD 1981 TO 2010
CLIMATE RECORD PERIOD 1887 TO 2017


WEATHER ITEM   OBSERVED TIME   RECORD YEAR NORMAL DEPARTURE LAST
                VALUE   (LST)  VALUE       VALUE  FROM      YEAR
                                                  NORMAL
..................................................................
TEMPERATURE (F)
 TODAY
  MAXIMUM         76    259 PM  96    1963  72      4       77
  MINIMUM         61    102 AM  31    1964  48     13       53
  AVERAGE         69                        60      9       65

PRECIPITATION (IN)
  TODAY            0.03          1.55 2000   0.12  -0.09     0.20
  MONTH TO DATE    0.25                      0.60  -0.35     0.57
  SINCE SEP 1      2.03                      4.26  -2.23     8.35
  SINCE JAN 1     35.50                     30.83   4.67    41.24

SNOWFALL (IN)
  TODAY            0.0           0.0    MM   0.0    0.0      0.0
  MONTH TO DATE    0.0                       0.0    0.0      0.0
  SINCE JAN 1      3.5                      11.3   -7.8      3.7
  SINCE JUL 1      T                         0.0    0.0       T
  SNOW DEPTH       0

DEGREE DAYS
 HEATING
  TODAY            0                         6     -6        0
  MONTH TO DATE    3                        29    -26        5
  SINCE SEP 1     16                        94    -78       25
  SINCE JUL 1     16                        96    -80       25

 COOLING
  TODAY            4                         2      2        0
  MONTH TO DATE   33                        10     23        9
  SINCE SEP 1    261                       175     86      253
  SINCE JAN 1   1451                      1403     48     1654
..................................................................


WIND (MPH)
  HIGHEST WIND SPEED    12   HIGHEST WIND DIRECTION    SE (150)
  HIGHEST GUST SPEED    15   HIGHEST GUST DIRECTION     S (160)
  AVERAGE WIND SPEED     5.1



WEATHER CONDITIONS
 THE FOLLOWING WEATHER WAS RECORDED TODAY.
  LIGHT RAIN
  FOG


RELATIVE HUMIDITY (PERCENT)
 HIGHEST   100          1200 AM
 LOWEST     87           200 PM
 AVERAGE    94

..........................................................


THE TOPEKA KS CLIMATE NORMALS FOR TOMORROW
                         NORMAL    RECORD    YEAR
 MAXIMUM TEMPERATURE (F)   72        96      1939
 MINIMUM TEMPERATURE (F)   48        26      1952
                                             1889


SUNRISE AND SUNSET
OCTOBER  5 2017.......SUNRISE   723 AM CDT   SUNSET   658 PM CDT
OCTOBER  6 2017.......SUNRISE   724 AM CDT   SUNSET   657 PM CDT


-  INDICATES NEGATIVE NUMBERS.
R  INDICATES RECORD WAS SET OR TIED.
MM INDICATES DATA IS MISSING.
T  INDICATES TRACE AMOUNT.




$$
