000
CDUS43 KTOP 230636
CLITOP


CLIMATE REPORT
NATIONAL WEATHER SERVICE TOPEKA KS
132 AM CDT TUE SEP 23 2014


...................................

...THE TOPEKA KS CLIMATE SUMMARY FOR SEPTEMBER 22 2014...

CLIMATE NORMAL PERIOD 1981 TO 2010
CLIMATE RECORD PERIOD 1887 TO 2014


WEATHER ITEM   OBSERVED TIME   RECORD YEAR NORMAL DEPARTURE LAST
                VALUE   (LST)  VALUE       VALUE  FROM      YEAR
                                                  NORMAL
..................................................................
TEMPERATURE (F)
 YESTERDAY
  MAXIMUM         77    254 PM  99    1937  78     -1       79
  MINIMUM         46    638 AM  31    1995  53     -7       53
  AVERAGE         62                        66     -4       66

PRECIPITATION (IN)
  YESTERDAY        0.00          1.84 2000   0.13  -0.13     0.00
  MONTH TO DATE    4.10                      2.70   1.40     3.09
  SINCE SEP 1      4.10                      2.70   1.40     3.09
  SINCE JAN 1     23.94                     29.27  -5.33    27.56

SNOWFALL (IN)
  YESTERDAY        0.0           0.0    MM   0.0    0.0      0.0
  MONTH TO DATE    0.0                       0.0    0.0      0.0
  SINCE JAN 1     23.1                      11.3   11.8     24.2
  SINCE JUL 1      T                         0.0    0.0      0.0
  SNOW DEPTH       0

DEGREE DAYS
 HEATING
  YESTERDAY        3                         3      0        0
  MONTH TO DATE   49                        30     19        5
  SINCE SEP 1     49                        30     19        5
  SINCE JUL 1     49                        32     17        5

 COOLING
  YESTERDAY        0                         4     -4        1
  MONTH TO DATE  129                       141    -12      226
  SINCE SEP 1    129                       141    -12      226
  SINCE JAN 1   1539                      1369    170     1520
..................................................................


WIND (MPH)
  HIGHEST WIND SPEED     9   HIGHEST WIND DIRECTION     E (100)
  HIGHEST GUST SPEED    12   HIGHEST GUST DIRECTION    SW (230)
  AVERAGE WIND SPEED     2.3


SKY COVER
  AVERAGE SKY COVER 0.0


WEATHER CONDITIONS
 THE FOLLOWING WEATHER WAS RECORDED YESTERDAY.
  FOG


RELATIVE HUMIDITY (PERCENT)
 HIGHEST   100           500 AM
 LOWEST     36           300 PM
 AVERAGE    68

..........................................................


THE TOPEKA KS CLIMATE NORMALS FOR TODAY
                         NORMAL    RECORD    YEAR
 MAXIMUM TEMPERATURE (F)   77        97      1939
 MINIMUM TEMPERATURE (F)   53        29      1983


SUNRISE AND SUNSET
SEPTEMBER 23 2014.....SUNRISE   711 AM CDT   SUNSET   718 PM CDT
SEPTEMBER 24 2014.....SUNRISE   712 AM CDT   SUNSET   716 PM CDT


-  INDICATES NEGATIVE NUMBERS.
R  INDICATES RECORD WAS SET OR TIED.
MM INDICATES DATA IS MISSING.
T  INDICATES TRACE AMOUNT.

$$
