000
CDUS43 KTOP 180632
CLITOP


CLIMATE REPORT
NATIONAL WEATHER SERVICE TOPEKA KS
1231 AM CST FRI NOV 18 2016


...................................

...THE TOPEKA KS CLIMATE SUMMARY FOR NOVEMBER 17 2016...

CLIMATE NORMAL PERIOD 1981 TO 2010
CLIMATE RECORD PERIOD 1887 TO 2016


WEATHER ITEM   OBSERVED TIME   RECORD YEAR NORMAL DEPARTURE LAST
                VALUE   (LST)  VALUE       VALUE  FROM      YEAR
                                                  NORMAL
..................................................................
TEMPERATURE (F)
 YESTERDAY
  MAXIMUM         77R   300 PM  76    1999  54     23       63
  MINIMUM         64R   809 AM   5    1959  32     32       49
  AVERAGE         71                        43     28       56

PRECIPITATION (IN)
  YESTERDAY        0.00          2.08 1958   0.06  -0.06     2.02
  MONTH TO DATE    0.06                      1.16  -1.10     2.09
  SINCE SEP 1      9.16                      7.85   1.31    10.42
  SINCE JAN 1     42.05                     34.42   7.63    43.66

SNOWFALL (IN)
  YESTERDAY        0.0           T    2015   0.0    0.0       T
                                      2010
                                      2009
  MONTH TO DATE    0.0                       0.3   -0.3       T
  SINCE JAN 1      3.7                      11.9   -8.2      7.9
  SINCE JUL 1      T                         0.6   -0.6       T
  SNOW DEPTH       0

DEGREE DAYS
 HEATING
  YESTERDAY        0                        22    -22        9
  MONTH TO DATE  163                       305   -142      185
  SINCE SEP 1    319                       659   -340      432
  SINCE JUL 1    319                       661   -342      432

 COOLING
  YESTERDAY        6                         0      6        0
  MONTH TO DATE   13                         0     13        0
  SINCE SEP 1    310                       192    118      318
  SINCE JAN 1   1711                      1420    291     1536
..................................................................


WIND (MPH)
  HIGHEST WIND SPEED    26   HIGHEST WIND DIRECTION     S (190)
  HIGHEST GUST SPEED    38   HIGHEST GUST DIRECTION    SW (210)
  AVERAGE WIND SPEED    15.5


SKY COVER
  AVERAGE SKY COVER 0.0


WEATHER CONDITIONS
 THE FOLLOWING WEATHER WAS RECORDED YESTERDAY.
  NO SIGNIFICANT WEATHER WAS OBSERVED.


RELATIVE HUMIDITY (PERCENT)
 HIGHEST    63          1100 PM
 LOWEST     33           100 PM
 AVERAGE    48

..........................................................


THE TOPEKA KS CLIMATE NORMALS FOR TODAY
                         NORMAL    RECORD    YEAR
 MAXIMUM TEMPERATURE (F)   53        79      1976
                                             1908
 MINIMUM TEMPERATURE (F)   32         7      2014


SUNRISE AND SUNSET
NOVEMBER 18 2016......SUNRISE   709 AM CST   SUNSET   506 PM CST
NOVEMBER 19 2016......SUNRISE   711 AM CST   SUNSET   505 PM CST


-  INDICATES NEGATIVE NUMBERS.
R  INDICATES RECORD WAS SET OR TIED.
MM INDICATES DATA IS MISSING.
T  INDICATES TRACE AMOUNT.




$$
