000
CDUS43 KTOP 092139
CLITOP


CLIMATE REPORT
NATIONAL WEATHER SERVICE TOPEKA KS
438 PM CDT SAT JUL 9 2016


...................................

...THE TOPEKA KS CLIMATE SUMMARY FOR JULY 9 2016...
VALID TODAY AS OF 430 PM LOCAL TIME.

CLIMATE NORMAL PERIOD 1981 TO 2010
CLIMATE RECORD PERIOD 1887 TO 2016


WEATHER ITEM   OBSERVED TIME   RECORD YEAR NORMAL DEPARTURE LAST
                VALUE   (LST)  VALUE       VALUE  FROM      YEAR
                                                  NORMAL
..................................................................
TEMPERATURE (F)
 TODAY
  MAXIMUM         91    257 PM 105    2013  89      2       80
  MINIMUM         72    443 AM  50    1891  68      4       61
  AVERAGE         82                        79      3       71

PRECIPITATION (IN)
  TODAY            0.00          2.06 1950   0.13  -0.13      T
  MONTH TO DATE    2.95                      1.24   1.71     4.55
  SINCE JUN 1      5.34                      6.64  -1.30    10.77
  SINCE JAN 1     24.65                     19.75   4.90    25.36

SNOWFALL (IN)
  TODAY            0.0           0.0    MM   0.0    0.0      0.0
  MONTH TO DATE    0.0                       0.0    0.0      0.0
  SINCE JAN 1      3.7                      11.3   -7.6      7.9
  SINCE JUL 1      0.0                       0.0    0.0      0.0
  SNOW DEPTH       0

DEGREE DAYS
 HEATING
  TODAY            0                         0      0        0
  MONTH TO DATE    0                         0      0        0
  SINCE JUN 1      0                         8     -8        0
  SINCE JUL 1      0                         0      0        0

 COOLING
  TODAY           17                        14      3        6
  MONTH TO DATE  116                       121     -5       80
  SINCE JUN 1    555                       405    150      448
  SINCE JAN 1    647                       531    116      530
..................................................................


WIND (MPH)
  HIGHEST WIND SPEED    14   HIGHEST WIND DIRECTION    SE (140)
  HIGHEST GUST SPEED    19   HIGHEST GUST DIRECTION    SE (140)
  AVERAGE WIND SPEED     4.2



WEATHER CONDITIONS
 THE FOLLOWING WEATHER WAS RECORDED TODAY.
  NO SIGNIFICANT WEATHER WAS OBSERVED.


RELATIVE HUMIDITY (PERCENT)
 HIGHEST    87           300 AM
 LOWEST     59           200 PM
 AVERAGE    73

..........................................................


THE TOPEKA KS CLIMATE NORMALS FOR TOMORROW
                         NORMAL    RECORD    YEAR
 MAXIMUM TEMPERATURE (F)   89       106      1980
 MINIMUM TEMPERATURE (F)   69        53      1996
                                             1961


SUNRISE AND SUNSET
JULY  9 2016..........SUNRISE   605 AM CDT   SUNSET   850 PM CDT
JULY 10 2016..........SUNRISE   606 AM CDT   SUNSET   850 PM CDT


-  INDICATES NEGATIVE NUMBERS.
R  INDICATES RECORD WAS SET OR TIED.
MM INDICATES DATA IS MISSING.
T  INDICATES TRACE AMOUNT.




$$
