000
CDUS43 KTOP 030636
CLITOP


CLIMATE REPORT
NATIONAL WEATHER SERVICE TOPEKA KS
135 AM CDT SUN SEP 3 2017


...................................

...THE TOPEKA KS CLIMATE SUMMARY FOR SEPTEMBER 2 2017...

CLIMATE NORMAL PERIOD 1981 TO 2010
CLIMATE RECORD PERIOD 1887 TO 2017


WEATHER ITEM   OBSERVED TIME   RECORD YEAR NORMAL DEPARTURE LAST
                VALUE   (LST)  VALUE       VALUE  FROM      YEAR
                                                  NORMAL
..................................................................
TEMPERATURE (F)
 YESTERDAY
  MAXIMUM         87    355 PM 109    2000  86      1       79
  MINIMUM         62    639 AM  46    1888  62      0       58
  AVERAGE         75                        74      1       69

PRECIPITATION (IN)
  YESTERDAY        0.00          2.28 1942   0.13  -0.13     0.00
  MONTH TO DATE    T                         0.25  -0.25     0.00
  SINCE SEP 1      T                         0.25  -0.25     0.00
  SINCE JAN 1     33.47                     26.82   6.65    32.89

SNOWFALL (IN)
  YESTERDAY        0.0           0.0    MM   0.0    0.0      0.0
  MONTH TO DATE    0.0                       0.0    0.0      0.0
  SINCE JAN 1      3.5                      11.3   -7.8      3.7
  SINCE JUL 1      T                         0.0    0.0       T
  SNOW DEPTH       0

DEGREE DAYS
 HEATING
  YESTERDAY        0                         0      0        0
  MONTH TO DATE    0                         0      0        0
  SINCE SEP 1      0                         0      0        0
  SINCE JUL 1      0                         2     -2        0

 COOLING
  YESTERDAY       10                         9      1        4
  MONTH TO DATE   15                        18     -3        9
  SINCE SEP 1     15                        18     -3        9
  SINCE JAN 1   1205                      1246    -41     1410
..................................................................


WIND (MPH)
  HIGHEST WIND SPEED    14   HIGHEST WIND DIRECTION    SW (220)
  HIGHEST GUST SPEED    23   HIGHEST GUST DIRECTION    SW (230)
  AVERAGE WIND SPEED     5.2


SKY COVER
  AVERAGE SKY COVER 0.3


WEATHER CONDITIONS
 THE FOLLOWING WEATHER WAS RECORDED YESTERDAY.
  FOG


RELATIVE HUMIDITY (PERCENT)
 HIGHEST    93           500 AM
 LOWEST     50           400 PM
 AVERAGE    72

..........................................................


THE TOPEKA KS CLIMATE NORMALS FOR TODAY
                         NORMAL    RECORD    YEAR
 MAXIMUM TEMPERATURE (F)   85       110      1947
 MINIMUM TEMPERATURE (F)   62        43      1891


SUNRISE AND SUNSET
SEPTEMBER  3 2017.....SUNRISE   653 AM CDT   SUNSET   749 PM CDT
SEPTEMBER  4 2017.....SUNRISE   654 AM CDT   SUNSET   748 PM CDT


-  INDICATES NEGATIVE NUMBERS.
R  INDICATES RECORD WAS SET OR TIED.
MM INDICATES DATA IS MISSING.
T  INDICATES TRACE AMOUNT.




$$
