000
CDUS43 KTOP 060633
CLITOP


CLIMATE REPORT
NATIONAL WEATHER SERVICE TOPEKA KS
132 AM CDT SUN APR 6 2014


...................................

...THE TOPEKA KS CLIMATE SUMMARY FOR APRIL 5 2014...

CLIMATE NORMAL PERIOD 1981 TO 2010
CLIMATE RECORD PERIOD 1887 TO 2014


WEATHER ITEM   OBSERVED TIME   RECORD YEAR NORMAL DEPARTURE LAST
                VALUE   (LST)  VALUE       VALUE  FROM      YEAR
                                                  NORMAL
..................................................................
TEMPERATURE (F)
 YESTERDAY
  MAXIMUM         63    351 PM  89    2000  64     -1       73
  MINIMUM         27    507 AM  13    1920  40    -13       33
  AVERAGE         45                        52     -7       53

PRECIPITATION (IN)
  YESTERDAY        0.00          1.56 1928   0.10  -0.10     0.00
  MONTH TO DATE    0.27                      0.50  -0.23     0.00
  SINCE MAR 1      1.00                      2.99  -1.99     2.01
  SINCE JAN 1      2.66                      5.17  -2.51     4.45

SNOWFALL (IN)
  YESTERDAY        0.0           T    2010   0.0    0.0      0.0
                                      2009
                                      1996
  MONTH TO DATE    0.0                       0.1   -0.1      0.0
  SINCE JAN 1     23.0                      11.1   11.9     23.9
  SINCE JUL 1     27.3                      17.6    9.7     29.3
  SNOW DEPTH       0

DEGREE DAYS
 HEATING
  YESTERDAY       20                        14      6       12
  MONTH TO DATE   99                        72     27      103
  SINCE MAR 1    809                       700    109      867
  SINCE JUL 1   5131                      4667    464     4424

 COOLING
  YESTERDAY        0                         0      0        0
  MONTH TO DATE    0                         0      0        0
  SINCE MAR 1      0                         3     -3        0
  SINCE JAN 1      0                         3     -3        0
..................................................................


WIND (MPH)
  HIGHEST WIND SPEED    17   HIGHEST WIND DIRECTION    SE (130)
  HIGHEST GUST SPEED    23   HIGHEST GUST DIRECTION    SE (120)
  AVERAGE WIND SPEED     6.8


SKY COVER
  AVERAGE SKY COVER 0.0


WEATHER CONDITIONS
 THE FOLLOWING WEATHER WAS RECORDED YESTERDAY.
  FOG
  HAZE


RELATIVE HUMIDITY (PERCENT)
 HIGHEST    85          1200 AM
 LOWEST     27           300 PM
 AVERAGE    56

..........................................................


THE TOPEKA KS CLIMATE NORMALS FOR TODAY
                         NORMAL    RECORD    YEAR
 MAXIMUM TEMPERATURE (F)   64        97      1893
 MINIMUM TEMPERATURE (F)   40        20      1982
                                             1936


SUNRISE AND SUNSET
APRIL  6 2014.........SUNRISE   659 AM CDT   SUNSET   751 PM CDT
APRIL  7 2014.........SUNRISE   658 AM CDT   SUNSET   752 PM CDT


-  INDICATES NEGATIVE NUMBERS.
R  INDICATES RECORD WAS SET OR TIED.
MM INDICATES DATA IS MISSING.
T  INDICATES TRACE AMOUNT.




$$
