000
CDUS43 KTOP 100635
CLITOP


CLIMATE REPORT
NATIONAL WEATHER SERVICE TOPEKA KS
132 AM CDT TUE MAY 10 2016


...................................

...THE TOPEKA KS CLIMATE SUMMARY FOR MAY 9 2016...

CLIMATE NORMAL PERIOD 1981 TO 2010
CLIMATE RECORD PERIOD 1887 TO 2016


WEATHER ITEM   OBSERVED TIME   RECORD YEAR NORMAL DEPARTURE LAST
                VALUE   (LST)  VALUE       VALUE  FROM      YEAR
                                                  NORMAL
..................................................................
TEMPERATURE (F)
 YESTERDAY
  MAXIMUM         77    439 PM  95    2011  74      3       76
  MINIMUM         58   1159 PM  30    1980  52      6       58
  AVERAGE         68                        63      5       67

PRECIPITATION (IN)
  YESTERDAY        0.09          1.20 1921   0.15  -0.06     0.33
  MONTH TO DATE    0.50                      1.38  -0.88     1.78
  SINCE MAR 1      9.72                      7.40   2.32     4.95
  SINCE JAN 1     10.99                      9.58   1.41     6.94

SNOWFALL (IN)
  YESTERDAY        0.0           T    1951   0.0    0.0      0.0
  MONTH TO DATE    0.0                       0.0    0.0      0.0
  SINCE JAN 1      3.7                      11.3   -7.6      7.9
  SINCE JUL 1      4.9                      17.8  -12.9     10.3
  SNOW DEPTH       0

DEGREE DAYS
 HEATING
  YESTERDAY        0                         4     -4        0
  MONTH TO DATE   42                        46     -4        4
  SINCE MAR 1    679                       996   -317      785
  SINCE JUL 1   3931                      4963  -1032     4786

 COOLING
  YESTERDAY        3                         2      1        2
  MONTH TO DATE   15                        16     -1       34
  SINCE MAR 1     33                        44    -11       39
  SINCE JAN 1     33                        44    -11       39
..................................................................


WIND (MPH)
  HIGHEST WIND SPEED    26   HIGHEST WIND DIRECTION    SW (230)
  HIGHEST GUST SPEED    34   HIGHEST GUST DIRECTION    SW (210)
  AVERAGE WIND SPEED    10.4


SKY COVER
  AVERAGE SKY COVER 0.8


WEATHER CONDITIONS
 THE FOLLOWING WEATHER WAS RECORDED YESTERDAY.
  THUNDERSTORM
  LIGHT RAIN
  FOG


RELATIVE HUMIDITY (PERCENT)
 HIGHEST    93           700 AM
 LOWEST     54           500 PM
 AVERAGE    74

..........................................................


THE TOPEKA KS CLIMATE NORMALS FOR TODAY
                         NORMAL    RECORD    YEAR
 MAXIMUM TEMPERATURE (F)   74        92      2011
 MINIMUM TEMPERATURE (F)   52        35      1981


SUNRISE AND SUNSET
MAY 10 2016...........SUNRISE   614 AM CDT   SUNSET   825 PM CDT
MAY 11 2016...........SUNRISE   613 AM CDT   SUNSET   825 PM CDT


-  INDICATES NEGATIVE NUMBERS.
R  INDICATES RECORD WAS SET OR TIED.
MM INDICATES DATA IS MISSING.
T  INDICATES TRACE AMOUNT.




$$
