000
CDUS43 KTOP 042232
CLITOP


CLIMATE REPORT
NATIONAL WEATHER SERVICE TOPEKA KS
432 PM CST TUE NOV 4 2014


...................................

...THE TOPEKA KS CLIMATE SUMMARY FOR NOVEMBER 4 2014...
VALID TODAY AS OF 0400 PM LOCAL TIME.

CLIMATE NORMAL PERIOD 1981 TO 2010
CLIMATE RECORD PERIOD 1887 TO 2014


WEATHER ITEM   OBSERVED TIME   RECORD YEAR NORMAL DEPARTURE LAST
                VALUE   (LST)  VALUE       VALUE  FROM      YEAR
                                                  NORMAL
..................................................................
TEMPERATURE (F)
 TODAY
  MAXIMUM         53    354 PM  82    1978  61     -8       64
                                      1909
  MINIMUM         45    736 AM   9    1991  38      7       52
  AVERAGE         49                        50     -1       58

PRECIPITATION (IN)
  TODAY            0.00          1.59 1956   0.07  -0.07     0.00
  MONTH TO DATE    0.04                      0.30  -0.26     0.04
  SINCE SEP 1      8.64                      6.99   1.65     8.14
  SINCE JAN 1     28.48                     33.56  -5.08    32.61

SNOWFALL (IN)
  TODAY            0.0           T    1992   0.1   -0.1      0.0
  MONTH TO DATE    0.0                       0.1   -0.1      0.0
  SINCE JAN 1     23.1                      11.7   11.4     24.2
  SINCE JUL 1      T                         0.4   -0.4       T
  SNOW DEPTH       0

DEGREE DAYS
 HEATING
  TODAY           16                        16      0        7
  MONTH TO DATE   56                        60     -4       56
  SINCE SEP 1    310                       414   -104      373
  SINCE JUL 1    310                       416   -106      373

 COOLING
  TODAY            0                         0      0        0
  MONTH TO DATE    0                         0      0        0
  SINCE SEP 1    201                       192      9      292
  SINCE JAN 1   1611                      1420    191     1586
..................................................................


WIND (MPH)
  HIGHEST WIND SPEED    14   HIGHEST WIND DIRECTION    NW (310)
  HIGHEST GUST SPEED    19   HIGHEST GUST DIRECTION    NW (310)
  AVERAGE WIND SPEED     6.5



WEATHER CONDITIONS
 THE FOLLOWING WEATHER WAS RECORDED TODAY.
  NO SIGNIFICANT WEATHER WAS OBSERVED.


RELATIVE HUMIDITY (PERCENT)
 HIGHEST    77           200 AM
 LOWEST     54           300 PM
 AVERAGE    66

..........................................................


THE TOPEKA KS CLIMATE NORMALS FOR TOMORROW
                         NORMAL    RECORD    YEAR
 MAXIMUM TEMPERATURE (F)   60        82      1924
 MINIMUM TEMPERATURE (F)   38        17      1959


SUNRISE AND SUNSET
NOVEMBER  4 2014......SUNRISE   653 AM CST   SUNSET   518 PM CST
NOVEMBER  5 2014......SUNRISE   654 AM CST   SUNSET   517 PM CST


-  INDICATES NEGATIVE NUMBERS.
R  INDICATES RECORD WAS SET OR TIED.
MM INDICATES DATA IS MISSING.
T  INDICATES TRACE AMOUNT.




$$
