000
CDUS43 KTOP 170638
CLITOP


CLIMATE REPORT
NATIONAL WEATHER SERVICE TOPEKA KS
137 AM CDT TUE MAR 17 2015


...................................

...THE TOPEKA KS CLIMATE SUMMARY FOR MARCH 16 2015...

CLIMATE NORMAL PERIOD 1981 TO 2010
CLIMATE RECORD PERIOD 1887 TO 2015


WEATHER ITEM   OBSERVED TIME   RECORD YEAR NORMAL DEPARTURE LAST
                VALUE   (LST)  VALUE       VALUE  FROM      YEAR
                                                  NORMAL
..................................................................
TEMPERATURE (F)
 YESTERDAY
  MAXIMUM         85R   401 PM  81    2012  57     28       44
  MINIMUM         44    255 AM   7    1900  33     11       27
  AVERAGE         65                        45     20       36

PRECIPITATION (IN)
  YESTERDAY        0.00          0.90 1946   0.08  -0.08      T
  MONTH TO DATE    T                         1.11  -1.11     0.45
  SINCE MAR 1      T                         1.11  -1.11     0.45
  SINCE JAN 1      1.99                      3.29  -1.30     2.11

SNOWFALL (IN)
  YESTERDAY        0.0           5.5  1893   0.0    0.0       T
  MONTH TO DATE    T                         1.0   -1.0      2.4
  SINCE JAN 1      7.9                      10.4   -2.5     21.3
  SINCE JUL 1     10.3                      16.9   -6.6     25.6
  SNOW DEPTH       0

DEGREE DAYS
 HEATING
  YESTERDAY        0                        20    -20       29
  MONTH TO DATE  310                       365    -55      420
  SINCE MAR 1    310                       365    -55      420
  SINCE JUL 1   4311                      4332    -21     4742

 COOLING
  YESTERDAY        0                         0      0        0
  MONTH TO DATE    0                         0      0        0
  SINCE MAR 1      0                         0      0        0
  SINCE JAN 1      0                         0      0        0
..................................................................


WIND (MPH)
  HIGHEST WIND SPEED    26   HIGHEST WIND DIRECTION     N (10)
  HIGHEST GUST SPEED    40   HIGHEST GUST DIRECTION     N (350)
  AVERAGE WIND SPEED    11.4


SKY COVER
  AVERAGE SKY COVER 0.0


WEATHER CONDITIONS
 THE FOLLOWING WEATHER WAS RECORDED YESTERDAY.
  NO SIGNIFICANT WEATHER WAS OBSERVED.


RELATIVE HUMIDITY (PERCENT)
 HIGHEST    77           700 AM
 LOWEST     15           200 PM
 AVERAGE    46

..........................................................


THE TOPEKA KS CLIMATE NORMALS FOR TODAY
                         NORMAL    RECORD    YEAR
 MAXIMUM TEMPERATURE (F)   57        82      1994
                                             1894
 MINIMUM TEMPERATURE (F)   34         8      1906


SUNRISE AND SUNSET
MARCH 17 2015.........SUNRISE   731 AM CDT   SUNSET   731 PM CDT
MARCH 18 2015.........SUNRISE   729 AM CDT   SUNSET   732 PM CDT


-  INDICATES NEGATIVE NUMBERS.
R  INDICATES RECORD WAS SET OR TIED.
MM INDICATES DATA IS MISSING.
T  INDICATES TRACE AMOUNT.




$$
