000
CDUS43 KTOP 160637
CLITOP


CLIMATE REPORT
NATIONAL WEATHER SERVICE TOPEKA KS
1233 AM CST WED NOV 16 2016


...................................

...THE TOPEKA KS CLIMATE SUMMARY FOR NOVEMBER 15 2016...

CLIMATE NORMAL PERIOD 1981 TO 2010
CLIMATE RECORD PERIOD 1887 TO 2016


WEATHER ITEM   OBSERVED TIME   RECORD YEAR NORMAL DEPARTURE LAST
                VALUE   (LST)  VALUE       VALUE  FROM      YEAR
                                                  NORMAL
..................................................................
TEMPERATURE (F)
 YESTERDAY
  MAXIMUM         73    319 PM  78    1950  55     18       61
                                      1899
                                      1887
  MINIMUM         36    632 AM   9    1940  33      3       48
  AVERAGE         55                        44     11       55

PRECIPITATION (IN)
  YESTERDAY        0.00          4.66 1964   0.06  -0.06     0.00
  MONTH TO DATE    0.06                      1.05  -0.99      T
  SINCE SEP 1      9.16                      7.74   1.42     8.33
  SINCE JAN 1     42.05                     34.31   7.74    41.57

SNOWFALL (IN)
  YESTERDAY        0.0           3.0  1932   0.0    0.0      0.0
  MONTH TO DATE    0.0                       0.2   -0.2      0.0
  SINCE JAN 1      3.7                      11.8   -8.1      7.9
  SINCE JUL 1      T                         0.5   -0.5      0.0
  SNOW DEPTH       0

DEGREE DAYS
 HEATING
  YESTERDAY       10                        21    -11       10
  MONTH TO DATE  157                       262   -105      167
  SINCE SEP 1    313                       616   -303      414
  SINCE JUL 1    313                       618   -305      414

 COOLING
  YESTERDAY        0                         0      0        0
  MONTH TO DATE    7                         0      7        0
  SINCE SEP 1    304                       192    112      318
  SINCE JAN 1   1705                      1420    285     1536
..................................................................


WIND (MPH)
  HIGHEST WIND SPEED    12   HIGHEST WIND DIRECTION    SW (210)
  HIGHEST GUST SPEED    15   HIGHEST GUST DIRECTION     S (190)
  AVERAGE WIND SPEED     2.3


SKY COVER
  AVERAGE SKY COVER 0.0


WEATHER CONDITIONS
 THE FOLLOWING WEATHER WAS RECORDED YESTERDAY.
  FOG


RELATIVE HUMIDITY (PERCENT)
 HIGHEST    92           100 AM
 LOWEST     35           300 PM
 AVERAGE    64

..........................................................


THE TOPEKA KS CLIMATE NORMALS FOR TODAY
                         NORMAL    RECORD    YEAR
 MAXIMUM TEMPERATURE (F)   54        79      1963
 MINIMUM TEMPERATURE (F)   33         8      1959
                                             1955
                                             1932


SUNRISE AND SUNSET
NOVEMBER 16 2016......SUNRISE   707 AM CST   SUNSET   507 PM CST
NOVEMBER 17 2016......SUNRISE   708 AM CST   SUNSET   507 PM CST


-  INDICATES NEGATIVE NUMBERS.
R  INDICATES RECORD WAS SET OR TIED.
MM INDICATES DATA IS MISSING.
T  INDICATES TRACE AMOUNT.




$$
