000
CDUS43 KTOP 030631
CLITOP


CLIMATE REPORT
NATIONAL WEATHER SERVICE TOPEKA KS
1231 AM CST SUN DEC 3 2017


...................................

...THE TOPEKA KS CLIMATE SUMMARY FOR DECEMBER 2 2017...

CLIMATE NORMAL PERIOD 1981 TO 2010
CLIMATE RECORD PERIOD 1887 TO 2017


WEATHER ITEM   OBSERVED TIME   RECORD YEAR NORMAL DEPARTURE LAST
                VALUE   (LST)  VALUE       VALUE  FROM      YEAR
                                                  NORMAL
..................................................................
TEMPERATURE (F)
 YESTERDAY
  MAXIMUM         64    355 PM  70    1956  46     18       51
                                      1889
  MINIMUM         29    746 AM   2    1985  26      3       19
  AVERAGE         47                        36     11       35

PRECIPITATION (IN)
  YESTERDAY        0.00          0.99 2003   0.06  -0.06     0.00
  MONTH TO DATE    0.00                      0.11  -0.11     0.00
  SINCE DEC 1      0.00                      0.11  -0.11     0.00
  SINCE JAN 1     38.29                     35.22   3.07    42.18

SNOWFALL (IN)
  YESTERDAY        0.0           2.0  1893   0.1   -0.1      0.0
  MONTH TO DATE    0.0                       0.2   -0.2      0.0
  SINCE JAN 1      3.9                      12.8   -8.9      3.7
  SINCE JUL 1      0.4                       1.5   -1.1       T
  SNOW DEPTH       0

DEGREE DAYS
 HEATING
  YESTERDAY       18                        29    -11       30
  MONTH TO DATE   40                        58    -18       60
  SINCE DEC 1     40                        58    -18       60
  SINCE JUL 1    863                      1052   -189      633

 COOLING
  YESTERDAY        0                         0      0        0
  MONTH TO DATE    0                         0      0        0
  SINCE DEC 1      0                         0      0        0
  SINCE JAN 1   1473                      1422     51     1711
..................................................................


WIND (MPH)
  HIGHEST WIND SPEED     7   HIGHEST WIND DIRECTION    NE (50)
  HIGHEST GUST SPEED     9   HIGHEST GUST DIRECTION    NE (60)
  AVERAGE WIND SPEED     1.2


SKY COVER
  AVERAGE SKY COVER 0.0


WEATHER CONDITIONS
 THE FOLLOWING WEATHER WAS RECORDED YESTERDAY.
  NO SIGNIFICANT WEATHER WAS OBSERVED.


RELATIVE HUMIDITY (PERCENT)
 HIGHEST   100           800 AM
 LOWEST     40           400 PM
 AVERAGE    70

..........................................................


THE TOPEKA KS CLIMATE NORMALS FOR TODAY
                         NORMAL    RECORD    YEAR
 MAXIMUM TEMPERATURE (F)   45        74      2012
 MINIMUM TEMPERATURE (F)   25         5      1893


SUNRISE AND SUNSET
DECEMBER  3 2017......SUNRISE   725 AM CST   SUNSET   500 PM CST
DECEMBER  4 2017......SUNRISE   726 AM CST   SUNSET   500 PM CST


-  INDICATES NEGATIVE NUMBERS.
R  INDICATES RECORD WAS SET OR TIED.
MM INDICATES DATA IS MISSING.
T  INDICATES TRACE AMOUNT.




$$
