360
CDUS43 KTOP 110642
CLITOP


CLIMATE REPORT
NATIONAL WEATHER SERVICE TOPEKA KS
142 AM CDT WED OCT 11 2017


...................................

...THE TOPEKA KS CLIMATE SUMMARY FOR OCTOBER 10 2017...

CLIMATE NORMAL PERIOD 1981 TO 2010
CLIMATE RECORD PERIOD 1887 TO 2017


WEATHER ITEM   OBSERVED TIME   RECORD YEAR NORMAL DEPARTURE LAST
                VALUE   (LST)  VALUE       VALUE  FROM      YEAR
                                                  NORMAL
..................................................................
TEMPERATURE (F)
 YESTERDAY
  MAXIMUM         52   1204 AM  95    1963  71    -19       70
  MINIMUM         45   1249 PM  27    1925  47     -2       54
  AVERAGE         49                        58     -9       62

PRECIPITATION (IN)
  YESTERDAY        T             3.82 1912   0.10  -0.10     0.13
  MONTH TO DATE    0.98                      1.10  -0.12     0.89
  SINCE SEP 1      2.76                      4.76  -2.00     8.67
  SINCE JAN 1     36.23                     31.33   4.90    41.56

SNOWFALL (IN)
  YESTERDAY        0.0           T    1932   0.0    0.0      0.0
  MONTH TO DATE    0.0                       0.0    0.0      0.0
  SINCE JAN 1      3.5                      11.3   -7.8      3.7
  SINCE JUL 1      T                         0.0    0.0       T
  SNOW DEPTH       0

DEGREE DAYS
 HEATING
  YESTERDAY       16                         8      8        3
  MONTH TO DATE   22                        65    -43       36
  SINCE SEP 1     35                       130    -95       56
  SINCE JUL 1     35                       132    -97       56

 COOLING
  YESTERDAY        0                         1     -1        0
  MONTH TO DATE   46                        16     30        9
  SINCE SEP 1    274                       181     93      253
  SINCE JAN 1   1464                      1409     55     1654
..................................................................


WIND (MPH)
  HIGHEST WIND SPEED    23   HIGHEST WIND DIRECTION     N (340)
  HIGHEST GUST SPEED    29   HIGHEST GUST DIRECTION     N (340)
  AVERAGE WIND SPEED    11.6


SKY COVER
  AVERAGE SKY COVER 1.0


WEATHER CONDITIONS
 THE FOLLOWING WEATHER WAS RECORDED YESTERDAY.
  THUNDERSTORM
  LIGHT RAIN


RELATIVE HUMIDITY (PERCENT)
 HIGHEST    92          1200 PM
 LOWEST     59          1200 AM
 AVERAGE    76

..........................................................


THE TOPEKA KS CLIMATE NORMALS FOR TODAY
                         NORMAL    RECORD    YEAR
 MAXIMUM TEMPERATURE (F)   70        94      1975
 MINIMUM TEMPERATURE (F)   46        31      1987
                                             1909


SUNRISE AND SUNSET
OCTOBER 11 2017.......SUNRISE   728 AM CDT   SUNSET   649 PM CDT
OCTOBER 12 2017.......SUNRISE   729 AM CDT   SUNSET   648 PM CDT


-  INDICATES NEGATIVE NUMBERS.
R  INDICATES RECORD WAS SET OR TIED.
MM INDICATES DATA IS MISSING.
T  INDICATES TRACE AMOUNT.




$$
