000
CDUS43 KTOP 290633
CLITOP


CLIMATE REPORT
NATIONAL WEATHER SERVICE TOPEKA KS
131 AM CDT SUN JUN 29 2014


...................................

...THE TOPEKA KS CLIMATE SUMMARY FOR JUNE 28 2014...

CLIMATE NORMAL PERIOD 1981 TO 2010
CLIMATE RECORD PERIOD 1887 TO 2014


WEATHER ITEM   OBSERVED TIME   RECORD YEAR NORMAL DEPARTURE LAST
                VALUE   (LST)  VALUE       VALUE  FROM      YEAR
                                                  NORMAL
..................................................................
TEMPERATURE (F)
 YESTERDAY
  MAXIMUM         84   1111 AM 106    2012  88     -4       89
                                      1936
  MINIMUM         70   1159 PM  52    1985  67      3       69
  AVERAGE         77                        77      0       79

PRECIPITATION (IN)
  YESTERDAY        0.14          2.53 1979   0.17  -0.03     0.00
  MONTH TO DATE    6.15                      5.07   1.08     3.15
  SINCE JUN 1      6.15                      5.07   1.08     3.15
  SINCE JAN 1     13.62                     18.18  -4.56    17.48

SNOWFALL (IN)
  YESTERDAY        0.0           T    1998   0.0    0.0      0.0
  MONTH TO DATE    0.0                       0.0    0.0      T
  SINCE JAN 1     23.1                      11.3   11.8     24.2
  SINCE JUL 1     27.4                      17.8    9.6     29.6
  SNOW DEPTH       0

DEGREE DAYS
 HEATING
  YESTERDAY        0                         0      0        0
  MONTH TO DATE    0                         6     -6        5
  SINCE JUN 1      0                         6     -6        5
  SINCE JUL 1   5440                      5019    421     4901

 COOLING
  YESTERDAY       12                        12      0       14
  MONTH TO DATE  305                       258     47      320
  SINCE JUN 1    305                       258     47      320
  SINCE JAN 1    522                       384    138      465
..................................................................


WIND (MPH)
  HIGHEST WIND SPEED    24   HIGHEST WIND DIRECTION     S (160)
  HIGHEST GUST SPEED    32   HIGHEST GUST DIRECTION    SE (150)
  AVERAGE WIND SPEED     9.6


SKY COVER
  AVERAGE SKY COVER 0.4


WEATHER CONDITIONS
 THE FOLLOWING WEATHER WAS RECORDED YESTERDAY.
  THUNDERSTORM
  RAIN
  LIGHT RAIN
  FOG


RELATIVE HUMIDITY (PERCENT)
 HIGHEST    90          1100 PM
 LOWEST     58          1100 AM
 AVERAGE    74

..........................................................


THE TOPEKA KS CLIMATE NORMALS FOR TODAY
                         NORMAL    RECORD    YEAR
 MAXIMUM TEMPERATURE (F)   88       106      1933
 MINIMUM TEMPERATURE (F)   67        50      1923


SUNRISE AND SUNSET
JUNE 29 2014..........SUNRISE   559 AM CDT   SUNSET   852 PM CDT
JUNE 30 2014..........SUNRISE   600 AM CDT   SUNSET   852 PM CDT


-  INDICATES NEGATIVE NUMBERS.
R  INDICATES RECORD WAS SET OR TIED.
MM INDICATES DATA IS MISSING.
T  INDICATES TRACE AMOUNT.




$$
