000
CDUS43 KTOP 220636
CLITOP


CLIMATE REPORT
NATIONAL WEATHER SERVICE TOPEKA KS
134 AM CDT FRI APR 22 2016


...................................

...THE TOPEKA KS CLIMATE SUMMARY FOR APRIL 21 2016...

CLIMATE NORMAL PERIOD 1981 TO 2010
CLIMATE RECORD PERIOD 1887 TO 2016


WEATHER ITEM   OBSERVED TIME   RECORD YEAR NORMAL DEPARTURE LAST
                VALUE   (LST)  VALUE       VALUE  FROM      YEAR
                                                  NORMAL
..................................................................
TEMPERATURE (F)
 YESTERDAY
  MAXIMUM         68    419 PM  89    1989  68      0       71
  MINIMUM         50   1104 PM  24    1966  46      4       38
  AVERAGE         59                        57      2       55

PRECIPITATION (IN)
  YESTERDAY        T             1.10 1954   0.11  -0.11     0.00
  MONTH TO DATE    2.55                      2.29   0.26     1.85
  SINCE MAR 1      4.85                      4.78   0.07     2.62
  SINCE JAN 1      6.12                      6.96  -0.84     4.61

SNOWFALL (IN)
  YESTERDAY        0.0           T    2001   0.0    0.0      0.0
  MONTH TO DATE    0.0                       0.3   -0.3      0.0
  SINCE JAN 1      3.7                      11.3   -7.6      7.9
  SINCE JUL 1      4.9                      17.8  -12.9     10.3
  SNOW DEPTH       0

DEGREE DAYS
 HEATING
  YESTERDAY        6                         9     -3       10
  MONTH TO DATE  169                       253    -84      145
  SINCE MAR 1    597                       881   -284      698
  SINCE JUL 1   3849                      4848   -999     4699

 COOLING
  YESTERDAY        0                         1     -1        0
  MONTH TO DATE    3                        14    -11        5
  SINCE MAR 1      6                        17    -11        5
  SINCE JAN 1      6                        17    -11        5
..................................................................


WIND (MPH)
  HIGHEST WIND SPEED    22   HIGHEST WIND DIRECTION    NW (310)
  HIGHEST GUST SPEED    30   HIGHEST GUST DIRECTION    NW (300)
  AVERAGE WIND SPEED     8.9


SKY COVER
  AVERAGE SKY COVER 0.6


WEATHER CONDITIONS
 THE FOLLOWING WEATHER WAS RECORDED YESTERDAY.
  LIGHT RAIN
  FOG


RELATIVE HUMIDITY (PERCENT)
 HIGHEST    96          1100 PM
 LOWEST     56           300 PM
 AVERAGE    76

..........................................................


THE TOPEKA KS CLIMATE NORMALS FOR TODAY
                         NORMAL    RECORD    YEAR
 MAXIMUM TEMPERATURE (F)   69        94      1953
 MINIMUM TEMPERATURE (F)   46        26      1986


SUNRISE AND SUNSET
APRIL 22 2016.........SUNRISE   635 AM CDT   SUNSET   807 PM CDT
APRIL 23 2016.........SUNRISE   634 AM CDT   SUNSET   808 PM CDT


-  INDICATES NEGATIVE NUMBERS.
R  INDICATES RECORD WAS SET OR TIED.
MM INDICATES DATA IS MISSING.
T  INDICATES TRACE AMOUNT.




$$
