000
CDUS43 KTOP 290634
CLITOP


CLIMATE REPORT
NATIONAL WEATHER SERVICE TOPEKA KS
1234 AM CST SUN JAN 29 2017


...................................

...THE TOPEKA KS CLIMATE SUMMARY FOR JANUARY 28 2017...

CLIMATE NORMAL PERIOD 1981 TO 2010
CLIMATE RECORD PERIOD 1887 TO 2017


WEATHER ITEM   OBSERVED TIME   RECORD YEAR NORMAL DEPARTURE LAST
                VALUE   (LST)  VALUE       VALUE  FROM      YEAR
                                                  NORMAL
..................................................................
TEMPERATURE (F)
 YESTERDAY
  MAXIMUM         50    413 PM  78    2015  41      9       55
  MINIMUM         29    745 AM -11    1948  20      9       28
  AVERAGE         40                        30     10       42

PRECIPITATION (IN)
  YESTERDAY        T             0.79 1989   0.03  -0.03     0.00
  MONTH TO DATE    1.28                      0.75   0.53     0.90
  SINCE DEC 1      2.33                      2.10   0.23     3.61
  SINCE JAN 1      1.28                      0.75   0.53     0.90

SNOWFALL (IN)
  YESTERDAY        0.0           2.3  2000   0.2   -0.2      0.0
  MONTH TO DATE    2.2                       4.4   -2.2      2.1
  SINCE JAN 1      2.2                       4.4   -2.2      2.1
  SINCE JUL 1      5.3                      10.9   -5.6      3.3
  SNOW DEPTH       0

DEGREE DAYS
 HEATING
  YESTERDAY       25                        35    -10       23
  MONTH TO DATE  907                       987    -80      990
  SINCE DEC 1   1966                      2010    -44     1761
  SINCE JUL 1   2539                      3004   -465     2497

 COOLING
  YESTERDAY        0                         0      0        0
  MONTH TO DATE    0                         0      0        0
  SINCE DEC 1      0                         0      0        0
  SINCE JAN 1      0                         0      0        0
..................................................................


WIND (MPH)
  HIGHEST WIND SPEED    21   HIGHEST WIND DIRECTION    NW (310)
  HIGHEST GUST SPEED    30   HIGHEST GUST DIRECTION     W (280)
  AVERAGE WIND SPEED    11.5


SKY COVER
  AVERAGE SKY COVER 0.3


WEATHER CONDITIONS
 THE FOLLOWING WEATHER WAS RECORDED YESTERDAY.
  LIGHT RAIN


RELATIVE HUMIDITY (PERCENT)
 HIGHEST    78           200 AM
 LOWEST     39           100 PM
 AVERAGE    59

..........................................................


THE TOPEKA KS CLIMATE NORMALS FOR TODAY
                         NORMAL    RECORD    YEAR
 MAXIMUM TEMPERATURE (F)   41        70      2013
 MINIMUM TEMPERATURE (F)   20        -9      1966


SUNRISE AND SUNSET
JANUARY 29 2017.......SUNRISE   731 AM CST   SUNSET   540 PM CST
JANUARY 30 2017.......SUNRISE   731 AM CST   SUNSET   542 PM CST


-  INDICATES NEGATIVE NUMBERS.
R  INDICATES RECORD WAS SET OR TIED.
MM INDICATES DATA IS MISSING.
T  INDICATES TRACE AMOUNT.




$$
