000
CDUS43 KTOP 150634
CLITOP


CLIMATE REPORT
NATIONAL WEATHER SERVICE TOPEKA KS
1233 AM CST SUN FEB 15 2015


...................................

...THE TOPEKA KS CLIMATE SUMMARY FOR FEBRUARY 14 2015...

CLIMATE NORMAL PERIOD 1981 TO 2010
CLIMATE RECORD PERIOD 1887 TO 2015


WEATHER ITEM   OBSERVED TIME   RECORD YEAR NORMAL DEPARTURE LAST
                VALUE   (LST)  VALUE       VALUE  FROM      YEAR
                                                  NORMAL
..................................................................
TEMPERATURE (F)
 YESTERDAY
  MAXIMUM         40   1102 AM  79    1954  45     -5       43
  MINIMUM         20   1159 PM  -8    1936  23     -3       17
  AVERAGE         30                        34     -4       30

PRECIPITATION (IN)
  YESTERDAY        0.00          0.61 2003   0.04  -0.04     0.00
  MONTH TO DATE    0.35                      0.61  -0.26     0.99
  SINCE DEC 1      3.74                      2.82   0.92     1.92
  SINCE JAN 1      1.47                      1.47   0.00     1.36

SNOWFALL (IN)
  YESTERDAY        0.0           5.2  1897   0.2   -0.2      0.0
  MONTH TO DATE    1.5                       2.6   -1.1     14.8
  SINCE JAN 1      2.9                       7.5   -4.6     18.7
  SINCE JUL 1      5.3                      14.0   -8.7     23.0
  SNOW DEPTH       0

DEGREE DAYS
 HEATING
  YESTERDAY       35                        31      4       35
  MONTH TO DATE  452                       458     -6      651
  SINCE DEC 1   2364                      2574   -210     2916
  SINCE JUL 1   3395                      3568   -173     3912

 COOLING
  YESTERDAY        0                         0      0        0
  MONTH TO DATE    0                         0      0        0
  SINCE DEC 1      0                         0      0        0
  SINCE JAN 1      0                         0      0        0
..................................................................


WIND (MPH)
  HIGHEST WIND SPEED    28   HIGHEST WIND DIRECTION     N (20)
  HIGHEST GUST SPEED    35   HIGHEST GUST DIRECTION     N (20)
  AVERAGE WIND SPEED    11.1


SKY COVER
  AVERAGE SKY COVER 0.2


WEATHER CONDITIONS
 THE FOLLOWING WEATHER WAS RECORDED YESTERDAY.
  NO SIGNIFICANT WEATHER WAS OBSERVED.


RELATIVE HUMIDITY (PERCENT)
 HIGHEST    92           400 AM
 LOWEST     25           300 PM
 AVERAGE    59

..........................................................


THE TOPEKA KS CLIMATE NORMALS FOR TODAY
                         NORMAL    RECORD    YEAR
 MAXIMUM TEMPERATURE (F)   45        72      1947
                                             1921
 MINIMUM TEMPERATURE (F)   24        -7      1936


SUNRISE AND SUNSET
FEBRUARY 15 2015......SUNRISE   714 AM CST   SUNSET   600 PM CST
FEBRUARY 16 2015......SUNRISE   713 AM CST   SUNSET   601 PM CST


-  INDICATES NEGATIVE NUMBERS.
R  INDICATES RECORD WAS SET OR TIED.
MM INDICATES DATA IS MISSING.
T  INDICATES TRACE AMOUNT.




$$
