000
CDUS43 KTOP 070638
CLITOP


CLIMATE REPORT
NATIONAL WEATHER SERVICE TOPEKA KS
1238 AM CST SUN DEC 7 2014


...................................

...THE TOPEKA KS CLIMATE SUMMARY FOR DECEMBER 6 2014...

CLIMATE NORMAL PERIOD 1981 TO 2010
CLIMATE RECORD PERIOD 1887 TO 2014


WEATHER ITEM   OBSERVED TIME   RECORD YEAR NORMAL DEPARTURE LAST
                VALUE   (LST)  VALUE       VALUE  FROM      YEAR
                                                  NORMAL
..................................................................
TEMPERATURE (F)
 YESTERDAY
  MAXIMUM         43    400 AM  77    1939  44     -1       19
  MINIMUM         36   1159 PM  -4    1950  24     12        8
  AVERAGE         40                        34      6       14

PRECIPITATION (IN)
  YESTERDAY        T             1.18 1998   0.05  -0.05     0.00
  MONTH TO DATE    1.04                      0.31   0.73     0.04
  SINCE DEC 1      1.04                      0.31   0.73     0.04
  SINCE JAN 1     29.92                     35.42  -5.50    33.49

SNOWFALL (IN)
  YESTERDAY        0.0           4.1  1891   0.1   -0.1      0.0
  MONTH TO DATE    0.0                       0.8   -0.8      0.2
  SINCE JAN 1     23.5                      13.4   10.1     24.4
  SINCE JUL 1      0.4                       2.1   -1.7      0.2
  SNOW DEPTH       0

DEGREE DAYS
 HEATING
  YESTERDAY       25                        31     -6       51
  MONTH TO DATE  178                       179     -1      193
  SINCE DEC 1    178                       179     -1      193
  SINCE JUL 1   1209                      1173     36     1189

 COOLING
  YESTERDAY        0                         0      0        0
  MONTH TO DATE    0                         0      0        0
  SINCE DEC 1      0                         0      0        0
  SINCE JAN 1   1611                      1422    189     1586
..................................................................


WIND (MPH)
  HIGHEST WIND SPEED    14   HIGHEST WIND DIRECTION     N (360)
  HIGHEST GUST SPEED    16   HIGHEST GUST DIRECTION     N (360)
  AVERAGE WIND SPEED     7.5


SKY COVER
  AVERAGE SKY COVER 1.0


WEATHER CONDITIONS
 THE FOLLOWING WEATHER WAS RECORDED YESTERDAY.
  FOG


RELATIVE HUMIDITY (PERCENT)
 HIGHEST    96          1200 AM
 LOWEST     85          1000 AM
 AVERAGE    91

..........................................................


THE TOPEKA KS CLIMATE NORMALS FOR TODAY
                         NORMAL    RECORD    YEAR
 MAXIMUM TEMPERATURE (F)   44        70      1894
 MINIMUM TEMPERATURE (F)   24        -1      1917


SUNRISE AND SUNSET
DECEMBER  7 2014......SUNRISE   728 AM CST   SUNSET   500 PM CST
DECEMBER  8 2014......SUNRISE   729 AM CST   SUNSET   500 PM CST


-  INDICATES NEGATIVE NUMBERS.
R  INDICATES RECORD WAS SET OR TIED.
MM INDICATES DATA IS MISSING.
T  INDICATES TRACE AMOUNT.




$$
