000
CDUS43 KTOP 120633
CLITOP


CLIMATE REPORT
NATIONAL WEATHER SERVICE TOPEKA KS
131 AM CDT TUE MAY 12 2015


...................................

...THE TOPEKA KS CLIMATE SUMMARY FOR MAY 11 2015...

CLIMATE NORMAL PERIOD 1981 TO 2010
CLIMATE RECORD PERIOD 1887 TO 2015


WEATHER ITEM   OBSERVED TIME   RECORD YEAR NORMAL DEPARTURE LAST
                VALUE   (LST)  VALUE       VALUE  FROM      YEAR
                                                  NORMAL
..................................................................
TEMPERATURE (F)
 YESTERDAY
  MAXIMUM         63    451 PM  95    2000  74    -11       88
  MINIMUM         43    552 AM  31    1981  53    -10       65
  AVERAGE         53                        64    -11       77

PRECIPITATION (IN)
  YESTERDAY        0.00          2.11 1929   0.16  -0.16      T
  MONTH TO DATE    2.06                      1.70   0.36     0.13
  SINCE MAR 1      5.23                      7.72  -2.49     4.31
  SINCE JAN 1      7.22                      9.90  -2.68     5.97

SNOWFALL (IN)
  YESTERDAY        0.0           T    1999   0.0    0.0      0.0
  MONTH TO DATE    0.0                       0.0    0.0       T
  SINCE JAN 1      7.9                      11.3   -3.4     23.1
  SINCE JUL 1     10.3                      17.8   -7.5     27.4
  SNOW DEPTH       0

DEGREE DAYS
 HEATING
  YESTERDAY       12                         4      8        0
  MONTH TO DATE   18                        54    -36       29
  SINCE MAR 1    799                      1004   -205     1051
  SINCE JUL 1   4800                      4971   -171     5373

 COOLING
  YESTERDAY        0                         2     -2       12
  MONTH TO DATE   34                        20     14       61
  SINCE MAR 1     39                        48     -9       84
  SINCE JAN 1     39                        48     -9       84
..................................................................


WIND (MPH)
  HIGHEST WIND SPEED    24   HIGHEST WIND DIRECTION     W (270)
  HIGHEST GUST SPEED    34   HIGHEST GUST DIRECTION     W (260)
  AVERAGE WIND SPEED    11.1


SKY COVER
  AVERAGE SKY COVER 0.2


WEATHER CONDITIONS
 THE FOLLOWING WEATHER WAS RECORDED YESTERDAY.
  NO SIGNIFICANT WEATHER WAS OBSERVED.


RELATIVE HUMIDITY (PERCENT)
 HIGHEST    71           200 AM
 LOWEST     39           600 PM
 AVERAGE    55

..........................................................


THE TOPEKA KS CLIMATE NORMALS FOR TODAY
                         NORMAL    RECORD    YEAR
 MAXIMUM TEMPERATURE (F)   75        93      1956
 MINIMUM TEMPERATURE (F)   53        34      1960


SUNRISE AND SUNSET
MAY 12 2015...........SUNRISE   613 AM CDT   SUNSET   826 PM CDT
MAY 13 2015...........SUNRISE   612 AM CDT   SUNSET   827 PM CDT


-  INDICATES NEGATIVE NUMBERS.
R  INDICATES RECORD WAS SET OR TIED.
MM INDICATES DATA IS MISSING.
T  INDICATES TRACE AMOUNT.




$$
