000
CDUS43 KTOP 260637
CLITOP


CLIMATE REPORT
NATIONAL WEATHER SERVICE TOPEKA KS
1233 AM CST TUE DEC 26 2017


...................................

...THE TOPEKA KS CLIMATE SUMMARY FOR DECEMBER 25 2017...

CLIMATE NORMAL PERIOD 1981 TO 2010
CLIMATE RECORD PERIOD 1887 TO 2017


WEATHER ITEM   OBSERVED TIME   RECORD YEAR NORMAL DEPARTURE LAST
                VALUE   (LST)  VALUE       VALUE  FROM      YEAR
                                                  NORMAL
..................................................................
TEMPERATURE (F)
 YESTERDAY
  MAXIMUM         27    310 PM  68    2016  40    -13       68
                                      1922
  MINIMUM         15   1159 PM -11    1983  21     -6       41
  AVERAGE         21                        30     -9       55

PRECIPITATION (IN)
  YESTERDAY        0.00          0.46 1941   0.03  -0.03     0.21
  MONTH TO DATE    0.28                      1.16  -0.88     1.05
  SINCE DEC 1      0.28                      1.16  -0.88     1.05
  SINCE JAN 1     38.57                     36.27   2.30    43.23

SNOWFALL (IN)
  YESTERDAY        0.0           4.1  2009   0.1   -0.1      0.0
  MONTH TO DATE    1.3                       4.0   -2.7      3.1
  SINCE JAN 1      5.2                      16.6  -11.4      6.8
  SINCE JUL 1      1.7                       5.3   -3.6      3.1
  SNOW DEPTH       T

DEGREE DAYS
 HEATING
  YESTERDAY       44                        35      9       10
  MONTH TO DATE  667                       813   -146      896
  SINCE DEC 1    667                       813   -146      896
  SINCE JUL 1   1490                      1807   -317     1469

 COOLING
  YESTERDAY        0                         0      0        0
  MONTH TO DATE    0                         0      0        0
  SINCE DEC 1      0                         0      0        0
  SINCE JAN 1   1473                      1422     51     1711
..................................................................


WIND (MPH)
  HIGHEST WIND SPEED    17   HIGHEST WIND DIRECTION     N (20)
  HIGHEST GUST SPEED    22   HIGHEST GUST DIRECTION     N (20)
  AVERAGE WIND SPEED     8.1


SKY COVER
  AVERAGE SKY COVER 0.5


WEATHER CONDITIONS
 THE FOLLOWING WEATHER WAS RECORDED YESTERDAY.
  NO SIGNIFICANT WEATHER WAS OBSERVED.


RELATIVE HUMIDITY (PERCENT)
 HIGHEST    84           800 AM
 LOWEST     50           100 PM
 AVERAGE    67

..........................................................


THE TOPEKA KS CLIMATE NORMALS FOR TODAY
                         NORMAL    RECORD    YEAR
 MAXIMUM TEMPERATURE (F)   40        67      2008
 MINIMUM TEMPERATURE (F)   21       -10      1962
                                             1892


SUNRISE AND SUNSET
DECEMBER 26 2017......SUNRISE   740 AM CST   SUNSET   506 PM CST
DECEMBER 27 2017......SUNRISE   741 AM CST   SUNSET   507 PM CST


-  INDICATES NEGATIVE NUMBERS.
R  INDICATES RECORD WAS SET OR TIED.
MM INDICATES DATA IS MISSING.
T  INDICATES TRACE AMOUNT.




$$
