000
CDUS43 KTOP 010631
CLITOP


CLIMATE REPORT
NATIONAL WEATHER SERVICE TOPEKA KS
1231 AM CST WED FEB 1 2017


...................................

...THE TOPEKA KS CLIMATE SUMMARY FOR JANUARY 31 2017...

CLIMATE NORMAL PERIOD 1981 TO 2010
CLIMATE RECORD PERIOD 1887 TO 2017


WEATHER ITEM   OBSERVED TIME   RECORD YEAR NORMAL DEPARTURE LAST
                VALUE   (LST)  VALUE       VALUE  FROM      YEAR
                                                  NORMAL
..................................................................
TEMPERATURE (F)
 YESTERDAY
  MAXIMUM         51    317 PM  73    2009  41     10       55
  MINIMUM         28    753 AM -14    1979  20      8       35
  AVERAGE         40                        31      9       45

PRECIPITATION (IN)
  YESTERDAY        0.00          1.04 2015   0.04  -0.04     0.00
  MONTH TO DATE    1.28                      0.86   0.42     0.90
  SINCE DEC 1      2.33                      2.21   0.12     3.61
  SINCE JAN 1      1.28                      0.86   0.42     0.90

SNOWFALL (IN)
  YESTERDAY        0.0           3.5  1959   0.2   -0.2      0.0
  MONTH TO DATE    2.2                       4.9   -2.7      2.1
  SINCE JAN 1      2.2                       4.9   -2.7      2.1
  SINCE JUL 1      5.3                      11.4   -6.1      3.3
  SNOW DEPTH       0

DEGREE DAYS
 HEATING
  YESTERDAY       25                        34     -9       20
  MONTH TO DATE  975                      1090   -115     1049
  SINCE DEC 1   2034                      2116    -82     1820
  SINCE JUL 1   2607                      3110   -503     2556

 COOLING
  YESTERDAY        0                         0      0        0
  MONTH TO DATE    0                         0      0        0
  SINCE DEC 1      0                         0      0        0
  SINCE JAN 1      0                         0      0        0
..................................................................


WIND (MPH)
  HIGHEST WIND SPEED    12   HIGHEST WIND DIRECTION     N (20)
  HIGHEST GUST SPEED    15   HIGHEST GUST DIRECTION    NE (30)
  AVERAGE WIND SPEED     3.6


SKY COVER
  AVERAGE SKY COVER 0.0


WEATHER CONDITIONS
 THE FOLLOWING WEATHER WAS RECORDED YESTERDAY.
  NO SIGNIFICANT WEATHER WAS OBSERVED.


RELATIVE HUMIDITY (PERCENT)
 HIGHEST    78           600 AM
 LOWEST     35           300 PM
 AVERAGE    57

..........................................................


THE TOPEKA KS CLIMATE NORMALS FOR TODAY
                         NORMAL    RECORD    YEAR
 MAXIMUM TEMPERATURE (F)   41        68      1911
 MINIMUM TEMPERATURE (F)   20       -23      1979


SUNRISE AND SUNSET
FEBRUARY  1 2017......SUNRISE   729 AM CST   SUNSET   544 PM CST
FEBRUARY  2 2017......SUNRISE   728 AM CST   SUNSET   545 PM CST


-  INDICATES NEGATIVE NUMBERS.
R  INDICATES RECORD WAS SET OR TIED.
MM INDICATES DATA IS MISSING.
T  INDICATES TRACE AMOUNT.




$$
