000
CDUS43 KTOP 282135
CLITOP


CLIMATE REPORT
NATIONAL WEATHER SERVICE TOPEKA KS
434 PM CDT MON AUG 28 2017


...................................

...THE TOPEKA KS CLIMATE SUMMARY FOR AUGUST 28 2017...
VALID TODAY AS OF 430 PM LOCAL TIME.

CLIMATE NORMAL PERIOD 1981 TO 2010
CLIMATE RECORD PERIOD 1887 TO 2017


WEATHER ITEM   OBSERVED TIME   RECORD YEAR NORMAL DEPARTURE LAST
                VALUE   (LST)  VALUE       VALUE  FROM      YEAR
                                                  NORMAL
..................................................................
TEMPERATURE (F)
 TODAY
  MAXIMUM         83    237 PM 107    2000  87     -4       90
  MINIMUM         60    607 AM  43    1891  64     -4       68
  AVERAGE         72                        75     -3       79

PRECIPITATION (IN)
  TODAY            0.00          1.39 1994   0.13  -0.13     0.00
  MONTH TO DATE    6.93                      3.84   3.09     4.51
  SINCE JUN 1     18.32                     13.06   5.26    12.26
  SINCE JAN 1     33.47                     26.17   7.30    31.57

SNOWFALL (IN)
  TODAY            0.0           0.0    MM   0.0    0.0      0.0
  MONTH TO DATE    0.0                       0.0    0.0      0.0
  SINCE JAN 1      3.5                      11.3   -7.8      3.7
  SINCE JUL 1      T                         0.0    0.0       T
  SNOW DEPTH       0

DEGREE DAYS
 HEATING
  TODAY            0                         0      0        0
  MONTH TO DATE    0                         0      0        0
  SINCE JUN 1      0                         8     -8        0
  SINCE JUL 1      0                         0      0        0

 COOLING
  TODAY            7                        10     -3       14
  MONTH TO DATE  239                       356   -117      361
  SINCE JUN 1   1047                      1072    -25     1274
  SINCE JAN 1   1176                      1198    -22     1366
..................................................................


WIND (MPH)
  HIGHEST WIND SPEED    15   HIGHEST WIND DIRECTION     N (360)
  HIGHEST GUST SPEED    19   HIGHEST GUST DIRECTION     N (360)
  AVERAGE WIND SPEED     3.9



WEATHER CONDITIONS
 THE FOLLOWING WEATHER WAS RECORDED TODAY.
  FOG
  FOG W/VISIBILITY <= 1/4 MILE


RELATIVE HUMIDITY (PERCENT)
 HIGHEST   100           100 AM
 LOWEST     49           300 PM
 AVERAGE    75

..........................................................


THE TOPEKA KS CLIMATE NORMALS FOR TOMORROW
                         NORMAL    RECORD    YEAR
 MAXIMUM TEMPERATURE (F)   87       110      1984
 MINIMUM TEMPERATURE (F)   64        41      1988


SUNRISE AND SUNSET
AUGUST 28 2017........SUNRISE   648 AM CDT   SUNSET   759 PM CDT
AUGUST 29 2017........SUNRISE   649 AM CDT   SUNSET   757 PM CDT


-  INDICATES NEGATIVE NUMBERS.
R  INDICATES RECORD WAS SET OR TIED.
MM INDICATES DATA IS MISSING.
T  INDICATES TRACE AMOUNT.




$$
