000
CDUS43 KTOP 160631
CLITOP


CLIMATE REPORT
NATIONAL WEATHER SERVICE TOPEKA KS
130 AM CDT MON MAR 16 2015


...................................

...THE TOPEKA KS CLIMATE SUMMARY FOR MARCH 15 2015...

CLIMATE NORMAL PERIOD 1981 TO 2010
CLIMATE RECORD PERIOD 1887 TO 2015


WEATHER ITEM   OBSERVED TIME   RECORD YEAR NORMAL DEPARTURE LAST
                VALUE   (LST)  VALUE       VALUE  FROM      YEAR
                                                  NORMAL
..................................................................
TEMPERATURE (F)
 YESTERDAY
  MAXIMUM         77    325 PM  87    2013  56     21       75
  MINIMUM         29    623 AM   5    1949  33     -4       33
  AVERAGE         53                        45      8       54

PRECIPITATION (IN)
  YESTERDAY        0.00          5.23 1919   0.07  -0.07     0.28
  MONTH TO DATE    T                         1.03  -1.03     0.45
  SINCE MAR 1      T                         1.03  -1.03     0.45
  SINCE JAN 1      1.99                      3.21  -1.22     2.11

SNOWFALL (IN)
  YESTERDAY        0.0           5.2  1960   0.1   -0.1      0.0
  MONTH TO DATE    T                         1.0   -1.0      2.4
  SINCE JAN 1      7.9                      10.4   -2.5     21.3
  SINCE JUL 1     10.3                      16.9   -6.6     25.6
  SNOW DEPTH       0

DEGREE DAYS
 HEATING
  YESTERDAY       12                        20     -8       11
  MONTH TO DATE  310                       345    -35      391
  SINCE MAR 1    310                       345    -35      391
  SINCE JUL 1   4311                      4312     -1     4713

 COOLING
  YESTERDAY        0                         0      0        0
  MONTH TO DATE    0                         0      0        0
  SINCE MAR 1      0                         0      0        0
  SINCE JAN 1      0                         0      0        0
..................................................................


WIND (MPH)
  HIGHEST WIND SPEED    17   HIGHEST WIND DIRECTION    SW (210)
  HIGHEST GUST SPEED    25   HIGHEST GUST DIRECTION    SW (210)
  AVERAGE WIND SPEED     5.9


SKY COVER
  AVERAGE SKY COVER 0.0


WEATHER CONDITIONS
 THE FOLLOWING WEATHER WAS RECORDED YESTERDAY.
  FOG


RELATIVE HUMIDITY (PERCENT)
 HIGHEST    92           600 AM
 LOWEST     14           500 PM
 AVERAGE    53

..........................................................


THE TOPEKA KS CLIMATE NORMALS FOR TODAY
                         NORMAL    RECORD    YEAR
 MAXIMUM TEMPERATURE (F)   57        81      2012
 MINIMUM TEMPERATURE (F)   33         7      1900


SUNRISE AND SUNSET
MARCH 16 2015.........SUNRISE   733 AM CDT   SUNSET   730 PM CDT
MARCH 17 2015.........SUNRISE   731 AM CDT   SUNSET   731 PM CDT


-  INDICATES NEGATIVE NUMBERS.
R  INDICATES RECORD WAS SET OR TIED.
MM INDICATES DATA IS MISSING.
T  INDICATES TRACE AMOUNT.




$$
