000
CDUS43 KTOP 110640
CLITOP


CLIMATE REPORT
NATIONAL WEATHER SERVICE TOPEKA KS
139 AM CDT MON AUG 11 2014


...................................

...THE TOPEKA KS CLIMATE SUMMARY FOR AUGUST 10 2014...

CLIMATE NORMAL PERIOD 1981 TO 2010
CLIMATE RECORD PERIOD 1887 TO 2014


WEATHER ITEM   OBSERVED TIME   RECORD YEAR NORMAL DEPARTURE LAST
                VALUE   (LST)  VALUE       VALUE  FROM      YEAR
                                                  NORMAL
..................................................................
TEMPERATURE (F)
 YESTERDAY
  MAXIMUM         85   1250 PM 112    1934  89     -4       85
  MINIMUM         68   1158 PM  51    1989  67      1       61
  AVERAGE         77                        78     -1       73

PRECIPITATION (IN)
  YESTERDAY        0.48          4.92 1921   0.14   0.34     0.00
  MONTH TO DATE    2.23                      1.34   0.89     4.08
  SINCE JUN 1      9.41                     10.56  -1.15     9.01
  SINCE JAN 1     16.88                     23.67  -6.79    23.34

SNOWFALL (IN)
  YESTERDAY        0.0           T    1921   0.0    0.0      0.0
  MONTH TO DATE    T                         0.0    0.0      0.0
  SINCE JAN 1     23.1                      11.3   11.8     24.2
  SINCE JUL 1      T                         0.0    0.0      0.0
  SNOW DEPTH       0

DEGREE DAYS
 HEATING
  YESTERDAY        0                         0      0        0
  MONTH TO DATE    0                         0      0        0
  SINCE JUN 1      0                         8     -8        5
  SINCE JUL 1      0                         0      0        0

 COOLING
  YESTERDAY       12                        13     -1        8
  MONTH TO DATE  151                       139     12      112
  SINCE JUN 1    857                       855      2      873
  SINCE JAN 1   1074                       981     93     1018
..................................................................


WIND (MPH)
  HIGHEST WIND SPEED    21   HIGHEST WIND DIRECTION     N (350)
  HIGHEST GUST SPEED    25   HIGHEST GUST DIRECTION     N (360)
  AVERAGE WIND SPEED     5.1


SKY COVER
  AVERAGE SKY COVER 0.4


WEATHER CONDITIONS
 THE FOLLOWING WEATHER WAS RECORDED YESTERDAY.
  THUNDERSTORM
  HEAVY RAIN
  RAIN
  LIGHT RAIN
  FOG


RELATIVE HUMIDITY (PERCENT)
 HIGHEST   100           500 AM
 LOWEST     55           100 PM
 AVERAGE    78

..........................................................


THE TOPEKA KS CLIMATE NORMALS FOR TODAY
                         NORMAL    RECORD    YEAR
 MAXIMUM TEMPERATURE (F)   89       110      1934
 MINIMUM TEMPERATURE (F)   67        51      2004


SUNRISE AND SUNSET
AUGUST 11 2014........SUNRISE   632 AM CDT   SUNSET   823 PM CDT
AUGUST 12 2014........SUNRISE   633 AM CDT   SUNSET   821 PM CDT


-  INDICATES NEGATIVE NUMBERS.
R  INDICATES RECORD WAS SET OR TIED.
MM INDICATES DATA IS MISSING.
T  INDICATES TRACE AMOUNT.




$$
