000
CDUS43 KTOP 240633
CLITOP


CLIMATE REPORT
NATIONAL WEATHER SERVICE TOPEKA KS
132 AM CDT SUN APR 24 2016


...................................

...THE TOPEKA KS CLIMATE SUMMARY FOR APRIL 23 2016...

CLIMATE NORMAL PERIOD 1981 TO 2010
CLIMATE RECORD PERIOD 1887 TO 2016


WEATHER ITEM   OBSERVED TIME   RECORD YEAR NORMAL DEPARTURE LAST
                VALUE   (LST)  VALUE       VALUE  FROM      YEAR
                                                  NORMAL
..................................................................
TEMPERATURE (F)
 YESTERDAY
  MAXIMUM         80    417 PM  92    1939  69     11       65
  MINIMUM         48    531 AM  30    1982  46      2       40
                                      1956
  AVERAGE         64                        58      6       53

PRECIPITATION (IN)
  YESTERDAY        0.00          1.22 2003   0.13  -0.13     0.00
  MONTH TO DATE    2.55                      2.55   0.00     1.85
  SINCE MAR 1      4.85                      5.04  -0.19     2.62
  SINCE JAN 1      6.12                      7.22  -1.10     4.61

SNOWFALL (IN)
  YESTERDAY        0.0           T    1970   0.0    0.0      0.0
  MONTH TO DATE    0.0                       0.3   -0.3      0.0
  SINCE JAN 1      3.7                      11.3   -7.6      7.9
  SINCE JUL 1      4.9                      17.8  -12.9     10.3
  SNOW DEPTH       0

DEGREE DAYS
 HEATING
  YESTERDAY        1                         9     -8       12
  MONTH TO DATE  175                       271    -96      174
  SINCE MAR 1    603                       899   -296      727
  SINCE JUL 1   3855                      4866  -1011     4728

 COOLING
  YESTERDAY        0                         1     -1        0
  MONTH TO DATE    3                        16    -13        5
  SINCE MAR 1      6                        19    -13        5
  SINCE JAN 1      6                        19    -13        5
..................................................................


WIND (MPH)
  HIGHEST WIND SPEED    22   HIGHEST WIND DIRECTION    SE (150)
  HIGHEST GUST SPEED    27   HIGHEST GUST DIRECTION     S (160)
  AVERAGE WIND SPEED     9.3


SKY COVER
  AVERAGE SKY COVER 0.0


WEATHER CONDITIONS
 THE FOLLOWING WEATHER WAS RECORDED YESTERDAY.
  FOG


RELATIVE HUMIDITY (PERCENT)
 HIGHEST    93           500 AM
 LOWEST     36           300 PM
 AVERAGE    65

..........................................................


THE TOPEKA KS CLIMATE NORMALS FOR TODAY
                         NORMAL    RECORD    YEAR
 MAXIMUM TEMPERATURE (F)   69        94      1989
 MINIMUM TEMPERATURE (F)   47        28      1967
                                             1956


SUNRISE AND SUNSET
APRIL 24 2016.........SUNRISE   633 AM CDT   SUNSET   809 PM CDT
APRIL 25 2016.........SUNRISE   631 AM CDT   SUNSET   810 PM CDT


-  INDICATES NEGATIVE NUMBERS.
R  INDICATES RECORD WAS SET OR TIED.
MM INDICATES DATA IS MISSING.
T  INDICATES TRACE AMOUNT.




$$
