253
CDUS43 KTOP 170631
CLITOP


CLIMATE REPORT
NATIONAL WEATHER SERVICE TOPEKA KS
131 AM CDT FRI MAR 17 2017


...................................

...THE TOPEKA KS CLIMATE SUMMARY FOR MARCH 16 2017...

CLIMATE NORMAL PERIOD 1981 TO 2010
CLIMATE RECORD PERIOD 1887 TO 2017


WEATHER ITEM   OBSERVED TIME   RECORD YEAR NORMAL DEPARTURE LAST
                VALUE   (LST)  VALUE       VALUE  FROM      YEAR
                                                  NORMAL
..................................................................
TEMPERATURE (F)
 YESTERDAY
  MAXIMUM         71    443 PM  85    2015  57     14       63
  MINIMUM         31    551 AM   7    1900  33     -2       37
  AVERAGE         51                        45      6       50

PRECIPITATION (IN)
  YESTERDAY        0.00          0.90 1946   0.08  -0.08     0.00
  MONTH TO DATE    0.34                      1.11  -0.77     1.81
  SINCE MAR 1      0.34                      1.11  -0.77     1.81
  SINCE JAN 1      1.73                      3.29  -1.56     3.08

SNOWFALL (IN)
  YESTERDAY        0.0           5.5  1893   0.0    0.0      0.0
  MONTH TO DATE    1.3                       1.0    0.3       T
  SINCE JAN 1      3.5                      10.4   -6.9      2.3
  SINCE JUL 1      6.6                      16.9  -10.3      3.5
  SNOW DEPTH       0

DEGREE DAYS
 HEATING
  YESTERDAY       14                        20     -6       15
  MONTH TO DATE  343                       365    -22      192
  SINCE MAR 1    343                       365    -22      192
  SINCE JUL 1   3524                      4332   -808     3444

 COOLING
  YESTERDAY        0                         0      0        0
  MONTH TO DATE    0                         0      0        3
  SINCE MAR 1      0                         0      0        3
  SINCE JAN 1      0                         0      0        3
..................................................................


WIND (MPH)
  HIGHEST WIND SPEED    23   HIGHEST WIND DIRECTION     S (180)
  HIGHEST GUST SPEED    30   HIGHEST GUST DIRECTION     S (180)
  AVERAGE WIND SPEED    12.2


SKY COVER
  AVERAGE SKY COVER 0.0


WEATHER CONDITIONS
 THE FOLLOWING WEATHER WAS RECORDED YESTERDAY.
  NO SIGNIFICANT WEATHER WAS OBSERVED.


RELATIVE HUMIDITY (PERCENT)
 HIGHEST    80          1100 PM
 LOWEST     44           300 PM
 AVERAGE    62

..........................................................


THE TOPEKA KS CLIMATE NORMALS FOR TODAY
                         NORMAL    RECORD    YEAR
 MAXIMUM TEMPERATURE (F)   57        82      1994
                                             1894
 MINIMUM TEMPERATURE (F)   34         8      1906


SUNRISE AND SUNSET
MARCH 17 2017.........SUNRISE   730 AM CDT   SUNSET   732 PM CDT
MARCH 18 2017.........SUNRISE   729 AM CDT   SUNSET   733 PM CDT


-  INDICATES NEGATIVE NUMBERS.
R  INDICATES RECORD WAS SET OR TIED.
MM INDICATES DATA IS MISSING.
T  INDICATES TRACE AMOUNT.




$$
