000
CDUS43 KTOP 280641
CLITOP


CLIMATE REPORT
NATIONAL WEATHER SERVICE TOPEKA KS
141 AM CDT FRI MAR 28 2014


...................................

...THE TOPEKA KS CLIMATE SUMMARY FOR MARCH 27 2014...

CLIMATE NORMAL PERIOD 1981 TO 2010
CLIMATE RECORD PERIOD 1887 TO 2014


WEATHER ITEM   OBSERVED TIME   RECORD YEAR NORMAL DEPARTURE LAST
                VALUE   (LST)  VALUE       VALUE  FROM      YEAR
                                                  NORMAL
..................................................................
TEMPERATURE (F)
 YESTERDAY
  MAXIMUM         75    120 PM  87    1895  61     14       53
  MINIMUM         38   1159 PM  15    1913  37      1       28
  AVERAGE         57                        49      8       41

PRECIPITATION (IN)
  YESTERDAY        T             2.39 1905   0.10  -0.10     0.00
  MONTH TO DATE    0.73                      2.08  -1.35     1.98
  SINCE MAR 1      0.73                      2.08  -1.35     1.98
  SINCE JAN 1      2.39                      4.26  -1.87     4.42

SNOWFALL (IN)
  YESTERDAY        0.0           1.3  1970   0.1   -0.1      0.0
  MONTH TO DATE    4.1                       1.5    2.6      7.9
  SINCE JAN 1     23.0                      10.9   12.1     23.9
  SINCE JUL 1     27.3                      17.4    9.9     29.3
  SNOW DEPTH       0

DEGREE DAYS
 HEATING
  YESTERDAY        8                        17     -9       24
  MONTH TO DATE  653                       565     88      724
  SINCE MAR 1    653                       565     88      724
  SINCE JUL 1   4975                      4532    443     4281

 COOLING
  YESTERDAY        0                         0      0        0
  MONTH TO DATE    0                         0      0        0
  SINCE MAR 1      0                         0      0        0
  SINCE JAN 1      0                         0      0        0
..................................................................


WIND (MPH)
  HIGHEST WIND SPEED    32   HIGHEST WIND DIRECTION    SW (210)
  HIGHEST GUST SPEED    49   HIGHEST GUST DIRECTION    SW (220)
  AVERAGE WIND SPEED    18.7


SKY COVER
  AVERAGE SKY COVER 0.7


WEATHER CONDITIONS
 THE FOLLOWING WEATHER WAS RECORDED YESTERDAY.
  THUNDERSTORM
  LIGHT RAIN
  FOG
  HAZE


RELATIVE HUMIDITY (PERCENT)
 HIGHEST    89           100 AM
 LOWEST     44           400 PM
 AVERAGE    67

..........................................................


THE TOPEKA KS CLIMATE NORMALS FOR TODAY
                         NORMAL    RECORD    YEAR
 MAXIMUM TEMPERATURE (F)   61        91      1895
 MINIMUM TEMPERATURE (F)   37        16      1899


SUNRISE AND SUNSET
MARCH 28 2014.........SUNRISE   713 AM CDT   SUNSET   742 PM CDT
MARCH 29 2014.........SUNRISE   712 AM CDT   SUNSET   743 PM CDT


-  INDICATES NEGATIVE NUMBERS.
R  INDICATES RECORD WAS SET OR TIED.
MM INDICATES DATA IS MISSING.
T  INDICATES TRACE AMOUNT.




$$
